CREATE TABLE `cxcmcpagos` (
  `codpag` varchar(10) NOT NULL,
  `codaso` varchar(10) NOT NULL,
  `fecpag` datetime NOT NULL,
  `codtippag` varchar(1) NOT NULL,
  `montotpag` double NOT NULL,
  PRIMARY KEY  (`codpag`)
) ENGINE=InnoDB DEFAULT CHARSET=latin1;

--
-- Dumping data for table `cxcmcpagos`
--

INSERT INTO `cxcmcpagos` (`codpag`,`codaso`,`fecpag`,`codtippag`,`montotpag`) VALUES 
 ('0000000001','0000000061','2008-01-06 18:06:42','T',350),
 ('0000000002','0000000009','2008-01-07 09:37:40','T',120),
 ('0000000003','0000000009','2008-01-07 09:40:15','T',30),
 ('0000000004','0000000008','2008-01-08 03:05:35','T',1);


--
-- Definition of table `cxcmcuentasxcobrar`
--

CREATE TABLE `cxcmcuentasxcobrar` (
  `codcxc` varchar(10) NOT NULL default '',
  `codaso` varchar(10) NOT NULL,
  `codcon` varchar(3) NOT NULL,
  `moncon` double default NULL,
  `fecven` date NOT NULL,
  `fecreg` datetime default NULL,
  `fecpag` datetime default NULL,
  `stapag` varchar(1) default NULL,
  `monparpag` double NOT NULL,
  PRIMARY KEY  (`codcxc`),
  KEY `codaso` (`codaso`)
) ENGINE=InnoDB DEFAULT CHARSET=latin1;

--
-- Dumping data for table `cxcmcuentasxcobrar`
--

INSERT INTO `cxcmcuentasxcobrar` (`codcxc`,`codaso`,`codcon`,`moncon`,`fecven`,`fecreg`,`fecpag`,`stapag`,`monparpag`) VALUES 
 ('0000000001','0000000061','002',200,'2008-01-30','2008-01-04 16:58:50','2008-01-06 18:06:42','S',200),
 ('0000000002','0000000008','003',1,'2008-01-17','2008-01-04 20:22:08','2008-01-08 03:05:35','S',1),
 ('0000000003','0000000061','002',200,'2008-01-16','2008-01-05 15:09:44','0000-00-00 00:00:00','N',150),
 ('0000000004','0000000009','001',50,'2008-01-09','2008-01-07 09:33:57','2008-01-07 09:37:40','S',50),
 ('0000000005','0000000009','002',200,'2008-01-10','2008-01-07 09:35:54','0000-00-00 00:00:00','N',100);


--
-- Definition of table `cxcmdpagos`
--

CREATE TABLE `cxcmdpagos` (
  `codpag` varchar(10) NOT NULL,
  `codcxc` varchar(10) NOT NULL,
  `monpag` double NOT NULL,
  KEY `codcxc` (`codcxc`),
  KEY `codpag` (`codpag`)
) ENGINE=InnoDB DEFAULT CHARSET=latin1;

--
-- Dumping data for table `cxcmdpagos`
--

INSERT INTO `cxcmdpagos` (`codpag`,`codcxc`,`monpag`) VALUES 
 ('0000000001','0000000001',200),
 ('0000000001','0000000003',150),
 ('0000000002','0000000004',50),
 ('0000000002','0000000005',70),
 ('0000000003','0000000005',30),
 ('0000000004','0000000002',1);


--
-- Definition of table `cxcmdpagosformapago`
--

CREATE TABLE `cxcmdpagosformapago` (
  `codpag` varchar(10) NOT NULL,
  `numdetpag` varchar(20) NOT NULL,
  `codban` varchar(3) NOT NULL,
  `mondetpag` double NOT NULL,
  `codforpag` varchar(1) NOT NULL
) ENGINE=InnoDB DEFAULT CHARSET=latin1;

--
-- Dumping data for table `cxcmdpagosformapago`
--

INSERT INTO `cxcmdpagosformapago` (`codpag`,`numdetpag`,`codban`,`mondetpag`,`codforpag`) VALUES 
 ('0000000001','45454','--',300,'H'),
 ('0000000001','','--',50,'E'),
 ('0000000002','','--',80,'E'),
 ('0000000002','','--',40,'C'),
 ('0000000003','11233','001',30,'H'),
 ('0000000004','','--',1,'E');


--
-- Definition of table `cxctbancos`
--

CREATE TABLE `cxctbancos` (
  `codban` varchar(3) NOT NULL,
  `nomban` varchar(40) default NULL,
  PRIMARY KEY  (`codban`)
) ENGINE=InnoDB DEFAULT CHARSET=latin1;

--
-- Dumping data for table `cxctbancos`
--

INSERT INTO `cxctbancos` (`codban`,`nomban`) VALUES 
 ('001','Provincial'),
 ('002','Mercantil'),
 ('003','Venezuela'),
 ('004','Federal'),
 ('005','Banesco'),
 ('006','Nacional de Credito'),
 ('007','Corp Banca'),
 ('008','Caribe'),
 ('009','Casa Propia'),
 ('010','Exterior'),
 ('011','Confederado');


--
-- Definition of table `cxctconceptos`
--

CREATE TABLE `cxctconceptos` (
  `codcon` varchar(3) NOT NULL,
  `nomcon` varchar(50) NOT NULL,
  `stamonusu` varchar(2) NOT NULL,
  `moncon` double NOT NULL,
  `feccobcon` varchar(10) default NULL,
  `stacobaut` varchar(2) NOT NULL,
  `staregsis` varchar(2) NOT NULL,
  `frecob` varchar(15) default NULL,
  `mescob` varchar(2) NOT NULL,
  `stapor` varchar(2) NOT NULL,
  PRIMARY KEY  (`codcon`)
) ENGINE=InnoDB DEFAULT CHARSET=latin1;

--
-- Dumping data for table `cxctconceptos`
--

INSERT INTO `cxctconceptos` (`codcon`,`nomcon`,`stamonusu`,`moncon`,`feccobcon`,`stacobaut`,`staregsis`,`frecob`,`mescob`,`stapor`) VALUES 
 ('001','Membresia','NO',50,'01','SI','SI','Anual','01','NO'),
 ('002','Fondo Retiro','NO',200,'01','SI','SI','Anual','01','NO'),
 ('003','Porcentaje de consumo tarjeta SVC','NO',1,'--','SI','SI','--','--','SI'),
 ('004','Saldo Inicial','SI',0,'--','NO','SI','--','--','NO');


--
-- Definition of table `cxctformaspago`
--

CREATE TABLE `cxctformaspago` (
  `codforpag` varchar(1) NOT NULL,
  `nomforpag` varchar(20) NOT NULL,
  PRIMARY KEY  (`codforpag`)
) ENGINE=InnoDB DEFAULT CHARSET=latin1;

--
-- Dumping data for table `cxctformaspago`
--

INSERT INTO `cxctformaspago` (`codforpag`,`nomforpag`) VALUES 
 ('C','Tarjeta Credito'),
 ('D','Tarjeta Debito'),
 ('E','Efectivo'),
 ('H','Cheque');


--
-- Definition of table `cxcttipopagos`
--

CREATE TABLE `cxcttipopagos` (
  `codtippag` varchar(1) NOT NULL,
  `nomtippag` varchar(12) NOT NULL,
  PRIMARY KEY  (`codtippag`)
) ENGINE=InnoDB DEFAULT CHARSET=latin1;

--
-- Dumping data for table `cxcttipopagos`
--

INSERT INTO `cxcttipopagos` (`codtippag`,`nomtippag`) VALUES 
 ('I','Internet'),
 ('T','Taquilla');


--
-- Definition of table `gevmceventos`
--

CREATE TABLE `gevmceventos` (
  `codeve` varchar(10) NOT NULL,
  `nomeve` varchar(100) NOT NULL,
  `fecdes` date NOT NULL,
  `fechas` date NOT NULL,
  `staeve` varchar(2) NOT NULL,
  `canpondia` int(11) NOT NULL,
  `codciu` varchar(3) NOT NULL,
  PRIMARY KEY  (`codeve`)
) ENGINE=InnoDB DEFAULT CHARSET=latin1;

--
-- Dumping data for table `gevmceventos`
--

INSERT INTO `gevmceventos` (`codeve`,`nomeve`,`fecdes`,`fechas`,`staeve`,`canpondia`,`codciu`) VALUES 
 ('0000000001','XLIV CONGRESO VENEZOLANO DE CARDIOLOGIA','2011-08-04','2011-08-07','NO',5,'001');


--
-- Definition of table `gevmcfacturas`
--

CREATE TABLE `gevmcfacturas` (
  `codfac` varchar(10) NOT NULL,
  `fecfac` date NOT NULL,
  `codpat` varchar(4) default NULL,
  `monfac` double NOT NULL,
  `poriva` double NOT NULL,
  `codcli` varchar(10) NOT NULL,
  `staanu` varchar(1) NOT NULL,
  PRIMARY KEY  (`codfac`)
) ENGINE=InnoDB DEFAULT CHARSET=latin1;

--
-- Dumping data for table `gevmcfacturas`
--



--
-- Definition of table `gevmdeventos`
--

CREATE TABLE `gevmdeventos` (
  `codeve` varchar(10) NOT NULL,
  `codarehot` varchar(4) default NULL,
  `fechorini` datetime NOT NULL,
  `fechorfin` datetime NOT NULL,
  `codpat` varchar(4) NOT NULL,
  `codtippon` varchar(2) NOT NULL,
  `codevepon` varchar(10) NOT NULL,
  `nomtempon` text,
  `numfil` int(11) NOT NULL,
  `codeveact` varchar(10) NOT NULL,
  `codtipres` varchar(1) NOT NULL,
  PRIMARY KEY  (`codevepon`)
) ENGINE=InnoDB DEFAULT CHARSET=latin1;

--
-- Dumping data for table `gevmdeventos`
--



--
-- Definition of table `gevmdeventosactividades`
--

CREATE TABLE `gevmdeventosactividades` (
  `codeveact` varchar(10) NOT NULL,
  `codeve` varchar(10) NOT NULL,
  `codponcor` varchar(5) default NULL,
  `nomact` text NOT NULL,
  `codarehot` varchar(4) NOT NULL,
  `feceveact` date default NULL,
  `codclaact` varchar(2) NOT NULL,
  PRIMARY KEY  (`codeveact`)
) ENGINE=InnoDB DEFAULT CHARSET=latin1;

--
-- Dumping data for table `gevmdeventosactividades`
--



--
-- Definition of table `gevmdeventoshotel`
--

CREATE TABLE `gevmdeventoshotel` (
  `codeve` varchar(10) NOT NULL,
  `codhot` varchar(3) NOT NULL,
  `codtiphot` varchar(1) NOT NULL,
  `numhabsim` tinyint(4) NOT NULL,
  `numhabdob` tinyint(4) NOT NULL,
  `numhabtri` tinyint(4) NOT NULL,
  `numhabmat` tinyint(4) NOT NULL
) ENGINE=InnoDB DEFAULT CHARSET=latin1;

--
-- Dumping data for table `gevmdeventoshotel`
--

INSERT INTO `gevmdeventoshotel` (`codeve`,`codhot`,`codtiphot`,`numhabsim`,`numhabdob`,`numhabtri`,`numhabmat`) VALUES 
 ('0000000001','020','1',0,0,0,0);


--
-- Definition of table `gevmdeventosparticipantes`
--

CREATE TABLE `gevmdeventosparticipantes` (
  `codevepar` varchar(10) NOT NULL,
  `codeve` varchar(10) NOT NULL,
  `codpat` varchar(4) default NULL,
  `emaper` varchar(40) NOT NULL,
  `fecpre` date NOT NULL,
  `stasolsvc` varchar(1) default NULL,
  `codtippar` varchar(2) NOT NULL,
  `codpar` varchar(10) NOT NULL,
  `stapattra` varchar(1) NOT NULL,
  `stapathos` varchar(1) NOT NULL,
  `stapatinc` varchar(1) NOT NULL,
  `stainc` varchar(1) NOT NULL,
  `stafac` varchar(1) NOT NULL,
  `tippre` varchar(1) NOT NULL,
  `logusu` varchar(10) NOT NULL,
  `monevepar` double NOT NULL,
  `codparpar` varchar(2) NOT NULL,
  `codfac` varchar(10) NOT NULL,
  `codhot` varchar(3) NOT NULL,
  `stavue` varchar(1) NOT NULL,
  `fecvue` datetime NOT NULL,
  `nomvue` varchar(30) NOT NULL,
  `viaaco` varchar(1) NOT NULL,
  `staexo` varchar(1) NOT NULL,
  `staentmat` varchar(1) NOT NULL,
  `staimpcer` varchar(1) NOT NULL,
  `monefe` double NOT NULL,
  `mondep` double NOT NULL,
  `codcuedep` varchar(2) NOT NULL,
  `montardeb` double NOT NULL,
  `numtardeb` varchar(20) NOT NULL,
  `montarcre` double NOT NULL,
  `numtarcre` varchar(20) NOT NULL,
  `monche` double NOT NULL,
  `numche` varchar(20) NOT NULL,
  `codbanche` varchar(3) NOT NULL,
  `numdep` varchar(20) NOT NULL,
  `obsinc` text NOT NULL,
  `numcaj` smallint(6) NOT NULL,
  `poriva` double NOT NULL,
  `tiphabhot` varchar(1) default NULL,
  PRIMARY KEY  (`codevepar`),
  KEY `codpar` (`codpar`)
) ENGINE=InnoDB DEFAULT CHARSET=latin1;

--
-- Dumping data for table `gevmdeventosparticipantes`
--

INSERT INTO `gevmdeventosparticipantes` (`codevepar`,`codeve`,`codpat`,`emaper`,`fecpre`,`stasolsvc`,`codtippar`,`codpar`,`stapattra`,`stapathos`,`stapatinc`,`stainc`,`stafac`,`tippre`,`logusu`,`monevepar`,`codparpar`,`codfac`,`codhot`,`stavue`,`fecvue`,`nomvue`,`viaaco`,`staexo`,`staentmat`,`staimpcer`,`monefe`,`mondep`,`codcuedep`,`montardeb`,`numtardeb`,`montarcre`,`numtarcre`,`monche`,`numche`,`codbanche`,`numdep`,`obsinc`,`numcaj`,`poriva`,`tiphabhot`) VALUES 
 ('0000000001','0000000001','0006','YOLETTY.LORETO@VE.NETGRS.COM','2011-09-13','-','03','0000000192','N','N','S','N','N','W','',550,'01','','','-','2011-09-13 10:09:04','','-','N','N','N',0,0,'',0,'',0,'',0,'','','','',0,12,'');


--
-- Definition of table `gevmdeventosparticipantes2`
--

CREATE TABLE `gevmdeventosparticipantes2` (
  `codevepar` varchar(10) NOT NULL,
  `codeve` varchar(10) NOT NULL,
  `codpat` varchar(4) default NULL,
  `emaper` varchar(40) NOT NULL,
  `fecpre` date NOT NULL,
  `stasolsvc` varchar(1) default NULL,
  `codtippar` varchar(2) NOT NULL,
  `codpar` varchar(10) NOT NULL,
  `stapattra` varchar(1) NOT NULL,
  `stapathos` varchar(1) NOT NULL,
  `stapatinc` varchar(1) NOT NULL,
  `stainc` varchar(1) NOT NULL,
  `stafac` varchar(1) NOT NULL,
  `tippre` varchar(1) NOT NULL,
  `logusu` varchar(10) NOT NULL,
  `monevepar` double NOT NULL,
  `codparpar` varchar(2) NOT NULL,
  `codfac` varchar(10) NOT NULL,
  `codhot` varchar(3) NOT NULL,
  `stavue` varchar(1) NOT NULL,
  `fecvue` datetime NOT NULL,
  `nomvue` varchar(30) NOT NULL,
  `viaaco` varchar(1) NOT NULL,
  `staexo` varchar(1) NOT NULL,
  `staentmat` varchar(1) NOT NULL,
  `staimpcer` varchar(1) NOT NULL,
  `cedpar` varchar(10) NOT NULL,
  `codevepar2` int(11) NOT NULL auto_increment,
  PRIMARY KEY  (`codevepar2`)
) ENGINE=InnoDB DEFAULT CHARSET=latin1;

--
-- Dumping data for table `gevmdeventosparticipantes2`
--



--
-- Definition of table `gevmdeventosparticipantes3`
--

CREATE TABLE `gevmdeventosparticipantes3` (
  `codevepar` varchar(10) NOT NULL,
  `codeve` varchar(10) NOT NULL,
  `codpat` varchar(4) default NULL,
  `emaper` varchar(40) NOT NULL,
  `fecpre` date NOT NULL,
  `stasolsvc` varchar(1) default NULL,
  `codtippar` varchar(2) NOT NULL,
  `codpar` varchar(10) NOT NULL,
  `stapattra` varchar(1) NOT NULL,
  `stapathos` varchar(1) NOT NULL,
  `stapatinc` varchar(1) NOT NULL,
  `stainc` varchar(1) NOT NULL,
  `stafac` varchar(1) NOT NULL,
  `tippre` varchar(1) NOT NULL,
  `logusu` varchar(10) NOT NULL,
  `monevepar` double NOT NULL,
  `codparpar` varchar(2) NOT NULL,
  `codfac` varchar(10) NOT NULL,
  `codhot` varchar(3) NOT NULL,
  `stavue` varchar(1) NOT NULL,
  `fecvue` datetime NOT NULL,
  `nomvue` varchar(30) NOT NULL,
  `viaaco` varchar(1) NOT NULL,
  `staexo` varchar(1) NOT NULL,
  `staentmat` varchar(1) NOT NULL,
  `staimpcer` varchar(1) NOT NULL,
  `cedpar` varchar(10) NOT NULL,
  `codevepar2` int(11) NOT NULL auto_increment,
  PRIMARY KEY  (`codevepar2`)
) ENGINE=InnoDB DEFAULT CHARSET=latin1;

--
-- Dumping data for table `gevmdeventosparticipantes3`
--



--
-- Definition of table `gevmdeventospatrocinante`
--

CREATE TABLE `gevmdeventospatrocinante` (
  `codeve` varchar(10) NOT NULL,
  `codpat` varchar(4) default NULL
) ENGINE=InnoDB DEFAULT CHARSET=latin1;

--
-- Dumping data for table `gevmdeventospatrocinante`
--

INSERT INTO `gevmdeventospatrocinante` (`codeve`,`codpat`) VALUES 
 ('0000000001','0006'),
 ('0000000001','0001');


--
-- Definition of table `gevmdeventospatrocinanteusu`
--

CREATE TABLE `gevmdeventospatrocinanteusu` (
  `codeve` varchar(10) NOT NULL,
  `codpat` varchar(4) default NULL,
  `emaper` varchar(40) NOT NULL
) ENGINE=InnoDB DEFAULT CHARSET=latin1;

--
-- Dumping data for table `gevmdeventospatrocinanteusu`
--

INSERT INTO `gevmdeventospatrocinanteusu` (`codeve`,`codpat`,`emaper`) VALUES 
 ('0000000001','0006','YOLETTY.LORETO@VE.NETGRS.COM'),
 ('0000000001','0001','ascardio@ascardio.com');


--
-- Definition of table `gevmdeventosponentes`
--

CREATE TABLE `gevmdeventosponentes` (
  `codevepon` varchar(10) NOT NULL,
  `codpon` varchar(5) NOT NULL
) ENGINE=InnoDB DEFAULT CHARSET=latin1;

--
-- Dumping data for table `gevmdeventosponentes`
--



--
-- Definition of table `gevmdeventosprecios`
--

CREATE TABLE `gevmdeventosprecios` (
  `codeve` varchar(10) NOT NULL,
  `fecinipre` date default NULL,
  `fecfinpre` date default NULL,
  `codevepre` varchar(10) NOT NULL,
  `preest` double NOT NULL,
  `prenor` double NOT NULL,
  `presvcsol` double default NULL,
  `preres` double NOT NULL,
  PRIMARY KEY  (`codevepre`)
) ENGINE=InnoDB DEFAULT CHARSET=latin1;

--
-- Dumping data for table `gevmdeventosprecios`
--

INSERT INTO `gevmdeventosprecios` (`codeve`,`fecinipre`,`fecfinpre`,`codevepre`,`preest`,`prenor`,`presvcsol`,`preres`) VALUES 
 ('0000000001','2011-04-01','2011-04-30','0000000001',400,850,850,500),
 ('0000000001','2011-05-01','2011-06-15','0000000002',450,900,900,550),
 ('0000000001','2011-08-03','2011-09-30','0000000003',550,1000,1000,650);


--
-- Definition of table `gevmdfacturas`
--

CREATE TABLE `gevmdfacturas` (
  `codfac` varchar(10) NOT NULL,
  `canprd` int(11) NOT NULL,
  `codprd` varchar(5) default NULL,
  `preprd` double NOT NULL
) ENGINE=InnoDB DEFAULT CHARSET=latin1;

--
-- Dumping data for table `gevmdfacturas`
--



--
-- Definition of table `gevmpagostarjeta`
--

CREATE TABLE `gevmpagostarjeta` (
  `codpagtar` varchar(10) NOT NULL,
  `fecpag` datetime default NULL,
  `tippagtar` varchar(1) NOT NULL,
  `codref` varchar(10) NOT NULL,
  `monpag` double NOT NULL,
  `stapag` varchar(1) NOT NULL,
  `numconban` varchar(22) NOT NULL,
  PRIMARY KEY  (`codpagtar`)
) ENGINE=InnoDB DEFAULT CHARSET=latin1;

--
-- Dumping data for table `gevmpagostarjeta`
--

INSERT INTO `gevmpagostarjeta` (`codpagtar`,`fecpag`,`tippagtar`,`codref`,`monpag`,`stapag`,`numconban`) VALUES 
 ('0000000006','2009-02-22 09:36:10','I','9999999999',1,'S','002440'),
 ('0000000007','2009-02-23 15:52:44','I','0000000001',654,'N',''),
 ('0000000008','2009-02-25 17:34:38','I','0000000002',300,'N',''),
 ('0000000009','2009-03-03 09:29:56','I','0000000003',654,'N',''),
 ('0000000010','2009-03-06 17:11:51','I','0000000005',654,'N',''),
 ('0000000011','2009-03-16 20:02:52','I','0000000012',300,'N',''),
 ('0000000012','2009-03-18 11:54:43','I','0000000013',1,'N',''),
 ('0000000013','2009-03-18 13:00:38','I','9999999998',1,'S','009030'),
 ('0000000014','2009-03-18 13:10:36','I','9999999997',1,'S','005570'),
 ('0000000015','2009-03-18 13:15:53','I','9999999996',1,'S','003940'),
 ('0000000016','2009-04-28 15:41:57','I','0000000032',220,'N',''),
 ('0000000017','2009-05-01 13:40:12','I','0000000033',620,'S','630750'),
 ('0000000018','2009-05-04 11:42:28','I','0000000034',320,'N',''),
 ('0000000019','2009-05-13 22:31:02','I','0000000047',620,'N',''),
 ('0000000020','2009-05-21 21:07:23','I','0000000106',620,'S','003637'),
 ('0000000021','2009-06-01 21:26:00','I','0000000143',670,'S','005300'),
 ('0000000022','2009-11-14 02:01:30','I','0000001373',1,'R',''),
 ('0000000023','2009-11-14 02:05:14','I','0000001373',1,'S','009990'),
 ('0000000024','2009-11-14 10:06:17','I','0000001374',1,'S','004520'),
 ('0000000025','2010-02-19 09:18:29','I','0000000995',1,'R',''),
 ('0000000026','2010-02-19 09:25:39','I','0000000994',1,'R',''),
 ('0000000027','2010-02-22 16:11:57','I','0000000993',1,'R',''),
 ('0000000028','2010-02-23 16:50:37','I','0000000001',800,'N',''),
 ('0000000029','2010-05-02 22:49:38','I','9999999995',1,'R',''),
 ('0000000030','2010-05-09 08:38:01','I','0000000219',400,'N',''),
 ('0000000031','2010-05-09 08:40:57','I','0000000219',400,'S','539168'),
 ('0000000032','2010-06-09 19:16:33','I','0000000350',400,'R',''),
 ('0000000033','2010-06-16 21:16:40','I','0000000350',400,'N',''),
 ('0000000034','2010-06-16 21:37:11','I','0000000350',400,'S','878701');


--
-- Definition of table `gevpcpatrocinantes`
--

CREATE TABLE `gevpcpatrocinantes` (
  `codpat` varchar(100) NOT NULL default '',
  `nomlog` varchar(50) default NULL,
  `tiplog` varchar(20) default NULL,
  `tamlog` int(11) default NULL,
  `datlog` longblob,
  `feclog` datetime default NULL,
  PRIMARY KEY  (`codpat`)
) ENGINE=MyISAM DEFAULT CHARSET=latin1;

--
-- Dumping data for table `gevpcpatrocinantes`
--



--
-- Definition of table `gevtcargospatrocinantes`
--

CREATE TABLE `gevtcargospatrocinantes` (
  `codcarpat` varchar(2) NOT NULL,
  `nomcarpat` varchar(40) NOT NULL,
  PRIMARY KEY  (`codcarpat`)
) ENGINE=InnoDB DEFAULT CHARSET=latin1;

--
-- Dumping data for table `gevtcargospatrocinantes`
--

INSERT INTO `gevtcargospatrocinantes` (`codcarpat`,`nomcarpat`) VALUES 
 ('01','Presidente'),
 ('02','Representante'),
 ('03','Gerente General'),
 ('04','Gerente de Mercadeo');


--
-- Definition of table `gevtchoteles`
--

CREATE TABLE `gevtchoteles` (
  `codhot` varchar(3) NOT NULL,
  `nomhot` varchar(50) NOT NULL,
  `rifhot` varchar(15) NOT NULL,
  `codciu` varchar(3) default NULL,
  `dirhot` varchar(50) NOT NULL,
  `telhot` varchar(25) NOT NULL,
  PRIMARY KEY  (`codhot`)
) ENGINE=MyISAM DEFAULT CHARSET=latin1;

--
-- Dumping data for table `gevtchoteles`
--

INSERT INTO `gevtchoteles` (`codhot`,`nomhot`,`rifhot`,`codciu`,`dirhot`,`telhot`) VALUES 
 ('001','HILTON MARGARITA SUITE','-','009','-','-'),
 ('002','LA SAMANNA','-','009','-','-'),
 ('003','DINASTY','-','009','-','-'),
 ('004','MARINA BAY','-','009','-','-'),
 ('005','HESPERIA','-','009','-','-'),
 ('006','LIDO','-','009','-','-'),
 ('007','BELLA VISTA','-','009','-','-'),
 ('008','CARACAS PALACE HOTEL','-','001','-','-'),
 ('009','PUERTA DEL SOL','-','009','-','-'),
 ('010','CARIBEN SUITES','-','009','-','-'),
 ('011','MARBELLA MAR','-','009','-','-'),
 ('012','FLAMINGO ','-','009','-','-'),
 ('013','ACQUARIUS','-','009','-','-'),
 ('014','LAGUNAMAR','-','009','-','-'),
 ('015','HOWARD JOHNSON','-','009','-','-'),
 ('016','MARGARITA PRINCESS','-','009','-','-'),
 ('017','MARGARITA SUITES','-','009','-','-'),
 ('018','Palacio de Eventos Crowne Plaza Maruma Maracaibo','-','006','-','-'),
 ('019','HOTEL MARUMA','-','006','-','-'),
 ('020','EUROBUILDING','-','001','-','-');


--
-- Definition of table `gevtclasificador`
--

CREATE TABLE `gevtclasificador` (
  `codclaact` varchar(2) NOT NULL default '',
  `nomclaact` varchar(30) default NULL,
  PRIMARY KEY  (`codclaact`)
) ENGINE=InnoDB DEFAULT CHARSET=latin1;

--
-- Dumping data for table `gevtclasificador`
--

INSERT INTO `gevtclasificador` (`codclaact`,`nomclaact`) VALUES 
 ('01','CARDIOPATIAS'),
 ('02','HIPERTENSION ARTERIAL');


--
-- Definition of table `gevtcpatrocinantes`
--

CREATE TABLE `gevtcpatrocinantes` (
  `codpat` varchar(4) NOT NULL,
  `razsoc` varchar(40) NOT NULL,
  `rifpat` varchar(15) NOT NULL,
  `dirpat` varchar(100) NOT NULL,
  `telpat` varchar(25) NOT NULL,
  `nomlog` varchar(50) default NULL,
  `tiplog` varchar(20) default NULL,
  `tamlog` int(11) default NULL,
  `datlog` longblob,
  `codpatpad` varchar(4) NOT NULL,
  PRIMARY KEY  (`codpat`)
) ENGINE=InnoDB DEFAULT CHARSET=latin1;

--
-- Dumping data for table `gevtcpatrocinantes`
--

INSERT INTO `gevtcpatrocinantes` (`codpat`,`razsoc`,`rifpat`,`dirpat`,`telpat`,`nomlog`,`tiplog`,`tamlog`,`datlog`,`codpatpad`) VALUES 
 ('0001','ASCARDIO','-','-','-',NULL,NULL,NULL,NULL,'0001'),
 ('0002','ABBOTT LABORATORIES, C.A.','J000836493','CALLE LOS LABORATORIOS, CENTRO COMERCIAL LOS CORTIJOS, 1er PISO, URB. LOS CORTIJOS DE LOURDES, CARAC','0212-7007000',NULL,NULL,NULL,NULL,'0002'),
 ('0003','ASTRAZENECA DE VENEZUELA, S.A.','J306866396','Av. Principal de la Castellana c/c José Angel Lamas. Torre La Castellana.  Nivel PH. La Castellana','0212-7003344',NULL,NULL,NULL,NULL,'0003'),
 ('0004','BIOTECH LABORATORIOS, C.A.','J002267852','CALLE DEL ARENAL URB. LA TRINIDAD EDIF. BIOTECH, CARACAS','0212-9035400',NULL,NULL,NULL,NULL,'0005'),
 ('0005','LABORATORIOS LETI (DIV. MEDICA)','J000215006','ZONA IND. DEL ESTE, AV. 2 PARCELA 3 MANZANA J, EDIF. LETI, GUARENAS','0212-3602544',NULL,NULL,NULL,NULL,'0006'),
 ('0006','LABORATORIOS SERVIER, S.A.','J001212221','FINAL CALLE VARGAS, EDIF. CENTRO BERIMER, MEZZANINA, BOLEITA NORTE','0212-2381155',NULL,NULL,NULL,NULL,'0007'),
 ('0007','GEVENMED, S.A.','J002214040','AV. DIEGO CISNEROS C/CALLE PASCUALE GIORGIO, EDIF. PRINCIPAL I, PISO 4 LOS RUICES','0212-2078919',NULL,NULL,NULL,NULL,'0008'),
 ('0008','CARDIOMEDICAL CM, C.A.','J306289810','Av. Circunvalación del Sol, Centro Profesional Santa Paula, Torre A Piso 5 Local 57, El Cafetal','0212-7143000',NULL,NULL,NULL,NULL,'0009'),
 ('0009','LABORATORIOS VIVAX','J300100367','FINAL CALLE VARGAS EDIF. CENTRO BERIMER TORRE ESTE-OESTE PISO 2 BOLEITA NORTE','2036711',NULL,NULL,NULL,NULL,'0010'),
 ('0010','NOVARTIS DE VENEZUELA','J003346764','3ra. TRANSV. DE LOS RUICES, EDIF. NOVARTIS, URB. LOS RUICES','2732240',NULL,NULL,NULL,NULL,'0011'),
 ('0011','DR. REDDYS LABORATORIES L. VZLA.','J316892689','Av. Maturin c/c El Comercio, Sector Sta. Cruz, Z.I. Los Naranjos','0212-3628371',NULL,NULL,NULL,NULL,'0012'),
 ('0012','SANOFI-AVENTIS DE VENEZUELA, S.A.','J303088481','AV. EUGENIO MENDOZA EDIF. TORRE LA CASTELLANA PISO 7 Y 8 LA CASTELLANA','0212-2779000',NULL,NULL,NULL,NULL,'0013'),
 ('0013','SCHERING PLOUG, C.A.','J070015497','Carret. Nac. Guarenas/Guatire, Galpon Orimpex, Sec. Loma Linda, Guatire','0212-2022111',NULL,NULL,NULL,NULL,'0014'),
 ('0014','LABORATORIOS LETI','J000215006','Z. IND. DEL ESTE, AV. 2, PARCELA 3, EDIF. LETI, GUARENAS, EDO. MIRANDA','0212-3622424',NULL,NULL,NULL,NULL,'0015'),
 ('0015','MERCK SHARP DHOME','J306234322','AV. PPAL. LOS CORTIJOS DE LOURDES, CENTRO EM','0212-2155500',NULL,NULL,NULL,NULL,'0016'),
 ('0016','CORPORACION DIAGNO IMAGEN C.A.','J307227974','TORRE CREDICARD PISO 16 OFIC. 162, CHACAITO','0212-9530729',NULL,NULL,NULL,NULL,'0017'),
 ('0017','HOSPAL MEDICA C.A.','J001776630','AV. RIO PARAGUA CTRO. EMP. LA PIRÁMIDE NIVEL 2 OF. 206, URB. PRADOS DEL ESTE','0212-9781772',NULL,NULL,NULL,NULL,'0018'),
 ('0018','PRODUCTOS ROCHE, S.A.','J000440581','EDIF. ROCHE PISO 3 AV. DIEGO CISNEROS, LOS RUICES','0212-2734611',NULL,NULL,NULL,NULL,'0019'),
 ('0019','FARMA, S.A.','J003496740','AV. PPAL. LOS RUICES, EDIF. FARMA','0212-2026200',NULL,NULL,NULL,NULL,'0020'),
 ('0020','BAYER, S.A.','J00030459','AV. TAMANACO, TORRE BAYER, EL ROSAL','9052613',NULL,NULL,NULL,NULL,'0021'),
 ('0021','GENVEN, GENERICOS VENEZOLANOS, S.A.','J003441570','CTRO. IND. DEL ESTE AV. 2 MANZANA M CALLE D GUARENAS','3602424',NULL,NULL,NULL,NULL,'0023'),
 ('0022','LABORATORIOS LETI SAV','J000215006','ZONA IND. DEL ESTE, AV. 2 PARCELA 3, EDIF. LETI, GUARENAS','3602681',NULL,NULL,NULL,NULL,'0024'),
 ('0023','BIOTOSCANA FARMA DE VENEZUELA','J311108360','aV. ROMULO GALLEGOS, CTRO. GCIAL. LOS ANDES PISO 1 OF. 1G','7816879',NULL,NULL,NULL,NULL,'0025'),
 ('0024','DAIICHI SANKYO VENEZUELA, S.A.','J000843902','AV. MARA URB. COLINAS DE LA CALIFORNIA, C.C. MACARACUAY PLAZA TORRE A PISO 1','0212-2578342',NULL,NULL,NULL,NULL,'0026'),
 ('0025','CARDIO RITMO C.A.','J307671432','3RA. AV. URB. CAMPO CLARO QUINTA ARMONÍA, CARACAS','0212-2352821 / 6531',NULL,NULL,NULL,NULL,'0027'),
 ('0026','GLAXOSMITHKLINE VENEZUELA C.A.','J000214921','CALLE LUIS DE CAMOENS EDIF. 115 - 117 Z.I. LA TRINIDAD','945-2122',NULL,NULL,NULL,NULL,'0028'),
 ('0027','LABORATORIOS VALMORCA','J070029463','AV. BOLIVAR EDIF. VALMORCA, EJIDO, EDO. MÉRIDA','0274-2212324',NULL,NULL,NULL,NULL,'0029'),
 ('0028','ENDOTECNICA C.A.','J003267333','AV. BOLIVAR, C.C. CARIBBEAN CENTER MALL. , NIVEL 1, PORLAMAR','0212-7934672',NULL,NULL,NULL,NULL,'0030'),
 ('0029','LABORATORIOS KLINOS C.A.','J000214956','AV. PPAL. PARCEL. IND. LA FE EDIF. PROTON P.3 URB. MACARAO','7007693',NULL,NULL,NULL,NULL,'0031'),
 ('0030','PFIZER VENEZUELA, S.A.','J000068607','AV. HENRY FORD, Z.I. SUR PARCELA 3-2, VALENCIA, EDO. CARABOBO','0212-6302900',NULL,NULL,NULL,NULL,'0032'),
 ('0031','MERCK S.A.','J000076340','CALLE HANS NEUMMAN EDIF. CORIMONPISO 3 LOS CORTIJOS DE LOURDES','2351379',NULL,NULL,NULL,NULL,'0037'),
 ('0032','DIAMEDICA','J070186496','AV. DON DIEGO CISNEROS TORRE MONACA PB AREA COMERCIAL SUR LOCAL B LOS RUICES','0212-5261111',NULL,NULL,NULL,NULL,'0038'),
 ('0033','SEL BEN, C.A.','J070417773','AV. 2 MINI CENTRO COMERCIAL ANGELO LOCAL 02 MARACAIBO','0261-7921470',NULL,NULL,NULL,NULL,'0036'),
 ('0034','LABORATORIOS BEHRENS','J000034079','CALLE CHAPELLIN EDIF. BEHRENS LA FLORIDA','7156403',NULL,NULL,NULL,NULL,'0039'),
 ('0035','HOSPITALAR, C.A.','J001673920','AV. OCCIDENTE QUINTA LA TRINIDAD No. 1 SAN BERNARDINO','552-4857',NULL,NULL,NULL,NULL,'0040'),
 ('0036','AMEVECA C.A.','J310575657','AV. ROMULO GALLEGOS TORRE KLM PISO 6 OFC. 6 AB URB. SANTA EDUVIGIS','2854495',NULL,NULL,NULL,NULL,'0041'),
 ('0037','SONO CARE C.A.','J293976308','4TA. TRANSVERSAL LOS CORTIJOS DE LOURDES, EDIFICIO GINA LOCAL SOTANO','2329853',NULL,NULL,NULL,NULL,'0042'),
 ('0038','ZUOZ PHARMA, S.A.','J002015080','AV. OESTE 20 EDIF. PULMOBRONK, QUINTA CRESPO','4090100',NULL,NULL,NULL,NULL,'0043'),
 ('0040','LABORATORIOS FERRER LETI','J308479861','AV. 2 EDIF. LETI PISO 3 OF. 3, ZONA IND. DEL ESTE GUARENAS','3602735',NULL,NULL,NULL,NULL,'0045'),
 ('0041','CORPORACION DIAGNO IMAGEN','J307727974','AV. VENEZUELA, EDIF. VENEZUELA P.2 OF. 22 EL ROSAL','9530729',NULL,NULL,NULL,NULL,'0017'),
 ('0042','Boehringer Ingelheim, C.A.','J000813990','Av Ernesto Blohm con Av La Estancia Centro Banaven Torre B','02120067950',NULL,NULL,NULL,NULL,'0047'),
 ('0043','INGENIERIA ARB, C.A.','J295090986','AV. ABRAHAM LINCOLN EDIF. UNION PISO 9 CHACAITO','8834303',NULL,NULL,NULL,NULL,'0048'),
 ('0044','LABORATORIOS BIOGALENIC C.A','J304346255','CALLE BERNARDO SLIMAK EDF JAYOR PISO 3 URB SAN MARTIN','4615218/3821',NULL,NULL,NULL,NULL,'0049'),
 ('0045','DISTRIBUIDORA H','J309897420','PEDRE SIERRA A MUÑOZ EDIFICIO CENTRO EJECUTIVO PISO 2 OFICINA 2C EL SILENCIO CARACAS','02128606492',NULL,NULL,NULL,NULL,'0051'),
 ('0046','ASPEN VENEZUELA CA','J311557750','AV RIO CAURA CENTRO EMPRESARIAL LA PIRAMIDE MEZZ OF 15 Y 16','02129793631',NULL,NULL,NULL,NULL,'0053'),
 ('0047','LABORATORIOS ELMOR SA','J002191953','AV EUGENIO MENDOZA CENTRO LETONIA PISO 16 LA CASTELLANA CARACAS','7715423  5415  ',NULL,NULL,NULL,NULL,'0055'),
 ('0048','LABORATORIOS NOLVER CA','J003243906','AV RIO DE JANEIRO COLINAS DE LA CALIFORNIA EDF NOLVER CARACAS','9185555',NULL,NULL,NULL,NULL,'0056'),
 ('0049','CORPORACION DAI CA','J312992522','AV LAS DELICIAS URB LA FLORESTA CTRO EMPRESARIAL EUROPA NIVEL 3 OF. 3-37 MARACAY EDO ARAGUA','02432411038',NULL,NULL,NULL,NULL,'0057'),
 ('0050','PRODUCTOS ROCHE SA','J000440581','EDF ROCHE AV DIEGO CISNEROS LOS RUICES CARACAS','2734611',NULL,NULL,NULL,NULL,'0058'),
 ('0051','VALMORCA CA','J070029463','AV FRANCISCO DE MIRANDA EDF CENTRO SEGUROS LA PAZ PISO 4 OF D Y E LA CALIFORNIA NORTE CARACAS','2394109',NULL,NULL,NULL,NULL,'0059'),
 ('0052','RSM MEDICAL CATCH','-','-','-',NULL,NULL,NULL,NULL,'0060'),
 ('0053','YOMA','-','-','-',NULL,NULL,NULL,NULL,'0061'),
 ('0054','PDVSA','-','-','-',NULL,NULL,NULL,NULL,'0062'),
 ('0055','SONIKA C.A.','-','-','-',NULL,NULL,NULL,NULL,'0063'),
 ('0056','SEIGIRO YAZAWA IWAI','-','-','-',NULL,NULL,NULL,NULL,'0064'),
 ('0057','BRET MEDICAL','-','-','-',NULL,NULL,NULL,NULL,'0065');


--
-- Definition of table `gevtcpatrocinantespadre`
--

CREATE TABLE `gevtcpatrocinantespadre` (
  `codpatpad` varchar(4) NOT NULL default '',
  `razsoc` varchar(40) NOT NULL,
  `rifpat` varchar(15) NOT NULL,
  `dirpat` varchar(100) NOT NULL,
  `telpat` varchar(25) NOT NULL,
  PRIMARY KEY  (`codpatpad`)
) ENGINE=InnoDB DEFAULT CHARSET=latin1;

--
-- Dumping data for table `gevtcpatrocinantespadre`
--

INSERT INTO `gevtcpatrocinantespadre` (`codpatpad`,`razsoc`,`rifpat`,`dirpat`,`telpat`) VALUES 
 ('0001','ASCARDIO','-','-','-'),
 ('0002','ABBOTT LABORATORIES, C.A.','J000836493','CALLE LOS LABORATORIOS, CENTRO COMERCIAL LOS CORTIJOS, 1er PISO, URB. LOS CORTIJOS DE LOURDES, CARAC','0212-7007000'),
 ('0003','ASTRAZENECA DE VENEZUELA','J306866396','Av. Principal de la Castellana c/c José Angel Lamas. Torre La Castellana.  Nivel PH. La Castellana','0212-7003344'),
 ('0005','BIOTECH LABORATORIOS, C.A.','J002267852','CALLE EL ARENAL, URB. LA TRINIDAD, EDIF. BIOTECH, CARACAS','0212-9035400'),
 ('0006','LABORATORIOS LETI, C.A. DIV. MEDICA','J000215006','ZONA INDUSTRIAL DEL ESTE, AVDA. 2, PARCELA 3 MANZANA J, EDIF. LETI. GUARENAS','0212-3602544'),
 ('0007','LABORATORIOS SERVIER, S.A.','J001212221','FINAL CALLE VARGAS, EDIF. CENTRO BERIMER, MEZZANINA, BOLEITA NORTE','0212-2381155'),
 ('0008','GEVENMED, S.A.','J002214040','AV. DIEGO CISNEROS C/CALLE PASCUALE GIORGIO EDIF. PRINCIPAL I, PISO 4, LOS RUICES','0212-2078919'),
 ('0009','CARDIOMEDICAL CM, C.A.','J306289810','v. Circunvalación del Sol, Centro Profesional Santa Paula, Torre A, Piso 5, Local 57,  El Cafetal','0212-7143000'),
 ('0010','LABORATORIOS VIVAX','J300100367','FINAL CALLE VARGAS EDIF. CENTRO BERIMER TORRE ESTE-OESTE PISO 2 BOLEITA NORTE','2036711'),
 ('0011','NOVARTIS DE VENEZUELA','J003346764','3ra. TRANSV. DE LOS RUICES, EDIF. NOVARTIS URB. LOS RUICES','2732240'),
 ('0012','DR. REDDYS LABORATORIES LIMITED VZLA','J-316892689','AV MATURIN CON CALLE EL COMERCIO SEC. STA. CRUZ ZONA IND LOS NARANJOS DISTRIB. DIALCO ','-'),
 ('0013','SANOFI-AVENTIS DE VENEZUELA S.A.','J303088481','EDIF. TORRE LA CASTELLANA AV. EUGENIO MENDOZA PISO 7 Y 8 LA CASTELLANA','0212-2779000'),
 ('0014','SCHERING PLOUG, C.A.','J070015497','CARRETERA NAC. GUARENAS/GUATIRE, GALPON ORIMPEX, SEC. LOMA LINDA. GUATIRE','0212-2022111'),
 ('0015','LABORATORIOS LETI','J000215006','Z.IND. DEL ESTE, AV. 2 PARCELA 3 EDIF. LETI, GUARENAS EDO. MIRANDA','0212-3622424'),
 ('0016','MERCK SHARP & DOHME DE VZLA. ','J306234322','AV. PPAL. DE LOS CORTIJOS DE LOURDES, CENTRO EMPRESARIAL SENDEROS, PISO 1 OFIC. 100A CARACAS','0212-2155500'),
 ('0017','CORPORACION DIAGNO IMAGEN','J307227974','TORRE CREDICAR PISO 16 OFIC. 162, CHACAITO','0212-9530729'),
 ('0018','HOSPAL MEDICA, C.A.','J001776630','AV. RIO PARAGUA Centro Empresarial LA PIRAMIDE NIVEL 2 OF. 206 URB. PRADOS DEL ESTE','0212-9781772'),
 ('0019','PRODUCTOS ROCHE S.A.','J000440581','EDIF. ROCHE, PISO 3 AV. DIEGO CISNEROS, LOS RUICES','0212-2734611'),
 ('0020','FARMA, S.A.','J003496740','AV. PPAL. DE LOS RUICES, ','0212-2026200'),
 ('0021','BAYER, S.A.','J00030459','AV. TAMANACO, TORRE BAYER, EL ROSAL','0212-9052613'),
 ('0022','PRODUCTOS ROCHE, S.A.','J000440581','EDIF. ROCHE, PISO 3, AV. DIEGO CISNEROS LOS RUICES','273-4611'),
 ('0023','GENVEN, GENÉRICOS VENEZOLANOS, S.A.','J003441570','CTRO. IND. DEL ESTE AV. 2 MANZANA M CALLE D Y E GUARENAS','3602424'),
 ('0024','LABORATORIOS LETI SAV','J000215006','ZONA IND. DEL ESTE AV. 2 PARCELA 3 EDIF. LETI GUARENAS','3602681'),
 ('0025','BIOTOSCANA FARMA DE VENEZUELA','J311108360','AV. ROMULO GALLEGOS, CTRO. GCIAL. LOS ANDES P. 1 OF. 1G','7816879'),
 ('0026','DAIICHI SANKYO VENEZUELA S.A.','J000843902','AV. MARA URB. COLINAS DE LA CALIFORNIA, C.C. MACARACUAY PLAZA TORRE A , PISO 1','0212-2578342'),
 ('0027','CARDIO RITMO C.A.','J307671432','3RA. AV. URB. CAMPO CLARO, QUINTA ARMONIA CARACAS','0212-2352821 / 6531'),
 ('0028','GLAXOSMITHKLINE VENEZUELA C.A.','J000214921','CALLE LUIS DE CAMOENS EDF. 115-117 Z.IND. LA TRINIDAD','945-2122'),
 ('0029','LABORATORIOS VALMORCA','J070029463','AV. BOLIVAR, EDIF. VALMORCA, EJIDO, EDO. MERIDA','0274-2212324'),
 ('0030','ENDOTECNICA C.A.','J003267333','AV. BOLIVAR C.C. CARIBBEAN CENTER MALL NIVEL 1 PORLAMAR','0212-7934672'),
 ('0031','LABORATORIOS KLINOS C.A.','J000214956','AV. PPAL. PARCEL. IND. LA FE EDIF. PROTON PISO 3 URB. MACARAO','7007693'),
 ('0032','PFIZER VENEZUELA S.A.','J000068607','AV. HENRY FORD Z.I. SUR PARCELA 3-2 VALENCIA EDO. CARABOBO','0212-6302900'),
 ('0033','EQUIPOS MEDICOS ','J070417773','AV. 2DA. MINI CENTRO COMERCIAL ANGELO LOCAL 02','0261-7921470'),
 ('0034','EQUIPOS MEDICOS ','J070417773','AV. 2DA. MINI CENTRO COMERCIAL ANGELO LOCAL 02','0261-7921470'),
 ('0035','EQUIPOS MEDICOS ','J070417773','AV. 2DA. MINI CENTRO COMERCIAL ANGELO LOCAL 02','0261-7921470'),
 ('0036','SEL-BEN','J070417773','AV. 2da MINI CENTRO COMERCIAL ANGELO LOCAL 02 MARACAIBO','02617921470'),
 ('0037','MERCK S.A.','J000076340','CALLE HANS NEUMMAN EDIF. CORIMON PISO 3 LOS CORTIJOS DE LOURDES','2351379'),
 ('0038','DIAMEDICA','J070186496','AV. DON DIEGO CISNEROS TORRE MONACA PB AREA COMERCIAL SU LOCAL B LOS RUICES','0212-5261111'),
 ('0039','LABORATORIOS BEHRENS','J000034079','CALLE CHAPELLIN EDIF. BEHRENS LA FLORIDA','7156403'),
 ('0040','HOSPITALAR, C.A.','J001673920','AV. OCCIDENTE QUINTA LA TRINIDAD No. 1 SAN BERNARDINO','5524857'),
 ('0041','AMEVECA C.A.','J310575657','AV. ROMULO GALLEGOS TORRE KLM PISO 6 OFIC. 6 AB URB. SANTA EDUVIGIS','2854495'),
 ('0042','SONO CARE, C.A.','J293976308','4TA. TRANSVERSAL LOS CORTIJOS DE LOURDES, EDIF. GINA, LOCAL SOTANO','2329853'),
 ('0043','ZUOZ PHARMA S.A.','J002015080','AV. OESTE 20 EDIF. PULMOBRONK URB. QUINTA CRESPO','4090100'),
 ('0045','LABORATORIOS FERRER LETI S.A.','J308479861','AV. 2 EDIF. LETI PISO 3 OF. 3 ZONA IND. DEL ESTE GUARENAS','3602735'),
 ('0046','CORPORACION DIAGNO IMAGEN C.A.','J307727974','AV. VENEZUELA, EDIF. VENEZUELA P.2 OF. 22 EL ROSAL','9530729'),
 ('0047','Boehringer Ingelheim, C.A.','-','-','-'),
 ('0048','INGENIERIA ARB, C.A.','J295090986','04143248637','8834303'),
 ('0049','LABORATORIOS BIOGALENIC C.A','J304346255','CALLE BERNARDO SLIMAK EDF JAYOR PISO 3 SAN MARTIN','4615218'),
 ('0050','LABORATORIOS LETI','J00021500','ZONA INDUSTRIAL DEL ESTE AV 2 PARCELA 3 MANZANA J EDF LETI GUARENAS','3602544'),
 ('0051','DISTRIBUIDORA H&D ANDINA','J309897420','PADRE SIERRA A MUÑOZ EDIFICIO CENTRO EJECUTIVO PISO 2 OFICINA 2C EL SILENCIO CARACAS','02128606492'),
 ('0053','ASPEN VENEZUELA C A','J311557750','AV RIO CAURA CENTRO EMPRESARIAL LA PIRAMIDE MEZZ OFICINAS 15 Y 16','0212979 3631'),
 ('0054','SOCIEDAD VENEZOLANA DE CARDIOLOGIA','J001320075','CALLE LOS CHAGUARAMOS CON AV MOHEDANO CENTRO GERENCIAL MOHEDANO LA CASTELLANA','02122633060'),
 ('0055','LABORATORIOS ELMOR S.A','J002191953','AV EUGENIO MENDOZA CENTRO LETONIA PISO 16 LA CASTELLANA CARACAS','7715423  5415  5275  1253'),
 ('0056','LABORATORIOS NOLVER CA','J003243906','AV RIO DE JANEIRO COLINAS DE LA CALIFORNIA SUR EDF NOLVER CARACAS','9185555'),
 ('0057','CORPORACION DAI CA ','J312992522','AV LAS DELICIAS URB LA FLORESTA CTRO EMPRESARIAL EUROPA NIVEL 3 PF. 3-37 MARACAY EDO ARAGUA','02432411038'),
 ('0058','PRODUCTOS ROCHE S.A','J000440581','EDUFICIO ROCHE AV DIEGO CISNEROS LOS RUICES CARACAS','2734611'),
 ('0059','VALMORCA CA','J070029463','AV FRANCISCO DE MIRANDA EDF CENTRO SEGUROS LA PAZ PISO 4 OF D Y E LA CALIFORNIA NORTE CARACAS','2394109'),
 ('0060','RSM MEDICAL CATCH','-','-','-'),
 ('0061','YOMA','-','-','-'),
 ('0062','PDVSA','-','-','-'),
 ('0063','SONIKA C.A.','-','-','-'),
 ('0064','SEIGIRO YAZAWA IWAI','-','-','-'),
 ('0065','BRET MEDICAL','-','-','-');


--
-- Definition of table `gevtcponentes`
--

CREATE TABLE `gevtcponentes` (
  `codpon` varchar(5) NOT NULL,
  `apepon` varchar(25) NOT NULL,
  `nompon` varchar(25) NOT NULL,
  `cedpon` varchar(15) NOT NULL,
  `paspon` varchar(15) NOT NULL,
  `codpai` varchar(3) NOT NULL,
  `telhab` varchar(20) NOT NULL,
  `telcel` varchar(20) NOT NULL,
  `emapon` varchar(40) NOT NULL,
  `carpon` text NOT NULL,
  `obspon` text NOT NULL,
  PRIMARY KEY  (`codpon`)
) ENGINE=InnoDB DEFAULT CHARSET=latin1;

--
-- Dumping data for table `gevtcponentes`
--

INSERT INTO `gevtcponentes` (`codpon`,`apepon`,`nompon`,`cedpon`,`paspon`,`codpai`,`telhab`,`telcel`,`emapon`,`carpon`,`obspon`) VALUES 
 ('00006','ARAI','KADUO','-','-','001','-','-','-','-','-'),
 ('00007','LA ERA','VICENTE','-','-','001','-','-','-','-','-'),
 ('00008','BARRIOS','VIVENCIO','-','-','001','-','-','-','-','-'),
 ('00009','ROSAS','RAFAEL','-','-','001','-','-','-','-','-'),
 ('00010','LANDAETA','CESAR','-','-','001','-','-','-','-','-'),
 ('00011','WAISMAN','GABRIEL','-','-','010','-','-','-','-','-'),
 ('00012','ISEA','JESUS','-','-','001','-','-','-','-','-'),
 ('00013','COLAN','JUAN','-','-','001','-','-','-','-','-'),
 ('00014','DE LA SIERRA','ALEX','-','-','001','-','-','-','-','-'),
 ('00015','ACOSTA MARTINEZ','JULIO','-','-','001','-','-','-','-','-'),
 ('00016','LOPEZ GOMEZ','LUIS','-','-','001','-','-','-','-','-'),
 ('00017','LOPEZ NOUEL','ROBERTO','-','-','001','-','-','-','-','-'),
 ('00018','GOMEZ MANCEBO','JOSE RAMON','-','-','001','-','-','-','-','-'),
 ('00019','MORR','IGOR','-','-','001','-','-','-','-','-'),
 ('00020','MENDOZA','CARLOS','-','-','001','-','-','-','-','-'),
 ('00021','VERRI','HEBBER','-','-','164','-','-','-','-','-'),
 ('00022','NAVARRETE','SOLON','-','-','001','-','-','-','-','-'),
 ('00023','BORGI','CLAUDIO','-','-','087','-','-','-','-','-'),
 ('00024','LOPEZ','JESUS','-','-','001','-','-','-','-','-'),
 ('00025','ABECASSIS','NISSIN','-','-','001','-','-','-','-','-'),
 ('00026','MESSERLI','FRANZ H.','-','-','155','-','-','-','-','-'),
 ('00027','D´ARMATA','SALVADOR','-','-','001','-','-','-','-','-'),
 ('00028','PLUCHINO','SALVATORE','-','-','001','-','-','-','-','-'),
 ('00029','FLISER','DANILO','-','-','004','-','-','-','-','-'),
 ('00030','HERNANDEZ','HUGO','-','-','109','-','-','-','-','-'),
 ('00031','RODRIGUEZ','JOSE GREGORIO','-','-','001','-','-','-','-','-'),
 ('00032','MORALES','EDUARDO','-','-','001','-','-','-','-','-'),
 ('00033','POMPINI','JOSE','-','-','001','-','-','-','-','-'),
 ('00034','CASTRO','NOEL','-','-','001','-','-','-','-','-'),
 ('00035','ARTETA','FEDERICO','-','-','001','-','-','-','-','-'),
 ('00036','CELLI','BARTOLOME','-','-','051','-','-','-','-','-'),
 ('00037','MENDEZ','NEDINA COROMOTO','-','-','001','-','-','-','-','-'),
 ('00038','ESCRIBANO','PILAR','-','-','001','-','-','-','-','-'),
 ('00039','MENDEZ','REINA','-','-','001','-','-','-','-','-'),
 ('00040','OLIVARES','DOUGLAS','-','-','001','-','-','-','-','-'),
 ('00041','MENDOZA','IVAN','-','-','001','-','-','-','-','-'),
 ('00042','CARRILLO','EUCLIDES','-','-','001','-','-','-','-','-'),
 ('00043','RODRIGUEZ PLAZA','LUS','-','-','001','-','-','-','-','-'),
 ('00044','SANCHEZ','MARTHA','-','-','001','-','-','-','-','-'),
 ('00045','ANTEPARA','NORKA','-','-','001','-','-','-','-','-'),
 ('00046','RUIZ','JOSE FELIX','-','-','001','-','-','-','-','-'),
 ('00047','ANZOLA','GUSTAVO','-','-','001','-','-','-','-','-'),
 ('00048','HERRERA','NATASHA','-','-','001','-','-','-','-','-'),
 ('00049','HERRERA','MELINA','-','-','001','-','-','-','-','-'),
 ('00050','GRANERO','RICARDO','-','-','001','-','-','-','-','-'),
 ('00051','MELKON','ROSE','-','-','001','-','-','-','-','-'),
 ('00052','ALBORNOZ','OSWALDO','-','-','001','-','-','-','-','-'),
 ('00053','CORDIDO','MARIELBA','-','-','001','-','-','-','-','-'),
 ('00054','GAU','GERALD','-','-','051','-','-','-','-','-'),
 ('00055','BENAIM','BRISEIDA','-','-','001','-','-','-','-','-'),
 ('00056','ILARRAZA','HERMES','-','-','109','-','-','-','-','-'),
 ('00057','WRIGH','SCOTT','-','-','051','-','-','-','-','-'),
 ('00058','SAAVEDRA','LEONARDO','-','-','001','-','-','-','-','-'),
 ('00059','KOPECKY','STEPHEN','-','-','051','-','-','-','-','-'),
 ('00060','LOPEZ JIMENEZ','FRANCISCO','-','-','051','-','-','-','-','-'),
 ('00061','ALLISON','THOMAS','-','-','051','-','-','-','-','-'),
 ('00062','TERZIC','CARMEN','-','-','051','-','-','-','-','-'),
 ('00063','SQUIRES','RAY W.','-','-','051','-','-','-','-','-'),
 ('00064','KRITE','RICHARD','-','-','001','-','-','-','-','-'),
 ('00065','MOROTTO','JOSE','-','-','001','-','-','-','-','-'),
 ('00066','THOMAS','RANDAL','-','-','051','-','-','-','-','-'),
 ('00067','ROSENTHAL','JACOBO','-','-','001','-','-','-','-','-'),
 ('00068','ALVAREZ','MARIANO','-','-','001','-','-','-','-','-'),
 ('00069','ARAY','JOSE GREGORIO','-','-','001','-','-','-','-','-'),
 ('00070','RODRIGUEZ','FERNANDO','-','-','001','-','-','-','-','-'),
 ('00071','GERALDINO','OSCAR','-','-','001','-','-','-','-','-'),
 ('00072','ARIAS','CRUZ ALBERTO','-','-','001','-','-','-','-','-'),
 ('00073','FIGUERA','YEMINA','-','-','001','-','-','-','-','-'),
 ('00074','ACEVEDO','DORISAIDA','-','-','001','-','-','-','-','-'),
 ('00075','GOTOPO','HECTOR','-','-','001','-','-','-','-','-'),
 ('00076','ISRRAEL','CENTENO','-','-','001','-','-','-','-','-'),
 ('00077','CABELLO','DORIS','-','-','001','-','-','-','-','-'),
 ('00078','GRISAFI','ANTONELA','-','-','001','-','-','-','-','-'),
 ('00079','GRANATI','JOSE VICENTE','-','-','001','-','-','-','-','-'),
 ('00080','MARTINEZ','INES','-','-','001','-','-','-','-','-'),
 ('00081','VASQUEZ','DAMASO','-','-','001','-','-','-','-','-'),
 ('00082','TELLEZ','RAMON','-','-','001','-','-','-','-','-'),
 ('00083','ZERPA','CARLOS','-','-','001','-','-','-','-','-'),
 ('00084','DUPALT','ANDRES','-','-','001','-','-','-','-','-'),
 ('00085','GONZALEZ','EDDY','-','-','001','-','-','-','-','-'),
 ('00086','SOTO','RAUL','-','-','001','-','-','-','-','-'),
 ('00087','MUÑOZ','JUAN SIMON','-','-','001','-','-','-','-','-'),
 ('00088','MARTINEZ','FLORANGEL','-','-','001','-','-','-','-','-'),
 ('00089','MADRID','XIMENA','-','-','001','-','-','-','-','-'),
 ('00090','RAMOS','OSWALDO','-','-','001','-','-','-','-','-'),
 ('00091','VILLANI','ANTONIETTA','-','-','001','-','-','-','-','-'),
 ('00092','LEVI','JIMMY','-','-','001','-','-','-','-','-'),
 ('00093','LINARES','GUSTAVO','-','-','001','-','-','-','-','-'),
 ('00094','AMAIR','PABLO','-','-','001','-','-','-','-','-'),
 ('00095','AROCHA','ILDEFONSO','-','-','001','-','-','-','-','-'),
 ('00096','D´EMPAIRE','GABRIEL','-','-','001','-','-','-','-','-'),
 ('00097','OCTAVIO','JOSE ANDRES','-','-','001','-','-','-','-','-'),
 ('00098','DEPINI','SANTOS','-','-','010','-','-','-','-','-'),
 ('00099','CARLINI','RAUL','-','-','001','-','-','-','-','-'),
 ('00100','ASCANIO','RAFAEL','-','-','001','-','-','-','-','-'),
 ('00101','MADRID','LEONARDO','-','-','001','-','-','-','-','-'),
 ('00102','NMAYOR','IVAN','-','-','001','-','-','-','-','-'),
 ('00103','ROSAS','FRANCISCO','-','-','001','-','-','-','-','-'),
 ('00104','PALACIOS','IGOR','-','-','051','-','-','-','-','-'),
 ('00105','DE TERESAQEDUARDO','-','-','-','001','-','-','-','-','-'),
 ('00106','JACIR','ALFONSO','-','-','001','-','-','-','-','-'),
 ('00107','HERNANDEZ','RAFAEL','-','-','001','-','-','-','-','-'),
 ('00108','VASQUEZ','CARLOS','-','-','001','-','-','-','-','-'),
 ('00109','FLORES DE FINIZOLA','AURIS','-','-','001','-','-','-','-','-'),
 ('00110','MEZA','YOLIMAR','-','-','001','-','-','-','-','-'),
 ('00111','FEBRES','CECILIA','-','-','001','-','-','-','-','-'),
 ('00112','GOUVEIA','MARIA','-','-','001','-','-','-','-','-'),
 ('00113','SPARANO','ANGELO','-','-','001','-','-','-','-','-'),
 ('00114','RUIZ','MARIA ALEJANDRA','-','-','001','-','-','-','-','-'),
 ('00115','CHIRINOS','LUIS','-','-','001','-','-','-','-','-'),
 ('00116','GUERRA','FRANCYS','-','-','001','-','-','-','-','-'),
 ('00117','PABON','LUZ','-','-','001','-','-','-','-','-'),
 ('00118','PRIETO','JORGE','-','-','001','-','-','-','-','-'),
 ('00119','JATENE','MARCELO','-','-','027','-','-','-','-','-'),
 ('00120','DONIS','IGOR','-','-','001','-','-','-','-','-'),
 ('00121','CAPECCHI','MARIA','-','-','001','-','-','-','-','-'),
 ('00122','SIVERIO','JORGE','-','-','001','-','-','-','-','-'),
 ('00123','LOPEZ','LIANKYS','-','-','001','-','-','-','-','-'),
 ('00124','BORZELLINO','DIEGO','-','-','001','-','-','-','-','-'),
 ('00125','GONZALEZ','NESTOR','-','-','001','-','-','-','-','-'),
 ('00126','CAMACHO','JANETH','-','-','001','-','-','-','-','-'),
 ('00127','ACUÑA','MANUEL','-','-','001','-','-','-','-','-'),
 ('00128','HIRSCHHAUT','ELIZABETH','-','-','001','-','-','-','-','-'),
 ('00129','BORGES','FEDERICO','-','-','001','-','-','-','-','-'),
 ('00130','AGUILAR','RAMON','-','-','001','-','-','-','-','-'),
 ('00131','CABRERA','ELIDA','-','-','001','-','-','-','-','-'),
 ('00132','TUETI','ISAAC','-','-','001','-','-','-','-','-'),
 ('00133','MARTINEZ','LUIS','-','-','001','-','-','-','-','-'),
 ('00134','SANTIAGO','JUSTO','-','-','001','-','-','-','-','-'),
 ('00135','ECJEVERRIA','FIDEL','-','-','001','-','-','-','-','-'),
 ('00136','TORRES','WILLIAM','-','-','001','-','-','-','-','-'),
 ('00137','LOPEZ','ABELARDO','-','-','001','-','-','-','-','-'),
 ('00138','RODRIGUEZ','VICTOR','-','-','001','-','-','-','-','-'),
 ('00139','IZAGUIRRE','LEONARDO','-','-','001','-','-','-','-','-'),
 ('00140','TORRES','JOSE MIGUEL','-','-','001','-','-','-','-','-'),
 ('00141','HOPKINS','HENRY','-','-','001','-','-','-','-','-'),
 ('00142','FERNADEZ','CARLOS','-','-','001','-','-','-','-','-'),
 ('00143','LEON','CARLOS','-','-','001','-','-','-','-','-'),
 ('00144','SILVA','GASTON','-','-','001','-','-','-','-','-'),
 ('00145','MORITZ DE LA TASSA','CESAR','-','-','001','-','-','-','-','-'),
 ('00146','GARCIA DIAZ','ELEAZAR','-','-','001','-','04145094856','elegardi@hotmail.com','-','-'),
 ('00147','VILORIA','GUILLERMO','-','-','001','-','-','-','-','-'),
 ('00148','CALDERAS','CARLOS','-','-','001','-','-','-','-','-'),
 ('00149','BACALAO','ALVARO','-','-','001','-','-','-','-','-'),
 ('00150','LANDER','BERNARDO','-','-','001','-','-','-','-','-'),
 ('00151','ROZENTHAL','MOISES','-','-','001','-','-','-','-','-'),
 ('00152','MORIS','CESAR','-','-','001','-','-','-','-','-'),
 ('00153','BURGER','BRUNO','-','-','001','-','-','-','-','-'),
 ('00154','VILLARRAGA','HECTOR','-','-','051','-','-','-','-','-'),
 ('00155','GRAZIANO','PEDRO','-','-','001','-','-','-','-','-'),
 ('00156','MICHELENA','HECTOR','-','-','051','-','-','-','-','-'),
 ('00157','LUGO','ADALBERTO','-','-','001','-','-','-','-','-'),
 ('00158','ROTOLO','MARIA','-','-','001','-','-','-','-','-'),
 ('00159','LOPEZ','EDGAR','-','-','001','-','-','-','-','-'),
 ('00160','VELAZCO','LUIS EMIRO','-','-','001','-','-','-','-','-'),
 ('00161','ODREMAN','RODOLFO','-','-','001','-','-','-','-','-'),
 ('00162','CARRASQUERO','NOE','-','-','001','-','-','-','-','-'),
 ('00163','PIÑERO','DANIEL','-','-','010','-','-','-','-','-'),
 ('00164','BOSCH','FERNANDO','-','-','001','-','-','-','-','-'),
 ('00165','MORENO','JUAN BAUTISTA','-','-','164','-','-','-','-','-'),
 ('00166','FEIJOO','JOSEFINA','-','-','001','-','-','-','-','-'),
 ('00167','CASTILLO','GUSTAVO','-','-','001','-','-','-','-','-'),
 ('00168','PINO','MANUEL','-','-','001','-','-','-','-','-'),
 ('00169','HERRERA','JOSE','-','-','001','-','-','-','-','-'),
 ('00170','SANZ','JAVIER','-','-','051','-','-','-','-','-'),
 ('00171','GURDIEL','ORLANDO','-','-','001','-','-','-','-','-'),
 ('00172','AMEZAGA','BINGEN','-','-','001','-','-','-','-','-'),
 ('00173','SALERNO','TOMAS','-','-','051','-','-','-','-','-'),
 ('00174','UMAÑA','JUAN PABLO','-','-','037','-','-','-','-','-'),
 ('00175','TORREALBA','CARLOS','-','-','001','-','-','-','-','-'),
 ('00176','VELARDE','HILDA','-','-','001','-','-','-','-','-'),
 ('00177','PERTUZ','KAREN','-','-','001','-','-','-','-','-'),
 ('00178','ZOZAYA DE TORREALBA','MAGDALENA','-','-','001','-','-','-','-','-'),
 ('00179','CASTRO','IRIS','-','-','037','-','-','-','-','-'),
 ('00180','MARTINEZ','RAFAEL','-','-','001','-','-','-','-','-'),
 ('00181','FAJARDO','CHRISTIAN','-','-','035','-','-','-','-','-'),
 ('00182','PEREZ DE LAZO','ALILENI','-','-','001','-','-','-','-','-'),
 ('00183','CONTRERAS','ITZA','-','-','001','-','-','-','',''),
 ('00184','GOMEZ','MILAGROS','-','-','001','-','-','-','',''),
 ('00185','MARTINEZ SAMPERE','JUAN JOSE','-','-','173','-','-','-','',''),
 ('00186','VITOLA','JOAO','-','-','027','-','-','-','',''),
 ('00187','VILLARROEL','AICARD','-','-','001','-','-','-','',''),
 ('00188','COLMENTER','LUIS FELIPE','-','-','001','-','-','-','',''),
 ('00189','MARTINEZ SAMPERE','JUAN JOSE','-','-','173','-','-','-','',''),
 ('00190','LOPEZ','EDGAR','-','-','001','-','-','','',''),
 ('00191','VELAZCO','LUIS EMIRO','-','-','001','-','-','','',''),
 ('00192',' HIRSCHHAUT','ELIZABETH','-','-','001','-','-','-','',''),
 ('00193','ODREMAN','RODOLFO','-','-','001','-','-','-','',''),
 ('00194','CARRASQUERO','NOE','-','-','001','-','-','-','',''),
 ('00195','FEIJOO','JOSEFINA','-','-','001','-','-','-','',''),
 ('00196','FEIJOO','JOSEFINA','-','-','001','-','-','-','',''),
 ('00197','PIÑEIRO','DANIEL','-','-','010','-','-','-','',''),
 ('00198','BOSCH','FERNANDO6','-','-','001','-','-','-','',''),
 ('00199','BAUTISTA MORENO','JUAN','-','-','001','-','-','-','',''),
 ('00200','ROSAS','RAFAEL','-','-','001','-','-','-','',''),
 ('00201','CASTILLO ','GUSTAVO','-','-','001','-','-','-','',''),
 ('00202','PINO','MANUEL','-','-','001','-','-','-','',''),
 ('00203','HERRERA ','JOSE','-','-','001','-','-','-','',''),
 ('00204',' ESCRIBANO','PILAR','-','-','173','-','-','-','',''),
 ('00205','ACQUATELLA','HARRY','-','-','001','-','-','-','',''),
 ('00206','HERRERA','JOSE','-','-','001','-','-','-','',''),
 ('00207','LUGO','ADALBERTO','-','-','001','-','-','-','',''),
 ('00208','VELAZCO','LUIS E','-','-','001','-','-','-','',''),
 ('00209','ODREMAN','RODOLFO','-','-','001','<<','-','-','',''),
 ('00210','VILLANI','ANTONIETA','-','-','001','-','-','-','',''),
 ('00211','MARTINEZ','FLORANGEL','-','','001','-','-','-','',''),
 ('00212','MADRID  VITERI','XIMENES','-','-','001','-','-','-','',''),
 ('00213','RAMOS','OSWALDO','-','-','001','-','-','-','',''),
 ('00214','MUÑOZ','JUAN SIMON','-','-','001','-','-','-','',''),
 ('00215','LEVY','JIMMI','-','-','001','-','-','-','',''),
 ('00216','MARINARO','ANGELA','-','-','001','-','-','-','',''),
 ('00217','LINARES','GUSTAVO','-','-','001','-','-','-','',''),
 ('00218','ZEVALLOS','JUAN CARLOS','-','-','129','-','-','-','',''),
 ('00219','FINIZOLA','ROSA MARIA','-','-','001','-','-','-','',''),
 ('00220','KADUO','ARAI','-','-','001','-','-','-','',''),
 ('00221','LA ERA','VICENTE','-','-','173','-','-','-','',''),
 ('00222','BARRIOS','VICENCIO','-','-','173','-','-','-','',''),
 ('00223','ZERPA','CARLOS','-','-','001','-','-','-','',''),
 ('00224','RODRIGUEZ','HERNAN','-','-','001','-','-','-','',''),
 ('00225','TAGGART','DAVID','-','-','001','-','-','-','',''),
 ('00226','MENDOZA ','IVAN','-','-','001','-','-','-','',''),
 ('00227','MARQUEZ','JUAN','-','-','001','-','-','-','',''),
 ('00228','ALARCON DE NOYA','BELKISYOLE','-','-','001','-','-','-','',''),
 ('00229','HERRERA','JOSE','-','-','001','-','-','-','',''),
 ('00230','GRISAFI','ANTONELLA','-','-','001','-','-','-','',''),
 ('00231','WAISMAN','GABRIEL','-','-','010','-','-','-','',''),
 ('00232','ISEA','JESUS','-','-','001','-','-','-','',''),
 ('00233','COLAN','JUAN','-','-','001','-','-','-','',''),
 ('00234','DE LA SIERRA','ALEX','-','-','173','-','-','-','',''),
 ('00235','ACOSTA MARTINEZ','JULIO','-','-','001','-','-','-','',''),
 ('00236','LOPEZ GOMEZ','LUIS','-','-','001','-','-','-','',''),
 ('00237','LOPEZ NOUEL','ROBERTO','-','-','001','-','-','-','',''),
 ('00238',' FINIZOLA CELLI','BARTOLOME','-','-','001','-','-','-','',''),
 ('00239','MACHADO ','IVAN','-','-','001','-','-','-','',''),
 ('00240','VERGARA','GLORIA','-','-','001','-','<<','','',''),
 ('00241','MORENO','ORLANDO','-','-','001','-','-','-','',''),
 ('00242','ACUÑA','MANUEL','-','-','001','-','-','-','',''),
 ('00243','LANDAETA ','ISIS','-','-','001','-','-','','',''),
 ('00244','MELENDEZ','MARIBEL','-','-','001','-','-','-','',''),
 ('00245','ZAPATA','JOSE RAMON','-','-','001','-','-','-','',''),
 ('00246','LOPEZ','NORA','-','-','001','-','-','-','',''),
 ('00247','OCTAVIO','JOSE A','-','-','001','-','-','-','',''),
 ('00248','CONTRERAS','JESUS','-','-','001','-','-','-','',''),
 ('00249','RODRIGUEZ','ELSY','-','-','001','-','-','-','',''),
 ('00250','RODRIGUEZ DE ROA','ELSY','-','-','001','-','-','-','',''),
 ('00251','PAYARES','AGUSTIN','-','-','001','-','-','-','',''),
 ('00252','OCTAVIO','JOSE A','-','-','001','-','-','-','',''),
 ('00253','LOPEZ','JESUS','-','-','001','-','-','-','',''),
 ('00254','BORGHI','CLAUDIO','-','-','087','-','-','-','',''),
 ('00255','URBINA','DOUGLAS','A','A','001','A','A','A','',''),
 ('00256','BLANCO','GISELA','-','-','001','-','-','-','',''),
 ('00257','RODRIGUEZ','VELIZ','-','-','001','-','-','-','',''),
 ('00258','GUERRA','DINOHRA','-','-','001','-','-','-','',''),
 ('00259','LUGLI','ZORAIDE','-','-','001','-','-','-','',''),
 ('00260','MILLAN CUETO','ANGEL','-','-','001','-','-','-','',''),
 ('00261','BRAJKOVICH','IMPERIA','-','-','001','-','-','-','',''),
 ('00262','SOLTERO','IVAN','-','-','001','-','-','-','',''),
 ('00263','CARDIER','JOSE','-','-','001','-','-','-','',''),
 ('00264','BEER','NUSEEN','-','-','001','-','-','-','',''),
 ('00265','FALCONE','MARINELA','-','-','001','-','-','-','',''),
 ('00266','CARDENAS','CARLOS GUILLERMO','-','-','001','-','-','-','',''),
 ('00267','PEREZ GONZALES','JUAN','-','-','001','-','-','-','',''),
 ('00268','CURIEL','ROBERTO','-','-','001','-','-','-','',''),
 ('00269','BRANDI','SERGIO','-','-','001','-','-','-','',''),
 ('00270','LOPÈZ ','ABELARDO','-','-','001','-','-','-','',''),
 ('00271','RONDON','MAURICIO','-','-','001','-','-','-','-',''),
 ('00272','BENEJAM','CARLOS','-','-','001','-','-','-','',''),
 ('00273','LA CRUZ RONDON','MARIA J','-','-','001','-','-','-','',''),
 ('00274','MARTINEZ','PABLO','-','-','001','-','-','-','',''),
 ('00275','PACHECO','CARLOS','-','-','001','-','-','-','',''),
 ('00276','GONZALEZ','EDUARDO','-','-','001','-','-','-','',''),
 ('00277','CALMON','GUSTAVO','-','-','001','-','-','-','',''),
 ('00278','SILVA','EGLE','-','-','001','-','-','-','',''),
 ('00279','VILLASMIL','JOSE','-','-','001','-','-','-','',''),
 ('00280','BRACHO','MAYELA','-','-','001','-','-','-','',''),
 ('00281','BRACHO','MAYELA','-','-','001','-','-','-','',''),
 ('00282','SIERRA','ESTEBAN','-','-','001','-','-','-','',''),
 ('00283','PEREZ','G','-','-','001','-','-','-','',''),
 ('00284','PEREZ','G','-','-','001','-','-','-','',''),
 ('00285','GUERRA','F E','-','-','001','-','-','-','',''),
 ('00286','GUERRA','F E','-','-','001','-','-','-','',''),
 ('00287','GUERRA','F E','-','-','001','-','-','-','',''),
 ('00288','GUERRA','F E','-','-','001','-','-','-','',''),
 ('00289','RUIZ ','M','-','-','001','-','-','','',''),
 ('00290','PACHECO','S','-','-','001','-','-','-','',''),
 ('00291','STURIZ','N Y','-','-','001','-','-','-','',''),
 ('00292','ZURITA','C','-','-','001','-','-','-','',''),
 ('00293','DONIS','I','-','-','001','-','-','','',''),
 ('00294','SANCHEZ','A','-','-','001','-','-','-','',''),
 ('00295','LOPEZ','A','-','-','001','-','-','-','',''),
 ('00296','GUERRERO','JUAN R','-','-','001','-','-','-','',''),
 ('00297','TRUJILLO','LOURDES','-','-','001','-','-','-','',''),
 ('00298','FEBRES ','CECILIA','-','-','001','-','-','-','',''),
 ('00299','AGREDA','ALGIMIRO','-','-','001','-','-','-','',''),
 ('00300','DISCUA','LILIAM','-','-','001','-','-','-','',''),
 ('00301','FLOREZ','RAYMA','-','-','001','-','-','-','',''),
 ('00302','PEREIRA','CANDIDA','-','-','001','-','-','-','',''),
 ('00303','BOLIVAR','MARY','-','-','001','-','-','-','',''),
 ('00304','ELIAS','MARIO','-','-','001','-','-','-','-',''),
 ('00305','HAMILTON','E','-','-','001','-','-','-','',''),
 ('00306','FRAGACHAN','F','-','-','001','-','-','-','',''),
 ('00307','VALLEJO','C','-','-','001','-','-','-','-',''),
 ('00308','CHUKI','E','-','-','001','-','-','-','',''),
 ('00309','ALVARADO','EDILMAR','-','-','001','-','-','-','',''),
 ('00310','RIVAS','MARIANA','-','-','001','-','-','-','',''),
 ('00311','ALVARADO','ALFONSO','-','-','001','-','-','-','',''),
 ('00312','BELLO','MARIA LUISA','-','-','001','-','-','-','',''),
 ('00313','BRICEÑO','MARIA','-','-','001','-','-','-','',''),
 ('00314','RODRIGUEZ','CLAUDINA','-','-','001','-','-','-','',''),
 ('00315','BONFANTE','RAFAEL','-','-','001','-','-','-','',''),
 ('00316','BELLO','MARIA LUISA','-','-','001','-','-','-','',''),
 ('00317','MIRANDA','ROSA','-','-','001','-','-','-','',''),
 ('00318','CASTRO','PEDRO','-','-','001','-','-','-','',''),
 ('00319','VALECILLO','EMILIO','-','-','001','-','-','-','',''),
 ('00320','ORTA','JORGE','-','-','001','-','-','-','',''),
 ('00321','MIJARES','M','-','-','001','-','-','-','',''),
 ('00322','RODRIGUEZ','A','-','-','001','-','-','-','',''),
 ('00323','RODRIGUEZ LARRALDE','A','-','-','001','-','-','-','',''),
 ('00324','ESPINOZA','R','-','-','001','-','-','-','',''),
 ('00325','CARVAJAL','Z','-','-','001','-','-','-','',''),
 ('00326','GIL','A','-','-','001','-','-','-','',''),
 ('00327','NAGY','E','-','-','001','<<','-','-','',''),
 ('00328','AROCHA PIÑANGO','CL','-','-','001','-','-','-','',''),
 ('00329','R ORTEGA','ROSA','-','-','001','-','-','-','',''),
 ('00330','LOPEZ','M','-','-','001','-','-','-','',''),
 ('00331','VARGAS','M','-','-','001','-','-','-','',''),
 ('00332','SALAZAR','F','-','-','001','-','-','-','',''),
 ('00333','MENDOZA','M','-','-','001','-','-','-','',''),
 ('00334','GARCIA','F','-','-','001','-','-','-','',''),
 ('00335','PATIÑO','JOSE','-','-','001','-','-','-','',''),
 ('00336','BENENATI','VICTOR','-','-','001','-','-','-','',''),
 ('00337','BENENATI','VICTOR','-','-','001','-','-','-','',''),
 ('00338','PULIDO','JOSE','-','-','001','-','-','-','',''),
 ('00339','POLER','MARCOS','-','-','001','-','-','-','',''),
 ('00340','CENTENO','ISRAEL','-','-','001','-','-','-','',''),
 ('00341','LANES','JOSEPH','-','-','001','-','-','-','',''),
 ('00342','RIVAS','RAFAEL','-','-','001','-','-','-','-',''),
 ('00343','ARAB','GRACIELA','-','-','001','-','-','-','',''),
 ('00344','CALDERON','L','-','-','001','-','-','-','',''),
 ('00345','BARRIOS','E','-','-','001','-','-','-','',''),
 ('00346','GARCIA','G','-','-','001','-','-','-','',''),
 ('00347','BRACHO','K','-','-','001','-','-','-','',''),
 ('00348','OCHOA','P','-','-','001','-','-','-','',''),
 ('00349','PATIÑO','J','-','-','001','-','-','-','',''),
 ('00350','MENDEZ','R','-','-','001','-','-','-','',''),
 ('00351','MALDONADO','V','-','-','001','-','-','-','',''),
 ('00352','LARA','A','-','-','001','-','-','-','',''),
 ('00353','HAMANA','L','-','-','001','-','-','-','',''),
 ('00354','MORON','WE','-','-','001','-','-','-','',''),
 ('00355','PALOMARES','R','-','-','001','-','-','-','',''),
 ('00356','DEL V OZAL','FLORES','-','-','001','-','-','-','',''),
 ('00357','MUJICA','PIÑATE','-','-','001','-','-','-','',''),
 ('00358','OSORIO','EY','-','-','001','-','-','-','',''),
 ('00359','S','BAGGIERI','-','-','001','-','-','-','',''),
 ('00360','NUÑEZ','L','-','-','001','-','-','-','',''),
 ('00361','AL TELLERIA','TORRES','-','-','001','-','-','-','',''),
 ('00362','GARCIA','E','-','-','001','-','-','-','',''),
 ('00363','ARIAS','J','-','-','001','-','-','-','',''),
 ('00364','PAYARES','S','-','-','001','-','-','-','',''),
 ('00365','MORON','F','-','-','001','-','-','-','',''),
 ('00366','LUGO','R','-','-','001','-','-','-','',''),
 ('00367','GONZALEZ','G','-','-','001','-','-','-','',''),
 ('00368','CONTRERAS','F','-','-','001','-','-','-','',''),
 ('00369','LARES','M','-','-','001','-','-','','',''),
 ('00370','MAGALDI','L','-','-','001','-','-','-','',''),
 ('00371','VELASCO','M','-','-','001','-','-','-','',''),
 ('00372','MARQUEZ QUERO','A','-','-','001','-','-','-','',''),
 ('00373','MARTINEZ GOMEZ','A','-','-','001','-','-','-','',''),
 ('00374','MARTINEZ GOMEZ','A','-','-','001','-','-','-','',''),
 ('00375','MARTINEZ GOMEZ','A','-','-','001','-','-','-','',''),
 ('00376','VELOZ PARRA','O','-','-','001','-','-','-','',''),
 ('00377','ORTEGA REYES','R','-','-','001','-','-','-','',''),
 ('00378','MENDOZA FIGUEROA','M','-','-','001','-','-','-','',''),
 ('00379','ARIAS ZAMBRANO','C','-','-','001','-','-','-','',''),
 ('00380','LOPEZ HIDALGO','M','-','-','001','-','-','-','',''),
 ('00381','O CAMARGO','VADEL','-','-','001','-','-','-','',''),
 ('00382','RODRIGUEZ','CARLOS','-','-','001','-','-','-','',''),
 ('00383','RIVERA','JOSE','-','-','001','-','-','-','',''),
 ('00384','MEJIA','JOSE','-','-','001','-','-','-','-',''),
 ('00385','A HIDALGO','JOAQUIN','-','-','001','-','-','-','',''),
 ('00386','ARANGU MUJICA','VLADIMIR','-','-','001','-','-','-','',''),
 ('00387','GONZALES','WILESIS','-','-','001','-','-','-','',''),
 ('00388','RUEDA','ENRRIQUE','-','-','001','-','-','-','',''),
 ('00389','MORA','ENVIDA','-','-','001','-','-','-','',''),
 ('00390','DUBERGE','RAMONA','-','-','001','-','-','-','',''),
 ('00391','RICCIARDELLI','M','-','-','001','-','-','-','',''),
 ('00392','RENGEL','J','-','-','001','-','-','-','',''),
 ('00393','MATA','E','-','-','001','-','-','-','',''),
 ('00394','MANRRIQUE','J','-','-','001','-','-','-','',''),
 ('00395','VILLORIA','G','-','-','001','-','-','-','',''),
 ('00396','GUEVARA','LEMPIRA','-','-','001','-','-','-','',''),
 ('00397','COHEN','AARON','-','-','001','-','-','-','',''),
 ('00398','MORALES','EDUARDO','-','-','001','-','-','-','',''),
 ('00399','LOPEZ','EDGAR','-','-','001','-','-','-','',''),
 ('00400','MADRID','G','-','-','001','-','-','-','',''),
 ('00401','ORTEAGA','E','-','-','001','-','-','-','',''),
 ('00402','BACILIO','M','-','-','001','-','-','-','',''),
 ('00403','FERRER','L','-','-','001','-','-','-','',''),
 ('00404','STOJAKOVIC','D','-','-','001','-','-','-','',''),
 ('00405','DELGADO','M','-','-','001','-','-','-','',''),
 ('00406','SANTIAGO','J','-','-','001','-','-','-','',''),
 ('00407','SALAS','JEFFERSON','-','-','001','-','-','-','',''),
 ('00408','BRITO','DANIEL','-','-','001','-','-','-','',''),
 ('00409','AREVALO','CASANDRA','-','-','001','-','-','-','',''),
 ('00410','LANDAETA','ISIS','-','-','001','-','-','-','',''),
 ('00411','MACHADO H','IVAN','-','-','001','-','-','-','',''),
 ('00412','OCHOA','CESAR','-','-','001','-','-','-','',''),
 ('00413','DE SUAREZ','CLAUDIA','-','-','001','-','-','-','',''),
 ('00414','HAMANA','LETICIA','-','-','001','-','-','-','',''),
 ('00415',' DUQUE','J','-','-','001','-','-','-','',''),
 ('00416','GOMEZ','J','-','-','001','-','-','-','',''),
 ('00417','PELLINO','M','-','-','001','-','-','-','',''),
 ('00418','TOVAR','S','-','-','001','-','-','-','',''),
 ('00419','DUARTE','M','-','-','001','-','-','-','',''),
 ('00420','LARA','G','-','-','001','-','-','-','',''),
 ('00421','MAIORANA','C','-','-','001','-','-','-','',''),
 ('00422','ACEVEDO','DORISAIDA','-','-','001','-','-','-','',''),
 ('00423','FINIZOLA','BARTOLOME','-','-','001','-','-','-','',''),
 ('00424','ALVAREZ','MARIANO','-','-','001','-','-','-','',''),
 ('00425','ALVAREZ','MARIANO','-','-','001','-','-','-','',''),
 ('00426','ARAY','JOSE','-','-','001','-','-','-','',''),
 ('00427','RODRIGUEZ ','FERNANDO','-','-','001','-','-','-','',''),
 ('00428','RODRIGUEZ','FERNANDO','-','-','001','-','-','-','',''),
 ('00429','GERALDINO','OSCAR','-','-','001','-','-','-','',''),
 ('00430','ARIAS','CRUZ','-','-','001','-','-','-','',''),
 ('00431','FIGUERA','YEMINA','-','-','001','-','-','-','',''),
 ('00432','GOTOPO','HECTOR','-','-','001','-','-','-','',''),
 ('00433','CENTENO','YSRAEL','-','-','001','-','-','-','',''),
 ('00434','CABELLO','DORIS','-','-','001','-','-','-','',''),
 ('00435','MARTINEZ','INES','-','-','001','-','-','-','',''),
 ('00436','VASQUEZ','DAMASO','-','-','001','-','-','-','',''),
 ('00437','TELLEZ','RAMON','-','-','001','-','-','-','',''),
 ('00438','ZERPA ','CARLOS','-','-','001','-','-','-','',''),
 ('00439','DUPLAT','ANDRES','-','-','001','-','-','-','',''),
 ('00440','GONZALEZ','EDDY','-','-','001','-','-','-','',''),
 ('00441','SOTO','PAUL','-','-','001','-','-','-','',''),
 ('00442','GRAZIANO','PEDRO','-','-','001','-','-','-','',''),
 ('00443','LARA','HEYDI','-','-','001','-','-','-','',''),
 ('00444','VILLARRAGA','HECTOR','-','-','001','-','-','','',''),
 ('00445','GOMEZ','JOSE RAMON','-','-','001','-','-','-','',''),
 ('00446','MICHELENA','HECTOR','-','-','001','-','-','-','',''),
 ('00447','CASTILLO','GUSTAVO','-','-','001','-','-','-','',''),
 ('00448','RODRIGUEZ','LEONARDO','-','-','001','-','-','-','',''),
 ('00449','MICHELENA ','HECTOR','-','-','001','-','-','-','',''),
 ('00450','RODRIGUEZ','HERNAN','-','-','001','-','-','-','',''),
 ('00451','BORZELLINO','CALOGERINO','-','-','001','-','-','-','',''),
 ('00452','BORRERO','M J ','-','-','001','-','-','','',''),
 ('00453','CASSINELLI','M','-','-','001','-','-','','',''),
 ('00454','PECORA ','GIUSEPPINA','-','-','001','-','-','-','',''),
 ('00455','BACALAO','ALVARO','-','-','001','-','-','-','',''),
 ('00456','MENDOZA','PABLO','-','-','001','-','-','-','',''),
 ('00457','MUÑOZ','GUSTAVO','-','-','001','-','-','-','',''),
 ('00458','RODRIGUEZ','LUIS A','-','-','001','-','-','-','',''),
 ('00459','GUIDA','MYRIAM','-','-','001','-','-','-','',''),
 ('00460','GUIDA','GUSTAVO','-','-','001','-','-','-','',''),
 ('00461','GUIDA','MAXIMO','-','-','001','-','-','-','',''),
 ('00462','SEQUERA','MIGUEL','-','-','001','-','-','-','',''),
 ('00463','SEQUERA','MIGUEL','-','-','001','-','-','-','',''),
 ('00464','VERA','RICHARD','-','-','001','-','-','-','',''),
 ('00465','ALVAREZ','DICKSON','-','-','001','-','-','-','',''),
 ('00466','SOJO ','ISRAEL','-','-','001','-','-','-','',''),
 ('00467','YANEZ','INDIRA','-','-','001','-','-','-','',''),
 ('00468','YANEZ','INDIRA','-','-','001','-','-','-','',''),
 ('00469','VALECILLOS','LUIS','-','-','001','-','-','-','',''),
 ('00470','DIAS','LUIS','-','-','001','-','-','-','',''),
 ('00471','REINAGA','VICTOR','-','-','001','-','-','-','',''),
 ('00472','SILVA','GASTON','-','-','001','-','-','-','',''),
 ('00473','MORENO','ORLANDO','-','-','001','-','-','-','',''),
 ('00474','LA FORGIA','GIAMBATTISTA','-','-','001','-','-','-','',''),
 ('00475','GARCIA','DAVID','-','-','001','-','-','-','',''),
 ('00476','LAMURA','GRACIELA','-','-','001','-','-','-','',''),
 ('00477','NASSER','CHADI','-','-','001','-','-','-','',''),
 ('00478','REGOLI','XIOMARA','-','-','001','-','-','-','',''),
 ('00479','PIAMO','LUANNE','-','-','001','-','-','','',''),
 ('00480','PEDRO','GRACCIANO','-','-','001','-','-','-','',''),
 ('00481','MACK','MICHAEL','-','-','001','-','-','-','',''),
 ('00482','POMERANTZEFF','PABLO','-','-','027','-','-','-','',''),
 ('00483','VILLANI','ANTONIETA','-','-','001','-','-','-','',''),
 ('00484','POMERANTZEFF','PABLO','-','-','001','-','-','-','',''),
 ('00485','UMAÑA','JUAN PABLO','-','-','037','-','-','-','',''),
 ('00486','SILVA','GASTON','-','-','001','-','-','','',''),
 ('00487','BOSCH','FERNANDO','-','-','001','-','-','-','',''),
 ('00488','GOMEZ','JOSE RAMON','-','-','001','-','-','-','',''),
 ('00489','MORR','IGOR','-','-','001','-','-','-','',''),
 ('00490','MENDOZA','CARLOS','-','-','001','-','-','','',''),
 ('00491','VERRI','HEBBER','-','-','001','-','-','-','',''),
 ('00492','LOPEZ NOUEL','ROBERTO','-','-','001','-','-','-','',''),
 ('00493','UZCATEGUI','GERARDO','-','-','001','-','-','-','',''),
 ('00494','PALACIOS','IGOR','-','-','051','-','-','-','',''),
 ('00495','PALACIOS','IGOR','-','-','051','-','-','-','',''),
 ('00496','WIELGOSZ','ANDREAS','-','-','001','-','-','-','',''),
 ('00497','BORGHI','CLAUDIO','-','-','087','-','-','-','',''),
 ('00498','MARVAL','JESUS','-','-','001','-','-','-','',''),
 ('00499','MARVAL','JESUS','-','-','001','-','-','-','',''),
 ('00500','KADUO','ARAI','-','-','001','-','-','-','',''),
 ('00501','GONZALES','NESTOR','-','-','001','-','-','-','',''),
 ('00502','ACUÑA','MANUEL','-','-','001','-','-','','',''),
 ('00503','FEBRES','CECILIA','-','-','001','-','-','-','',''),
 ('00504','AGUILAR','RAMON','-','-','001','-','-','-','',''),
 ('00505','DE GOUVEIA','MARIA','-','-','001','-','-','-','',''),
 ('00506','MENDEZ','NEDINA COROMOTO','-','-','001','-','-','-','',''),
 ('00507','CABRERA','ELIDA','-','-','001','-','-','','',''),
 ('00508','TUETI','ISAAC','-','-','001','-','-','-','',''),
 ('00509','MARTINEZ','LUIS','-','-','001','-','-','','',''),
 ('00510','SANTIAGO','JUSTO','-','-','001','-','-','-','',''),
 ('00511','ECHEVERRIA','FIDEL','-','-','001','-','-','-','',''),
 ('00512','GARCIA','ELEAZAR','-','-','001','-','-','-','',''),
 ('00513','AROCHA','ILDELFONSO','-','-','001','-','-','-','',''),
 ('00514','FERMIN','ENRRIQUE','-','-','001','-','-','','',''),
 ('00515','MILLAN','CUETO','-','-','001','-','-','-','',''),
 ('00516','SANABRIA','TOMAS','-','-','001','-','-','','',''),
 ('00517','CORDIDO','MARIELBA','-','-','001','-','-','','',''),
 ('00518','CHAPANGNE','BEATRIZ','-','-','051','-','-','','',''),
 ('00519','WIELGOSZ','ANDREAS','-','-','001','-','-','','',''),
 ('00520','BIANCO','EDUARDO','-','-','001','-','-','-','',''),
 ('00521','DE TERESA','EDUARDO','-','-','001','-','-','-','',''),
 ('00522','SAAVEDRA','LEONARDO','-','-','001','-','-','','',''),
 ('00523','terzic','carmen','-','-','001','-','-','-','',''),
 ('00524','GAU','GERALD','-','-','051','-','-','-','',''),
 ('00525','BENAIN','BRISEIDA','-','-','001','-','-','','',''),
 ('00526','ILARRAZA','HERMES','-','-','109','-','-','','',''),
 ('00527','PAYARES','AGUSTIN','-','-','001','-','-','','',''),
 ('00528','MONTERO ','AURA','-','-','001','-','-','-','',''),
 ('00529','LOPEZ','JESUS','-','-','001','-','-','-','',''),
 ('00530','MAROTTO','JOSE','-','-','173','-','-','-','',''),
 ('00531','FELIX','PERAZA','-','-','001','-','-','-','',''),
 ('00532','CHAMI','JORGE','-','-','001','-','-','-','',''),
 ('00533','REQUENA','RAMON','-','-','001','-','-','','',''),
 ('00534','RAMIREZ','LEONARDO','-','-','001','-','-','','',''),
 ('00535','RODRIGUEZ','CARLOS','-','-','001','-','-','','',''),
 ('00536','GRAZIANO','PEDRO','-','-','001','-','-','','',''),
 ('00537','PATETE','MANUEL','-','-','001','-','-','','',''),
 ('00538','MURATONE','CLAUDIO','-','-','010','-','-','','',''),
 ('00539','PEREZ VILLACASTIN','JULIAN','-','-','173','-','-','','',''),
 ('00540','MENDEZ','PEDRO','-','-','001','-','-','','',''),
 ('00541','MENDEZ','FRANSISCO','-','-','001','-','-','','',''),
 ('00542','FUMERO','PATRICIA','-','-','001','-','-','','',''),
 ('00543','BENCHETRIT','CHAMIA','-','-','001','-','-','','',''),
 ('00544','ESCUDERO','JAIME','-','-','001','-','-','','',''),
 ('00545','CORREA ','TRINI','-','-','001','-','-','','',''),
 ('00546','ROA','HERNAN','-','-','001','-','-','','',''),
 ('00547',' DE PAOLA','ANGELO','-','-','027','-','-','-','',''),
 ('00548','MORENO PAREDES','ORLANDO ASDRUBAL','-','-','001','-','-','','',''),
 ('00549','GUERRA ','PABLO','-','-','037','-','-','','',''),
 ('00550','BORZELLINO','DIEGO','-','-','001','-','-','-','',''),
 ('00551','AMADEODIAZ','AMADEO','-','-','001','-','-','','',''),
 ('00552','RIVERA','HUMBERTO','-','-','001','-','-','','',''),
 ('00553','TORREALBA','CARLOS','-','-','001','-','-','','',''),
 ('00554','ACQUALELLA','HARRY','-','-','001','-','-','','',''),
 ('00555','RONDON','MAURICIO','-','-','001','-','-','','',''),
 ('00556','UMAÑA','JUAN PABLO','-','-','001','-','-','','',''),
 ('00557','UMAÑA','JUAN PABLO','-','-','037','-','-','','',''),
 ('00558','JATENE','MARCELO','-','-','001','-','-','-','',''),
 ('00559','JATENE','MARCELO','-','-','027','-','-','','',''),
 ('00560','JARAMILLO','JUAN CAMILO','-','-','001','-','-','','',''),
 ('00561','DONIS','IGOR','-','-','001','-','-','','',''),
 ('00562','BELLO','ALEXIS','-','-','001','-','-','','',''),
 ('00563','RODRIGUEZ','HERMAN','-','-','001','-','-','','',''),
 ('00564','ABECASSIS','NISSIN','-','-','001','-','-','','',''),
 ('00565','MESSERLI','FRANZ H','-','-','155','-','-','','',''),
 ('00566','SOTO','LEONARDO','-','-','001','-','-','','',''),
 ('00567','D ARMATA','SALVADOR','-','-','001','-','-','','',''),
 ('00568','PLUCHINO','SALVATORE','-','-','001','-','-','','',''),
 ('00569','FLISER','DANILO','-','-','004','-','-','','',''),
 ('00570','DEPINI','SANTOS','-','-','001','-','-','','',''),
 ('00571','HERNANDEZ','HUGO','-','-','109','-','-','','',''),
 ('00572','CASTRO','NOHEL','-','-','001','-','-','','',''),
 ('00573','CARRILLO','EUCLIDES','-','-','001','-','-','','',''),
 ('00574','STRAGA','JOSE','-','-','001','<<','-','','',''),
 ('00575','AMARO','JUAN','-','-','001','-','-','','',''),
 ('00576','IZAGUIRRE','LEONARDO','-','-','001','<<','-','','',''),
 ('00577','RUIZ','MARIA ALEJANDRA','-','-','001','-','-','','',''),
 ('00578','CHIRINOS','LUIS','-','-','001','-','-','','',''),
 ('00579','GUERRA','FRANCYS','-','-','001','-','-','','',''),
 ('00580','PABON','LUIS','-','-','001','-','-','','',''),
 ('00581','PRIETO','JORGE','-','-','001','-','-','','',''),
 ('00582','CAPECCHI','MARIA','-','-','001','-','-','','',''),
 ('00583','SIVERIO','JORGE','-','-','001','-','-','','',''),
 ('00584','AMAIR','PABLO','-','-','001','-','-','','',''),
 ('00585','DEPINI','SANTOS','-','-','010','-','-','','',''),
 ('00586','CARLINI','RAULA','-','-','001','-','-','','',''),
 ('00587','ASCANIO','RAFAEL','-','-','001','-','-','','',''),
 ('00588','ARTETA','FEDERICO','-','-','001','-','-','','',''),
 ('00589','MARTINEZ','FLORANGEL','-','-','001','-','-','','',''),
 ('00590','MADRID','LEONARDO','-','-','001','-','-','','',''),
 ('00591','RUIZ','JOSE FELIX','-','-','001','-','-','','',''),
 ('00592','ANZOLA ','GUSTAVO','-','-','001','-','-','','',''),
 ('00593','HERRERA','NATASHA','-','-','001','-','-','','',''),
 ('00594','HERRERA ','MELINA','-','-','001','-','-','','',''),
 ('00595','HERNANDEZ','EDSON','-','-','001','-','-','','',''),
 ('00596','MELKON','ROSE','-','-','001','-','-','','',''),
 ('00597','ALBORNOZ','OSWALDO','-','-','001','-','-','','',''),
 ('00598','J THOMAS','RANDAL','-','-','051','-','-','','',''),
 ('00599','TERZIC','CARMEN','-','-','051','-','-','','',''),
 ('00600','ANTEPARA','NORKA','-','-','001','-','-','','',''),
 ('00601','MORALES BRICEÑO','EDUARDO','-','-','001','-','-','','',''),
 ('00602','ROSENTHAL','JACOBO','-','-','001','-','-','','',''),
 ('00603','KOPECHY','STEPHEN','-','-','051','-','-','','',''),
 ('00604','BENAIM','BRISEIDA','-','-','001','-','-','','',''),
 ('00605','ALLISON','THOMAS','-','-','051','-','-','','',''),
 ('00606','VILLORIA','GUILLERMO','-','-','001','-','-','','',''),
 ('00607','LEVY','JIMMI','-','-','001','-','-','','',''),
 ('00608','PALACIOS','IGOR','-','-','001','-','-','','',''),
 ('00609','IGLESSIS','IGNACIO','-','-','001','-','-','','',''),
 ('00610','MORIS DE LA TASSA','CESAR','-','-','173','-','-','','',''),
 ('00611','BURGUER','BRUNO','-','-','001','-','-','','',''),
 ('00612','GALAN','CARLOS','-','-','001','-','-','','',''),
 ('00613','BURGER','BRUNO','-','-','001','-','-','','',''),
 ('00614','TOVAR','SIMON','-','-','001','-','-','','',''),
 ('00615','IZQUIERDO','JUAN PABLO','-','-','001','-','-','','',''),
 ('00616','MENDOZA','PABLO','-','-','001','-','-','','',''),
 ('00617','MENDOZA','PABLO','-','-','001','-','-','','',''),
 ('00618','REGOLI','X','-','-','001','-','-','','',''),
 ('00619','VALDERRAMA','D','-','-','001','-','-','','',''),
 ('00620','GARCIA','DAVID','-','-','001','-','-','','',''),
 ('00621','GARCIA','ENRRIQUE','-','-','001','-','-','','',''),
 ('00622','DE SANTOLO','GEORGE','-','-','001','-','-','','',''),
 ('00623','LA FORGIA','GIAMBATTISTTA','-','-','001','-','-','','',''),
 ('00624','SILVA','GASTON','-','-','001','-','-','','',''),
 ('00625','SOJO','I','-','-','001','-','-','','',''),
 ('00626','YANEZ','I','-','-','001','-','-','','',''),
 ('00627','VERA','R','-','-','001','-','-','','',''),
 ('00628','ALVAREZ','D','-','-','001','-','-','','',''),
 ('00629','SEQUERA','M','-','-','001','-','-','','',''),
 ('00630','CASTELLANOS','Y','-','-','001','-','-','','',''),
 ('00631','REINAGA','V','-','-','001','-','-','','',''),
 ('00632','FAJARDO','CHRISTIAN','-','-','035','-','-','','',''),
 ('00633','YEPEZ DE BORZELLINO','MARIA','-','-','001','-','-','','',''),
 ('00634','PEREZ DE LAZO','ALILENI','-','-','001','-','-','','',''),
 ('00635','CASTRO','IRIS','-','-','037','-','-','','',''),
 ('00636','SALVATORE','BIBBO','-','-','001','-','-','','',''),
 ('00637','BIANCO','EDUARDO','-','-','001','-','-','-','',''),
 ('00638','MURGUIA','ELENA','-','-','001','-','-','-','',''),
 ('00639','GRANCELLI','HUGO','-','-','001','-','-','-','',''),
 ('00640','MELE','EDUARDO','-','-','010','-','-','-','',''),
 ('00641','POZO','EDGAR','-','-','024','-','-','-','',''),
 ('00642','PALANDRI  CHAGAS','ANTONIO CARLOS','-','-','027','-','-','-','',''),
 ('00643','DERON','JAIME','-','-','037','-','-','-','',''),
 ('00644','HEUSSER','FELIPE','-','-','035','-','-','-','',''),
 ('00645','ROURA','ENRRIQUE','-','-','047','-','-','-','',''),
 ('00646','PANIAGUA DE DECOUD','MARIA','-','-','125','-','-','-','',''),
 ('00647','ESPINOZA SOLIS','JAIME','-','-','126','-','-','','',''),
 ('00648','VASQUEZ','HORACIO','-','-','164','-','-','-','',''),
 ('00649','DEBARON Y ESQUIVIAS','EDUARDO','-','-','173','-','-','-','',''),
 ('00650','RODRIGUEZ','JOSE GREGORIO','-','-','001','-','-','-','',''),
 ('00651','MORALES BRICEÑO','EDUARDO','-','-','001','-','-','-','',''),
 ('00652','POMPINI','JOSE','-','-','001','-','-','-','',''),
 ('00653','GALAN','CARLOS','-','-','001','-','-','-','',''),
 ('00654','OCHOA','ORLANDO','-','-','001','-','-','-','',''),
 ('00655','CELLI','BARTOLOME','-','-','051','-','-','-','',''),
 ('00656','ESCRIBANO','PILAR','-','-','173','-','-','-','',''),
 ('00657','CHAZZIN','GERARDO','-','-','001','-','-','-','',''),
 ('00658','LOPRESTI','AURELIO','-','-','001','-','-','-','',''),
 ('00659','MENDEZ','NEDINA COROMOTO','-','-','001','-','-','-','',''),
 ('00660','MENDEZ','REINA','-','-','001','-','-','-','',''),
 ('00661','OLIVARES ','DOUGLAS','-','-','001','-','-','-','',''),
 ('00662','SANDOVAL','JULIO','-','-','001','-','-','-','',''),
 ('00663','AGUILAR','RAMON','-','-','001','-','-','-','',''),
 ('00664','SORIA','ALBERTO','-','-','001','-','-','-','',''),
 ('00665','MARIN','ABIGAIL','-','-','001','-','-','-','',''),
 ('00666','GOTOPO','HECTOR','-','-','001','-','-','-','',''),
 ('00667','JACIR','ALFONSO','-','-','001','-','-','-','',''),
 ('00668','HERNANDEZ','RAFAEL','-','-','001','-','-','-','',''),
 ('00669','FLORES DE FINIZOLA','AURIS','-','-','001','-','-','-','',''),
 ('00670','MEZA','YOLIMAR','-','-','001','-','-','-','',''),
 ('00671','MADEIRA','HUGO','-','-','001','-','-','-','',''),
 ('00672','RQUES','JUAN','-','-','001','-','-','-','',''),
 ('00673','BRITO','DULCE','-','-','128','-','-','-','',''),
 ('00674','MATHEUS','ALVARO','-','-','001','-','-','-','',''),
 ('00675','MOLEIRO','FEDERICO','-','-','001','-','-','-','',''),
 ('00676','RAMIREZ','LEONARDO','-','-','001','-','-','-','',''),
 ('00677','SANCHEZ','MARTHA','-','-','001','-','-','-','',''),
 ('00678','RODRIGUEZ PLAZA','LUIS','-','-','001','-','-','-','',''),
 ('00679','ANTEPARA',' NORA','-','-','001','-','-','-','',''),
 ('00680','E VILLORIA','NORA','-','-','001','-','-','-','',''),
 ('00681','ANZOLA','GUSTAVO','-','-','001','-','-','-','',''),
 ('00682','SANCHEZ GOLDING','ORLANDO','-','-','001','-','-','-','',''),
 ('00683','DE SUCRE','NURY','-','-','001','-','-','-','',''),
 ('00684','BORGES','FEDERICO','-','-','001','-','-','-','',''),
 ('00685','CONDADO','JOSE ANTONIO','-','-','001','-','-','-','',''),
 ('00686','LDERA','CARLOS','-','-','001','-','-','-','',''),
 ('00687','LANDER','BERNARDO','-','-','001','-','-','-','',''),
 ('00688','ROIZENTAL','MOISES','-','-','001','-','-','-','',''),
 ('00689','MAITAS','LEONARDO','-','-','001','-','-','-','',''),
 ('00690','LUQU','JUAN','-','-','001','-','-','-','',''),
 ('00691','GUARDIEL','ORLANDO','-','-','001','-','-','-','',''),
 ('00692',' AZOCAR','LICIA','-','-','001','-','-','-','',''),
 ('00693','RONDON ','MAURICIO','-','-','001','-','-','-','',''),
 ('00694','MURATONE','CLAUDIO','-','-','173','-','-','-','',''),
 ('00695','MANZUR','FERNANDO','-','-','037','-','-','-','',''),
 ('00696','CARBONELL','LUIS MANUEL','-','-','001','-','-','-','',''),
 ('00697','DONES','WISTREMUNDO','-','-','129','-','-','-','',''),
 ('00698','WINKEL','NATHALY','-','-','001','-','-','-','',''),
 ('00699',' MARTINEZ','EGLIS ','-','-','001','-','-','-','',''),
 ('00700','PEÑALOZA','CARLOS','-','-','001','-','-','-','',''),
 ('00701','MOSQUERA','ARMANDO','-','-','001','-','-','-','',''),
 ('00702','xcbvzxcv','zxcv','zxcv','zxcv','001','-','-','-','-','-');


--
-- Definition of table `gevtcuentasbancos`
--

CREATE TABLE `gevtcuentasbancos` (
  `codcue` varchar(2) NOT NULL,
  `numcue` varchar(25) NOT NULL,
  `codban` varchar(3) NOT NULL,
  `tipcue` varchar(1) NOT NULL,
  PRIMARY KEY  (`codcue`)
) ENGINE=InnoDB DEFAULT CHARSET=latin1;

--
-- Dumping data for table `gevtcuentasbancos`
--

INSERT INTO `gevtcuentasbancos` (`codcue`,`numcue`,`codban`,`tipcue`) VALUES 
 ('01','0105-0276-4812-7600-4354','002','C');


--
-- Definition of table `gevtdhoteles`
--

CREATE TABLE `gevtdhoteles` (
  `codhot` varchar(3) NOT NULL,
  `numare` int(11) NOT NULL,
  `codarehot` varchar(4) default NULL,
  `nomare` varchar(30) default NULL
) ENGINE=MyISAM DEFAULT CHARSET=latin1;

--
-- Dumping data for table `gevtdhoteles`
--

INSERT INTO `gevtdhoteles` (`codhot`,`numare`,`codarehot`,`nomare`) VALUES 
 ('003',1,'0024','Acuarium (200)'),
 ('002',1,'0025','Positano (200)'),
 ('001',1,'0026','Guaqueri-Paraguachi (55)'),
 ('001',2,'0027','Yaque (20)'),
 ('001',3,'0028','Guayamuri-Macanao (55)'),
 ('001',4,'0029','Tirano La Restinga (55)'),
 ('001',5,'0030','Manzanillo (40)'),
 ('001',6,'0031','Nueva Cadiz (400)'),
 ('001',7,'0032','Auditorium (140)'),
 ('008',1,'0033','Salon Caracas'),
 ('010',1,'0034','Sala Cariben Suites'),
 ('011',1,'0035','Sala Marbella Mar'),
 ('012',1,'0036','Sala Flamingo '),
 ('013',1,'0037','Sala Acquarius'),
 ('014',1,'0038','Sala Lagunamar'),
 ('015',1,'0039','Primer Salon Howard Johnson'),
 ('016',1,'0040','SALON 1 MARGARITA PRINCESS'),
 ('017',1,'0041','SALON 1 MARGARITA SUITES'),
 ('018',1,'0042','AREA 1'),
 ('019',1,'0043','CROWNE PLAZA MARUMA'),
 ('020',1,'0044','Centro de Convenciones');


--
-- Definition of table `gevtdpatrocinantes`
--

CREATE TABLE `gevtdpatrocinantes` (
  `codpat` varchar(4) NOT NULL,
  `apeper` varchar(25) NOT NULL,
  `nomper` varchar(25) NOT NULL,
  `codcarpat` varchar(2) default NULL,
  `emaper` varchar(40) default NULL,
  `pasper` varchar(50) default NULL,
  `telofi` varchar(15) NOT NULL,
  `telcel` varchar(15) NOT NULL
) ENGINE=InnoDB DEFAULT CHARSET=latin1;

--
-- Dumping data for table `gevtdpatrocinantes`
--

INSERT INTO `gevtdpatrocinantes` (`codpat`,`apeper`,`nomper`,`codcarpat`,`emaper`,`pasper`,`telofi`,`telcel`) VALUES 
 ('0008','as','as','02','as@astrazeneca.com','81dc9bdb52d04dc20036dbd8313ed055','-','-'),
 ('0014','ds','ds','02','ds@daiichisankyo.com','81dc9bdb52d04dc20036dbd8313ed055','-','-'),
 ('0027','ed','ed','02','ed@dollder.com','81dc9bdb52d04dc20036dbd8313ed055','-','-'),
 ('0029','gl','gl','02','ga@galeno.com','81dc9bdb52d04dc20036dbd8313ed055','-','-'),
 ('0032','gv','gv','02','gv@gvm.com','81dc9bdb52d04dc20036dbd8313ed055','-','-'),
 ('0033','hm','hm','02','hm@hospalmedica.com','81dc9bdb52d04dc20036dbd8313ed055','-','-'),
 ('0035','lv','lv','02','lv@vivax.com','81dc9bdb52d04dc20036dbd8313ed055','-','-'),
 ('0036','lm','lm','02','lm@letimaccardio.com','81dc9bdb52d04dc20036dbd8313ed055','-','-'),
 ('0041','spu','spu','02','spu@scheringploughunilab.com','81dc9bdb52d04dc20036dbd8313ed055','-','-'),
 ('0043','sc','sc','02','sc@sonocare.com','81dc9bdb52d04dc20036dbd8313ed055','-','-'),
 ('0008','GONZALEZ','VICTORIA','02','vgonzalez@gc.com.ve','81dc9bdb52d04dc20036dbd8313ed055','0212-7143000','0412-2231854'),
 ('0008','CABRERA','MARJORIE','04','mcabrera@gc.com.ve','81dc9bdb52d04dc20036dbd8313ed055','0212-7143000','0412-3374447'),
 ('0013','MENDEZ','NESTOR','04','nestor.mendez@spcorp.com','81dc9bdb52d04dc20036dbd8313ed055','0212-2022039','0414-1250106'),
 ('0013','PAEZ','PAOLA','02','paola.paez@spcorp.com','81dc9bdb52d04dc20036dbd8313ed055','0212-2022075','0412-6063639'),
 ('0014','GOMEZ','JORGE','04','jgomez@leti.com.ve ','81dc9bdb52d04dc20036dbd8313ed055','0212-3602533','0424-2269901'),
 ('0014','FASANO','FLORELVIA','04','ffasano@leti.com.ve','81dc9bdb52d04dc20036dbd8313ed055','0212-3602517','0424-2269864'),
 ('0017','MORA','CECILIA','04','cmora@hospalmedica.com','81dc9bdb52d04dc20036dbd8313ed055','0212-9754670','0424-1500867'),
 ('0017','SCARDINO','GIOVANNA','02','gsacrdino@hospalmedica.com','81dc9bdb52d04dc20036dbd8313ed055','0212-9754670','0424-1500892'),
 ('0018','ACIVE VARGAS','LIL','04','lil.acive@roche.com','81dc9bdb52d04dc20036dbd8313ed055','-0212-2734620','-0414-0142984'),
 ('0027','OCANDO','ANA','02','aocando@valmorca.com.ve','81dc9bdb52d04dc20036dbd8313ed055','0212-2394109','0426-3186856'),
 ('0029','CEDEÑO','RITA','02','rcedeno@ve.roemmers.com','81dc9bdb52d04dc20036dbd8313ed055','7007693','0414-1148419'),
 ('0029','GONZALEZ','MAXIMO','04','mgonzalez@ve.roemmers.com','81dc9bdb52d04dc20036dbd8313ed055','7007693','0414-1250059'),
 ('0032','CARRION','JOSE ANTONIO','04','jose.carrion@diamedica.com.ve','81dc9bdb52d04dc20036dbd8313ed055','0212-5261111','0424-1830728'),
 ('0033','CERRADA BORQUEZ','SELMA','03','selmacerradaborquez@hotmail.com','81dc9bdb52d04dc20036dbd8313ed055','0261-7921470','0416-6612004'),
 ('0035','ARANCETA','CORINA DAINA','04','corina.daina@hospitalar.com.ve','81dc9bdb52d04dc20036dbd8313ed055','5528089','0424-2673540'),
 ('0036','TRINTADE','ISABEL','04','isabel.marketing@ameveca.com','81dc9bdb52d04dc20036dbd8313ed055','2854495','0414-1803382'),
 ('0016','MORALES ARANDA','ROSARIO','04','rosariomorales38@yahoo.es','81dc9bdb52d04dc20036dbd8313ed055','0212-9530729','0414-3029518'),
 ('0024','SANHUEZA','MARIA ELENA','04','msanhueza@daiichisankyo.com.ve','81dc9bdb52d04dc20036dbd8313ed055','0212-2578342','0414-0144374'),
 ('0024','VARGAS','MARIEL','02','mvargas@daiichisankyo.com.ve','81dc9bdb52d04dc20036dbd8313ed055','0212-2578342','0412-7240983'),
 ('0003','DISCIULLO','MONICA','02','monica.disciullo@astrazeneca.com','81dc9bdb52d04dc20036dbd8313ed055','0212-7003383','0424-1407002'),
 ('0003','FONG YING','SIUKIM','04','siu.fong@astrazeneca.com','81dc9bdb52d04dc20036dbd8313ed055','0212-7003371','0414-6020597'),
 ('0012','PEPE','ANTONIO','04','antonio.pepe@sanofi-aventis.com','81dc9bdb52d04dc20036dbd8313ed055','0212-2779277','0414-3120961'),
 ('0007','NOCENTINI BARÓ','ALEXANDRA','04','mnocentini@gvm.com.ve','81dc9bdb52d04dc20036dbd8313ed055','2078919','0416-6107066'),
 ('0043','RAIMATO','JOSE ANTONIO','03','jaraimato@hotmail.com','81dc9bdb52d04dc20036dbd8313ed055','8834303','04143248637'),
 ('0044','VELOSO','MAURICIO','03','mveloso@biogalenic.com.ve','81dc9bdb52d04dc20036dbd8313ed055','4615218','04265362896'),
 ('0044','RODRIGUEZ','LUIS','04','lrodriguez@biogalenic.com.ve','81dc9bdb52d04dc20036dbd8313ed055','4615218','04141077108'),
 ('0044','RIVERO','GILBERTO','02','grivero@biogalenic.com.ve','81dc9bdb52d04dc20036dbd8313ed055','4615218','04265362903'),
 ('0044','HERNANDEZ','ADRIANA','04','ahernandez@biogalennic.com.ve','81dc9bdb52d04dc20036dbd8313ed055','4615218','04141077108'),
 ('0044','SALAS','LILIANA','02','lsalas@biogalenic.com.ve','81dc9bdb52d04dc20036dbd8313ed055','02124615218','02124613821'),
 ('0023','SANABRIA','ADRIANA','04','adriana.sanabria@biotoscana.com','81dc9bdb52d04dc20036dbd8313ed055','7816879','0424-1615521'),
 ('0023','SEGOVIA','CESAR','04','cesar.segovia@biotoscana.com','81dc9bdb52d04dc20036dbd8313ed055','793-3126','0424-1618627'),
 ('0009','BADRA','OSIRIS','02','osiris.badra@vivax.com.ve','81dc9bdb52d04dc20036dbd8313ed055','-2036719','-04166188006'),
 ('0009','VILLANUEVA','FATIMA','04','fatima.villanueva@vivax.com.ve','81dc9bdb52d04dc20036dbd8313ed055','02122036763','04242994278'),
 ('0026','TORREALBA BRAVO','VANESSA','02','vanessa.torrealba@gsk.com','81dc9bdb52d04dc20036dbd8313ed055','-945-2122','-0412-9586819'),
 ('0026','LEON','ARBORY','02','arbory.leon@gsk.com','81dc9bdb52d04dc20036dbd8313ed055','9452122','04126229409'),
 ('0045','GUAL DOMINGUEZ','ISABEL CRISTINA','02','isabel_chabe@hotmail.com','81dc9bdb52d04dc20036dbd8313ed055','02428632011','04162036397'),
 ('0028','fl','fl','02','fl@ferrerleti.com','81dc9bdb52d04dc20036dbd8313ed055','-','-'),
 ('0028','RIVERO','YOSMAR','02','servicioalcliente@endotecnica.com','81dc9bdb52d04dc20036dbd8313ed055','7934580/7934672','0414-8954135'),
 ('0028','ARAUJO','ALUZBERT','04','atencionalcliente@endotecnica.com','81dc9bdb52d04dc20036dbd8313ed055','793-4672','0414-2540574'),
 ('0028','WHARWOOD','GRAZY','04','grazyw@endotecnica.com ','81dc9bdb52d04dc20036dbd8313ed055','0212 7934580','0414 2552928'),
 ('0046','ESPINOZA','MIRIAM','02','mespinoza1011@gmail.com','81dc9bdb52d04dc20036dbd8313ed055','02129793631','04241156893'),
 ('0046','DHALWANI','PRAKASH','04','prakash.dhawani@sunpharma.com','81dc9bdb52d04dc20036dbd8313ed055','02129793631','04242466436'),
 ('0011','CUKKEMANE','RAKESH','04','rakescr@drredys.com','81dc9bdb52d04dc20036dbd8313ed055','9764377','0424-2559775'),
 ('0011','FERNANDES','LUIS','02','luismercadeo@gmail.com','81dc9bdb52d04dc20036dbd8313ed055','9764377','0414-2344919'),
 ('0011','GODOY','LUIS ALFONSO','04','lgodoy_drlve@yahoo.es','81dc9bdb52d04dc20036dbd8313ed055','02129764900','04265464065'),
 ('0019','ab','ab','02','ab@abbottlaboratories.com','81dc9bdb52d04dc20036dbd8313ed055','-','-'),
 ('0019','FERRER ROJAS','ELISA','04','elisa.ferrer@farma.com.ve','81dc9bdb52d04dc20036dbd8313ed055','0212-0206202','0414-5235165'),
 ('0019','CORDIDO','NULISA','02','nulisa.cordido@farma.com.ve','81dc9bdb52d04dc20036dbd8313ed055','0212-2026252','0414-5235165'),
 ('0004','OSIO','CLAUDIA','02','COSIO@BIOTECH.COM.VE','81dc9bdb52d04dc20036dbd8313ed055','0212-9035400','0414-1311067'),
 ('0004','RADA','KARINA','02','compras2@biotech.com.ve','81dc9bdb52d04dc20036dbd8313ed055','02129035435','02129035438'),
 ('0042','Guzmán M','Jorge L','02','jorge.guzman@boehringer-ingelheim.com','81dc9bdb52d04dc20036dbd8313ed055','(212) 950.00.39','04141395121'),
 ('0042','Rodriguez','Cecilia','02','cecilia.rodriguez2@svcardiologia.org','81dc9bdb52d04dc20036dbd8313ed055','-','-'),
 ('0042','CASTRO ','LUZ','04','luz.castro@boehringer-ingelheim.com','81dc9bdb52d04dc20036dbd8313ed055','02129500067','04142054683'),
 ('0040','sp','sp','02','sp@scheringplough.com','81dc9bdb52d04dc20036dbd8313ed055','-','-'),
 ('0040','GALICIA TERAN','CARLED','02','cgalicia@leti.com.ve','81dc9bdb52d04dc20036dbd8313ed055','3602735','0414-1147568'),
 ('0040','MENDEZ B.','HELIANA C.','02','hmendez@leti.com.ve','81dc9bdb52d04dc20036dbd8313ed055','3602775','04241996841'),
 ('0040','JIMENEZ','ANA JULIA','04','anajuliajimenez@gmail.com','81dc9bdb52d04dc20036dbd8313ed055','02123601217','04122794974'),
 ('0005','USECHE SOTO','JUDITH','02','juseche40@hotmail.com','81dc9bdb52d04dc20036dbd8313ed055','0212-3602544','0416-6364432'),
 ('0005','GONZALEZ YIBIRIN','MARIA','03','MGONZALEZ@LETI.COM.VE','81dc9bdb52d04dc20036dbd8313ed055','0212-3610541','0416-6254848'),
 ('0034','RODRIGUEZ','CECILIA','01','cecilia.rodriguez@svcardiologia.org','81dc9bdb52d04dc20036dbd8313ed055','263.3060','04142856706'),
 ('0034','CARPIO','JOSE IGNACIO','04','jcarpio@labbehrens.com','81dc9bdb52d04dc20036dbd8313ed055','02127038437','04246118537'),
 ('0034','CIAMARICONI','PASCUALE','04','pciamariconi@labbehrens.com','81dc9bdb52d04dc20036dbd8313ed055','02127038437','04246118537'),
 ('0020','ALVAREZ','GLORIA MARINA','02','gloriamarina.alvarez.ga@bayer-ag.de','81dc9bdb52d04dc20036dbd8313ed055','0212-9052464','0424-1700721'),
 ('0025','cd','cd','02','cd@diagnoimagen.com','81dc9bdb52d04dc20036dbd8313ed055','-','-'),
 ('0025','ROMERO','ARELYS','02','aromero@cardioritmo.com','81dc9bdb52d04dc20036dbd8313ed055','2352821','0414-2505655'),
 ('0025','ANGEL','MYRIAM','02','myriam.angel@hotmail.com','81dc9bdb52d04dc20036dbd8313ed055','2352821','04242737579'),
 ('0037','me','me','02','me@mercksa.com','81dc9bdb52d04dc20036dbd8313ed055','-','-'),
 ('0037','CORTESIA','JANIN','02','jcortesia@sonocaremedical.com','81dc9bdb52d04dc20036dbd8313ed055','2322310','04125421417'),
 ('0037','AVILA','SOLEDAD','02','savila@sonika.com.ve','81dc9bdb52d04dc20036dbd8313ed055','4174189','04242291105'),
 ('0047','ZEA','WILMAN','02','wilman_zea@elmor.com.ve','81dc9bdb52d04dc20036dbd8313ed055','7712575','04149329921'),
 ('0002','AGUIAR','YOLANDA','04','Y.AGUIAR@ABBOTT.COM','81dc9bdb52d04dc20036dbd8313ed055','0212-7007117','0414-2326700'),
 ('0002','DAMATO','BARBARA','02','barbara.damato@abbott.com','81dc9bdb52d04dc20036dbd8313ed055','7007269','04143037440'),
 ('0048','COLMENARES','INDIRA','02','icolmenares@nolver.com','81dc9bdb52d04dc20036dbd8313ed055','9185628','04241809947'),
 ('0049','SOLER','EDGARDO','02','corporaciondai@cantv.net','81dc9bdb52d04dc20036dbd8313ed055','02432411038','04143451198'),
 ('0050','URBANEJA','NALUA','02','nalua.urbaneja@roche.com','81dc9bdb52d04dc20036dbd8313ed055','02122734568','02122734603'),
 ('0038','rm','rm','02','rm@medicasyoma.com','81dc9bdb52d04dc20036dbd8313ed055','-','-'),
 ('0038','GARCIA','OLY','04','ogarcia@zuoz.com','81dc9bdb52d04dc20036dbd8313ed055','4090226','04149896161'),
 ('0038','LINARES','AURIBEL','02','alinares@zuoz.com','81dc9bdb52d04dc20036dbd8313ed055','02124090227','02124090227'),
 ('0021','bv','bv','02','bv@bayerventavis.com','81dc9bdb52d04dc20036dbd8313ed055','-','-'),
 ('0021','URBAEZ','CAROLINA','04','curbaez@leti.com.ve','81dc9bdb52d04dc20036dbd8313ed055','3602424','0424-2189365'),
 ('0021','MAYORA','YENSON','04','yenson.mayora2@leti.com.ve','81dc9bdb52d04dc20036dbd8313ed055','3602755','0414-3091603'),
 ('0051','VARGAS','LUIS','04','lvargas@valmorca.com.ve','81dc9bdb52d04dc20036dbd8313ed055','02122394109','04166376287'),
 ('0030','FALCON','CAROLINA','02','carolina.falcon@pfizer.com','81dc9bdb52d04dc20036dbd8313ed055','0212-6302313','0424-1967024'),
 ('0030','MARTINEZ','JESSICA','02','jessica.martinez2@pfizer.com','81dc9bdb52d04dc20036dbd8313ed055','02126302302','04241967019'),
 ('0030','MOLERO','SILVIA','04','silvia.molero@pfizer.com','81dc9bdb52d04dc20036dbd8313ed055','02126302900','02126302353'),
 ('0010','SORATE','LAURA','04','laura.sorate@novartis.com','81dc9bdb52d04dc20036dbd8313ed055','2732240','0414-1400087'),
 ('0010','RIVERA','JACKELINE','04','jackeline.rivera@novartis.com','81dc9bdb52d04dc20036dbd8313ed055','2108340','04122013774'),
 ('0010','OJEDA','EGLEE','04','eglee.ojeda@sandoz.com','81dc9bdb52d04dc20036dbd8313ed055','0212 2108340','04122013774'),
 ('0052','usuario','medical','02','usuario@rsmmedicalcatch','81dc9bdb52d04dc20036dbd8313ed055','-','-'),
 ('0053','yoma','yoma','01','yoma@yoma','81dc9bdb52d04dc20036dbd8313ed055','-','-'),
 ('0054','pdvsa','pdvsa','01','pdvsa@pdvsa','81dc9bdb52d04dc20036dbd8313ed055','-','-'),
 ('0055','sonika','sonika','02','sonika@sonika.com','81dc9bdb52d04dc20036dbd8313ed055','-','-'),
 ('0022','bp','bp','02','bp@behrenspharma.com','81dc9bdb52d04dc20036dbd8313ed055','-','-'),
 ('0022','JIMENEZ','CORINA','04','cojimenez@leti.com.ve','81dc9bdb52d04dc20036dbd8313ed055','3602681','0424-2246805'),
 ('0022','MONASCAL','MAGICELL','01','maggicell@hotmail.com','81dc9bdb52d04dc20036dbd8313ed055','04143665455','04122376600'),
 ('0022','carlos','hernandez','02','chernandez@leti.com.ve','81dc9bdb52d04dc20036dbd8313ed055','-','-'),
 ('0056','sei','sei','02','sei@sei.com','81dc9bdb52d04dc20036dbd8313ed055','-','-'),
 ('0057','bret','bret','01','bret@bret','81dc9bdb52d04dc20036dbd8313ed055','-','-'),
 ('0031','BUCCIARELLI','RITA','02','rita.bucciarelli@merck.com.ve','81dc9bdb52d04dc20036dbd8313ed055','2351379','0414-2327099'),
 ('0031','FALATO','JUAN','04','jfalato@merck.com.ve','81dc9bdb52d04dc20036dbd8313ed055','2732039','0412-2290073'),
 ('0031','otro rita','ggg','02','rbucciarelli@merck.com.ve','81dc9bdb52d04dc20036dbd8313ed055','-','-'),
 ('0015','GONZALEZ VILLAMIZAR','MARILYN','02','marilyn_gonzalez@merck.com','81dc9bdb52d04dc20036dbd8313ed055','02122155530','04143665820'),
 ('0015','AMATE','JOHANMIG','01','johanmig_amate@merck.com','81dc9bdb52d04dc20036dbd8313ed055','0212-2125490','0414-1349021'),
 ('0001','ascardio','ascardio','01','ascardio@ascardio.com','d93591bdf7860e1e4ee2fca799911215','-','-'),
 ('0006','RAMIREZ','SUSAN','04','SUSRAM7514@GMAIL.COM','81dc9bdb52d04dc20036dbd8313ed055','0212-2381155','0412-9592452'),
 ('0006','LORETO','YOLETTY','04','YOLETTY.LORETO@VE.NETGRS.COM','81dc9bdb52d04dc20036dbd8313ed055','0212-2381155','0412-2478683'),
 ('0006','CORTEZ','YESENIA','04','yesenia.cortez@ve.netgrs.com','81dc9bdb52d04dc20036dbd8313ed055','02122381155','02122394208');


--
-- Definition of table `gevtdponentesespecialidad`
--

CREATE TABLE `gevtdponentesespecialidad` (
  `codpon` varchar(5) NOT NULL,
  `codesp` varchar(3) NOT NULL
) ENGINE=InnoDB DEFAULT CHARSET=latin1;

--
-- Dumping data for table `gevtdponentesespecialidad`
--

INSERT INTO `gevtdponentesespecialidad` (`codpon`,`codesp`) VALUES 
 ('00009','001'),
 ('00010','001'),
 ('00006','001'),
 ('00007','001'),
 ('00008','001'),
 ('00011','001'),
 ('00012','001'),
 ('00013','001'),
 ('00014','001'),
 ('00015','001'),
 ('00016','001'),
 ('00017','001'),
 ('00018','001'),
 ('00019','001'),
 ('00020','001'),
 ('00021','001'),
 ('00022','001'),
 ('00023','001'),
 ('00024','001'),
 ('00025','001'),
 ('00026','001'),
 ('00027','001'),
 ('00028','001'),
 ('00029','001'),
 ('00030','001'),
 ('00031','001'),
 ('00032','001'),
 ('00033','001'),
 ('00034','001'),
 ('00035','017'),
 ('00036','001'),
 ('00037','001'),
 ('00038','001'),
 ('00039','001'),
 ('00040','001'),
 ('00041','001'),
 ('00042','001'),
 ('00043','001'),
 ('00044','001'),
 ('00046','001'),
 ('00047','001'),
 ('00048','018'),
 ('00049','018'),
 ('00050','019'),
 ('00051','020'),
 ('00052','017'),
 ('00053','021'),
 ('00054','001'),
 ('00055','001'),
 ('00056','001'),
 ('00057','001'),
 ('00058','001'),
 ('00059','001'),
 ('00060','001'),
 ('00061','001'),
 ('00062','001'),
 ('00063','001'),
 ('00064','001'),
 ('00065','001'),
 ('00066','001'),
 ('00045','001'),
 ('00067','001'),
 ('00068','001'),
 ('00069','001'),
 ('00070','001'),
 ('00071','001'),
 ('00072','001'),
 ('00073','001'),
 ('00074','001'),
 ('00075','001'),
 ('00076','001'),
 ('00077','001'),
 ('00078','001'),
 ('00079','001'),
 ('00080','001'),
 ('00081','001'),
 ('00082','001'),
 ('00083','001'),
 ('00084','001'),
 ('00085','001'),
 ('00086','001'),
 ('00087','001'),
 ('00088','001'),
 ('00089','001'),
 ('00090','001'),
 ('00091','001'),
 ('00092','001'),
 ('00093','001'),
 ('00094','001'),
 ('00095','001'),
 ('00096','001'),
 ('00097','001'),
 ('00099','001'),
 ('00098','001'),
 ('00100','001'),
 ('00101','001'),
 ('00102','001'),
 ('00103','001'),
 ('00104','001'),
 ('00105','001'),
 ('00106','001'),
 ('00107','001'),
 ('00108','001'),
 ('00109','001'),
 ('00110','001'),
 ('00111','001'),
 ('00112','001'),
 ('00113','001'),
 ('00114','001'),
 ('00115','001'),
 ('00116','001'),
 ('00117','001'),
 ('00118','001'),
 ('00119','001'),
 ('00120','001'),
 ('00121','001'),
 ('00122','001'),
 ('00123','004'),
 ('00124','006'),
 ('00125','001'),
 ('00126','001'),
 ('00127','001'),
 ('00128','001'),
 ('00129','001'),
 ('00130','001'),
 ('00131','001'),
 ('00132','001'),
 ('00133','001'),
 ('00134','001'),
 ('00135','001'),
 ('00136','001'),
 ('00137','001'),
 ('00138','001'),
 ('00139','001'),
 ('00140','001'),
 ('00141','001'),
 ('00142','001'),
 ('00143','001'),
 ('00144','001'),
 ('00145','001'),
 ('00146','005'),
 ('00147','001'),
 ('00148','001'),
 ('00149','001'),
 ('00150','001'),
 ('00151','001'),
 ('00152','001'),
 ('00153','001'),
 ('00154','001'),
 ('00155','001'),
 ('00156','001'),
 ('00157','001'),
 ('00158','001'),
 ('00159','001'),
 ('00160','001'),
 ('00161','001'),
 ('00162','001'),
 ('00164','001'),
 ('00163','001'),
 ('00165','001'),
 ('00166','001'),
 ('00167','001'),
 ('00168','001'),
 ('00169','001'),
 ('00170','001'),
 ('00171','001'),
 ('00172','001'),
 ('00173','001'),
 ('00174','001'),
 ('00175','001'),
 ('00176','001'),
 ('00177','001'),
 ('00178','001'),
 ('00179','001'),
 ('00180','001'),
 ('00181','001'),
 ('00182','001');


--
-- Definition of table `gevtdponentespatrocinante`
--

CREATE TABLE `gevtdponentespatrocinante` (
  `codpon` varchar(5) NOT NULL,
  `codpat` varchar(4) NOT NULL
) ENGINE=InnoDB DEFAULT CHARSET=latin1;

--
-- Dumping data for table `gevtdponentespatrocinante`
--

INSERT INTO `gevtdponentespatrocinante` (`codpon`,`codpat`) VALUES 
 ('00006','0008'),
 ('00007','0008'),
 ('00008','0008'),
 ('00011','0005'),
 ('00012','0011'),
 ('00013','0011'),
 ('00014','0011'),
 ('00015','0011'),
 ('00016','0011'),
 ('00017','0011'),
 ('00018','0005'),
 ('00019','0005'),
 ('00020','0005'),
 ('00021','0005'),
 ('00022','0009'),
 ('00023','0017'),
 ('00024','0017'),
 ('00025','0006'),
 ('00026','0006'),
 ('00027','0010'),
 ('00028','0010'),
 ('00030','0009'),
 ('00031','0015'),
 ('00032','0015'),
 ('00033','0015'),
 ('00034','0015'),
 ('00035','0015'),
 ('00036','0015'),
 ('00037','0005'),
 ('00038','0005'),
 ('00039','0005'),
 ('00040','0005'),
 ('00041','0018'),
 ('00042','0018');


--
-- Definition of table `gevtespecialidades`
--

CREATE TABLE `gevtespecialidades` (
  `codesp` varchar(3) NOT NULL,
  `nomesp` varchar(40) NOT NULL,
  PRIMARY KEY  (`codesp`)
) ENGINE=InnoDB DEFAULT CHARSET=latin1;

--
-- Dumping data for table `gevtespecialidades`
--

INSERT INTO `gevtespecialidades` (`codesp`,`nomesp`) VALUES 
 ('001','CARDIOLOGIA'),
 ('002','GINECOLOGIA'),
 ('003','OBSTETRICIA'),
 ('004','CARDIOLOGA INFANTIL'),
 ('005','HEMODINAMIA'),
 ('006','CIRUJANO CARDIOVASCULAR'),
 ('007','PEDIATRA'),
 ('008','ELECTROFISIOLOGA'),
 ('009','REUMATOLOGA'),
 ('010','INTERNISTA'),
 ('011','OCUPACIONAL'),
 ('012','GENERAL'),
 ('013','INTERNISTA-END'),
 ('014','CARD.INTERV'),
 ('015','R3 CARDIO'),
 ('016','CARDIOLOGIA PRUEBA'),
 ('017','NEUMOLOGIA'),
 ('018','PSICOLOGO CLINICO'),
 ('019','EPIDEMIOLOGO'),
 ('020','ABOGADO'),
 ('021','INGENIERO'),
 ('022','ECOCARDIOGRAFIA'),
 ('023','NEFROLOGO'),
 ('024','ANESTESIOLOGIA - PERFUSIONISTA'),
 ('025','BIOLOGO'),
 ('026','CARDIOLOGO - HEMODINAMISTA'),
 ('027','CIENCIAS FISIOLOGICAS'),
 ('028','CIRUJANO'),
 ('029','DISTRIBUIDOR'),
 ('030','ENFERMERIA'),
 ('031','ESPECIALISTA'),
 ('032','ESTUDIANTE'),
 ('033','ESTUDIANTE TECNICO'),
 ('034','GERENTE DE VENTAS'),
 ('035','GINECO - OBSTETRA'),
 ('036','INSTRUMENTISTA'),
 ('037','INTERNISTA - CARDIOLOGO'),
 ('038','INVITADO INTERNACIONAL'),
 ('039','BIOANALISIS'),
 ('040','LICENCIATURA'),
 ('041','MEDICINA GENERAL'),
 ('042','PEDIATRA FARMACOLOGO CLINICO'),
 ('043','PERFUSIONISTA'),
 ('044','RADIOLOGIA'),
 ('045','REPRESENTANTE DE VENTAS'),
 ('046','RESIDENTE DE CARDIOLOGIA'),
 ('047','RESIDENTE DE MEDICINA INTERNA'),
 ('048','RESIDENTE'),
 ('049','TECNICO CARDIOPULMONAR'),
 ('050','TECNICO'),
 ('051','TECNICO EN MARCAPASO'),
 ('052','TECNICO EN HEMODINAMIA');


--
-- Definition of table `gevtespecialidadesinsc`
--

CREATE TABLE `gevtespecialidadesinsc` (
  `codesp` varchar(3) NOT NULL,
  `nomesp` varchar(40) NOT NULL,
  PRIMARY KEY  (`codesp`)
) ENGINE=InnoDB DEFAULT CHARSET=latin1;

--
-- Dumping data for table `gevtespecialidadesinsc`
--

INSERT INTO `gevtespecialidadesinsc` (`codesp`,`nomesp`) VALUES 
 ('001','CARDIOLIOGIA'),
 ('002','PEDIATRIA'),
 ('003','OBSTETRICIA'),
 ('004','ESTUDIANTE'),
 ('005','ENFERMERIA'),
 ('006','RESIDENTE'),
 ('007','TECNICO'),
 ('008','MEDICO GENERAL'),
 ('009','CIRUJANO CARDIOVASCULAR'),
 ('010','NEUMONOLOGIA'),
 ('011','NEFROLOGO'),
 ('012','MEDICINA INTERNA'),
 ('050','OTRA ESPECIALIDAD MEDICA'),
 ('051','OTRA');


--
-- Definition of table `gevtestados`
--

CREATE TABLE `gevtestados` (
  `codest` char(3) NOT NULL,
  `nomest` char(50) default NULL,
  PRIMARY KEY  (`codest`)
) ENGINE=InnoDB DEFAULT CHARSET=latin1;

--
-- Dumping data for table `gevtestados`
--

INSERT INTO `gevtestados` (`codest`,`nomest`) VALUES 
 ('001','AMAZONAS'),
 ('002','ANZOATEGUI'),
 ('003','APURE'),
 ('004','ARAGUA'),
 ('005','BARINAS'),
 ('006','BOLIVAR'),
 ('007','CARABOBO'),
 ('008','COJEDES'),
 ('009','DELTA AMACURO'),
 ('010','FALCON'),
 ('011','LARA'),
 ('012','MERIDA'),
 ('013','MIRANDA'),
 ('014','MONAGAS'),
 ('015','NUEVA ESPARTA'),
 ('016','PORTUGUESA'),
 ('017','SUCRE'),
 ('018','TACHIRA'),
 ('019','TRUJILLO'),
 ('020','YARACUY'),
 ('021','ZULIA'),
 ('022','DISTRITO CAPITAL'),
 ('023','VARGAS'),
 ('024','GUARICO'),
 ('025','NO DEFINIDO');


--
-- Definition of table `gevtopciones`
--

CREATE TABLE `gevtopciones` (
  `poriva` double NOT NULL
) ENGINE=InnoDB DEFAULT CHARSET=latin1;

--
-- Dumping data for table `gevtopciones`
--

INSERT INTO `gevtopciones` (`poriva`) VALUES 
 (12);


--
-- Definition of table `gevtparticipaciones`
--

CREATE TABLE `gevtparticipaciones` (
  `codparpar` varchar(2) NOT NULL default '',
  `nomparpar` varchar(40) default NULL,
  `tipparpar` varchar(20) NOT NULL,
  PRIMARY KEY  (`codparpar`)
) ENGINE=InnoDB DEFAULT CHARSET=latin1;

--
-- Dumping data for table `gevtparticipaciones`
--

INSERT INTO `gevtparticipaciones` (`codparpar`,`nomparpar`,`tipparpar`) VALUES 
 ('01','Participante','PARTICIPANTE'),
 ('02','Conferencista','CONFERENCISTA'),
 ('03','Expositor','CONFERENCISTA'),
 ('08','Organizador','LOGISTICA'),
 ('09','Invitado Internacional','CONFERENCISTA'),
 ('11','Coordinador','LOGISTICA'),
 ('14','Acompañante','PARTICIPANTE');


--
-- Definition of table `gevtparticipantes`
--

CREATE TABLE `gevtparticipantes` (
  `codpar` varchar(10) NOT NULL default '',
  `apepar` varchar(25) default NULL,
  `nompar` varchar(25) default NULL,
  `cedpar` varchar(15) default NULL,
  `paspar` varchar(15) default NULL,
  `telhab` varchar(20) NOT NULL,
  `telcel` varchar(20) NOT NULL,
  `emapar` varchar(40) default NULL,
  `lugtra` varchar(150) default NULL,
  `codesp` varchar(3) NOT NULL,
  `codpai` varchar(3) NOT NULL,
  `nomciu` varchar(20) NOT NULL,
  `codaso` varchar(10) NOT NULL,
  `codtippar` varchar(2) NOT NULL,
  `codest` varchar(3) NOT NULL,
  `codmsms` varchar(10) NOT NULL,
  PRIMARY KEY  (`codpar`),
  KEY `codmsms` (`codmsms`)
) ENGINE=InnoDB DEFAULT CHARSET=latin1;

--
-- Dumping data for table `gevtparticipantes`
--

INSERT INTO `gevtparticipantes` (`codpar`,`apepar`,`nompar`,`cedpar`,`paspar`,`telhab`,`telcel`,`emapar`,`lugtra`,`codesp`,`codpai`,`nomciu`,`codaso`,`codtippar`,`codest`,`codmsms`) VALUES 
 ('0000000001','VARGAS','MARIA','12101167','','02418423926','04144213668','dmdlvt73@hotmail.com','universidad de carabobo','050','001','valencia','','01','007',''),
 ('0000000002','VERDE GONZÁLEZ','MARYGÜEL CAROLYS','16214837','','02432723850','0416. 745.90.90','maryguel_verde@hotmail.com','','004','001','Maracay','','01','004',''),
 ('0000000003','BENEJAM','CARLOS','10331147','','04144371883','04144371883','cbenejam@gmail.com','CPV la Viña','001','001','VALENCIA','','01','007','00016'),
 ('0000000004','GONZALEZ YIBIRIN','MARIA MAGDALENA','3820090','1526461','3610541','04166254848','mgonzalez@leti.com.ve','LABORATORIOS LETI','002','001','CARACAS','','01','022','12025'),
 ('0000000005','ALVAREZ','ADOLFO','3030901','','9754424','04166106850','cardiologiarolando@msn.com','Caracas','001','001','caracas','','01','022',''),
 ('0000000006','VELASCO','MANUEL','1986555','338822','3229468','04166247040','veloscom@cantv.net','ESCUELA DE MEDICINA JOSE MARIA VARGAS','001','001','CARACAS','','01','022','8369'),
 ('0000000007','DE VELASCO','MAGALY','3588759','1416139','3229468','04166247040','veloscom@cantv.net','','007','001','CARACAS','','03','022',''),
 ('0000000008','OCTAVIO','JOSE ANDRES','1751916','163845','5086326','04123211286','joseandres.octavio@gmail.com','HOSPITAL DE CLINICAS CARACAS','001','001','CARACAS','','01','022','8914'),
 ('0000000009','RODRIGUEZ MELENDEZ','ELSY BEATRIZ','3864575','002179216','4433103','04141274307','roaflia@cantv.net','UNIDAD MEDICO USLAR','001','001','CARACAS','','01','022','19495'),
 ('0000000010','TELLEZ MENDEZ','RAMON DARIO','3726204','01009772','0295-2635390','04145560990','telsal@hotmail.com','CONSULTORIO PRIVADO','012','001','PORLAMAR','','01','015','31341'),
 ('0000000011','CASTELLANO','ALBERTO','5171426','DO700741','0261-7530390','0414-6378769','dralbertocc@yahoo.com','HOSPITAL MANUEL NORIEGA TRIGO','050','001','MARACAIBO','','01','021','28881'),
 ('0000000012','TORRES CASTELLANOS','JHOAN BRISVANY','16408774','','04147177989','04147177989','jhoantorres2@hotmail.com','Hospital Militar San Cristobal','006','001','SAn Cristobal','','01','018',''),
 ('0000000013','TORTOLERO','ANGEL','7082313','','0416-6441370','0416-6441370','angeltortolerogonzalez@yahoo.es','','001','001','VALENCIA','','01','007','2341'),
 ('0000000014','FELICE','RAFAEL','7054708','','0414-4214292','0414-4214292','felice.rafael@gmail.com','','001','001','VALENCIA','','01','007','2342'),
 ('0000000015','BARILLAS CABEZA','OLIMAR','8341998','','0416-4190034','0416-4190034','obarillas2004@yahoo.com','','001','001','Valera','','01','025','45576'),
 ('0000000016','ZERPA','RICHARD','8035988','','0416-1397263','0416-1397263','rimazela@hotmail.com','','001','001','SAN CRISTOBAL','','01','018','000002'),
 ('0000000017','GUERRERO','ANDRES','8368139','','0412-7190163','0412-7190163','andresguerreo@cantv.net','ENERGIA Y MINAS','001','001','CARACAS','','01','022','2345'),
 ('0000000018','RODRIGUEZ','FERNANDO','3971535','','0416-6846709','0416-6846709','fernanheart@hotmail.com','','001','001','BARCELONA','','01','002','2346'),
 ('0000000019','RAMIREZ','NESTOR','8868486','','0416-2823594','0416-2823594','ramireznestor@hotmail.com','','001','001','ANACO','','01','002','2347'),
 ('0000000020','LUGO CASTILLO','RAFAEL','7769636','','0212-7626727','0414-3145602','lugocastillo@gmail.com','','001','001','CARACAS','','01','013','2348'),
 ('0000000021','ARREAZA','MANUEL','1715126','','0414-3476902','0414-3476902','marreaza@cantv.net','','001','001','MARACAY','','01','004','5653'),
 ('0000000022','BUCCE SALAZAR','ROSALY','11904841','','0414-8203794','0414-8203794','rosabuc@hotmail.com','','001','001','PUERTO LA CRUZ','','01','002','3030'),
 ('0000000023','RODRIGUEZ','EDITH','5696212','','0414-2529483','0414-2529483','edithisabel1960@yahoo.es','','001','001','CUMANA','','01','002','2080'),
 ('0000000024','QUINTANA RODRIGUEZ','MIGUEL ALEJANDRO ','9885476','','0414-0926773','0414-0926773','quintanamiguel@hotmail.com','','001','001','PUERTO LA CRUZ','','01','002','4030'),
 ('0000000025','RODRIGUEZ FLORES','CINDY GUDELIS','10927872','','0414-2444452','0414-2444452','cindyrodriguez2008@gmail.com','','001','001','PUERTO ORDAZ','','01','006','3065'),
 ('0000000026','MARCANO','ADELA','4951357','','0265-6233365','0414-8680453','jrodneym@gmail.com','','001','001','PUERTO ORDAZ','','01','006','37969'),
 ('0000000027','SAENZ LEIDINGER','HUGO','11121751','','0416-6143993','0416-6143993','hgsaenz@hotmail.com','','001','001','CARACAS','','01','013','25064'),
 ('0000000028','MISTICCHIO','FRANCESCA','5976314','','0412-7064558','0412-7064558','fmisticcio@gmail.com','','001','001','CARACAS','','01','013','33377'),
 ('0000000029','HERNANDEZ','HERIBERTO','4278923','','0412-7035407','0412-7035407','hernansez.h.8@hotmail.com','CLINICA NUEVA CARACAS','001','001','CARACAS','','01','013','5543'),
 ('0000000030','MENDOZA','IVAN','3122583','','0416-6278137','0416-6278137','ivanjm@cantv.net','','001','001','CARACAS','','01','013','0000'),
 ('0000000031','ACOSTA','JULIO','1469786','','0414-3363828','0414-3363828','acostajulio@yahoo.com','','001','001','CARACAS','','01','013','0003'),
 ('0000000032','VELASQUEZ','NESTOR','8411905','','0424-5046626','0424-5046626','nestorvel64@yahoo.com','','001','001','ACARIGUA','','01','016','0004'),
 ('0000000033','CASTILLO RANGEL','JOSE LUIS','9388342','','0424-5392715','0424-5392715','pralape@yahoo.com/justinacastillo@hotmai','','001','001','BARINAS','','01','005','0005'),
 ('0000000034','CONTRERAS PERNIA','MARIA DE LOS ANGELES','19577497','','0416-8755294','0426-5123835','mariita1921@homtail.com','','004','001','maracaibo','','01','021',''),
 ('0000000035','HERNANDEZ GUTIERREZ','CARLOS MANUEL','10553075','','02869205740','04142464380','drcarloshernandezg@gmail.com','HOSPITAL UYAPAR','050','001','PUERTO ORDAZ','','01','006',''),
 ('0000000036','ARAUJO','ADALBERTO','15432332','','04142356278','41167543256','daear@hotmail.com','patrocinio penuela','001','001','san cristobal','','01','018','15432332'),
 ('0000000038','GOITIA','ANGI','9807150','','0414-9690930','0414-9690930','angiegoitia@hotmail.com','','001','001','PUNTO FIJO','','01','010','0009'),
 ('0000000039','DUBUC','JORGE','13896234','','0424-1502507','0424-1502507','christian.galue@gmail.com','HOSPITAL GENERAL DEL SUR','006','001','','','04','021','68009'),
 ('0000000040','POSADA','RAUL','14415040','','0424-1502507','0424-1502507','christian.galue@gmail.com','HOSPITAL GENERAL DEL SUR','006','001','','','04','021','62389'),
 ('0000000041','FUENMAYOR','YAJAIRA','9343709','','0424-1502507','0424-1502507','christian.galue@gmail.com','HOSPITAL GENERAL DEL SUR','006','001','','','04','021','56936'),
 ('0000000042','VERA','ROSSY','12589239','','0424-1502507','0424-1502507','christian.galue@gmail.com','HOSPITAL GENERAL DEL SUR','006','001','','','04','021','63267'),
 ('0000000043','SEYFI','HAMID','14127386','','0424-1502507','0424-1502507','christian.galue@gmail.com','HOSPITAL GENERAL DEL SUR','006','001','','','04','021','65143'),
 ('0000000044','LOZANO GONZALEZ','ADRIAN ENRIQUE','13081224','','0424-1502507','0424-1502507','christian.galue@gmail.com','HOSPITAL GENERAL DEL SUR','006','001','MARACAIBO','','04','021','64506'),
 ('0000000045','PAZ','KATMIRI','13000592','','0424-1502507','0424-1502507','christian.galue@gmail.com','HOSPITAL GENERAL DEL SUR','006','001','','','04','021','65276'),
 ('0000000046','FARIAS','MARIA E.','12404005','','0424-1502507','0424-1502507','christian.galue@gmail.com','HOSPITAL GENERAL DEL SUR','006','001','','','04','021','66763'),
 ('0000000047','DELGADO','NERIO','13550954','','0414-6192200','0424-1502507','nerio77@yahoo.com','HOSPITAL CHIQUINQUIRA','001','001','','','01','021','66485'),
 ('0000000048','HERRERA','JOSE','3824216','','0414-3955911','0414-3955911','jhcardio@cantv.net','','001','001','PORLAMAR','','01','015','15491'),
 ('0000000049','ABAD M','HECTOR S','8253105','','02814183260','04148081546','hectorabad1970@hotmail.com','Hospital Dr. Domingo G Lander','051','001','Barcelona','','01','002',''),
 ('0000000050','CABAS','ARNALDO','6507459','','02122673344','04142466010','arnaldocabas@hotmail.com','','001','001','CARACAS','','01','013','2419'),
 ('0000000051','PEÑA','GREGORIA','7857199','','02656301825','04241407002','gregoria2001@cantv.net','','001','001','CIUDAD OJEDA','','01','021','38922'),
 ('0000000052','QUINTERO','ROBIN','9215140','','02619215140','04241407002','robinalexq@cantv.net','','001','001','MARACAIBO','','01','021','41586'),
 ('0000000053','VELARDE','MARTIN','7553680','','02122673344','04246168950','martinvel99@yahoo.com','','001','001','MARACAIBO','','01','021','45843'),
 ('0000000054','MEDINA','MEDARDO','2963560','','02122673344','04166802629','medardo.medina@hotmail.com','','001','001','BARCELONA','','01','002','12704'),
 ('0000000055','FIGUERA','EDMUNDO','10462849','','02934410949','04241407002','edmundoramon2006@yahoo.com','','001','001','CUMANA','','01','017','59018'),
 ('0000000056','OTERO','KARIN','5005973','','02122762733','04241407002','karinvog@hotmail.com','','001','001','CARACAS','','01','013','18775'),
 ('0000000057','CABALLERO','LIZ','10154457','','02122673344','04142454919','caballeroliz2@yahoo.com','','001','001','CARACAS','','01','013','51996'),
 ('0000000058','SANCHEZ','FRANCISCO','13014160','','02742632489','04241407002','franciscosanchez78@gmail.com','','001','001','MERIDA','','01','012','63729'),
 ('0000000059','ALBARRACIN','ANA','3073349','','02763435358','04241407002','draalbarracin@hotmail.com','','001','001','SAN CRISTOBAL','','01','018','10868'),
 ('0000000060','MARTINEZ','SOLANGE','7351214','','02122673344','4168031504','solangemartinezm@hotmail.com','','001','001','CARACAS','','01','013','36039'),
 ('0000000061','TORO','GLADYS','4365657','','02122673344','04141296970','ana_gamero1503@hotmail.com	','','001','001','CARACAS','','01','013','17286'),
 ('0000000062','MATA','EDGAR','1197101','','02122673344','04241407002','misomata@hotmail.com','','001','001','CARACAS','','01','013','12526'),
 ('0000000063','ARRIA','RICARDO','2154056','','02122673344','04241766135','ricardoarriasalazar@hotmail.com','','001','001','CARACAS','','01','013','7440'),
 ('0000000064','ESAA LEAL','ISIS','5627852','','02443220618','04241407002','ysisesaa@yahoo.com	','','001','001','LA VICTORIA','','01','004','32092'),
 ('0000000065','HENRIQUEZ','AGUSTIN','4456787','',' 02418225830','0414-3482672','ahj@cantv.net','','001','001','VALENCIA','','01','007','25261'),
 ('0000000066','DE ABREU NUÑEZ','JOSE RICARDO','7189631','','02432693671','04241407002','JOCABREU@CANTV.NET','','001','001','CAGUA','','01','004','43161'),
 ('0000000067','FERRER','LINDA','14401820','','02755553227','04241407002','lindamavilferrer@gmail.com','','001','001','MERIDA','','01','012','65361'),
 ('0000000068','ALMEIDA','NOEMI','8968676','','02122673344','04241407002','noemialmeida@hotmail.com','','001','001','CUMANA','','01','017','60398'),
 ('0000000069','RAMBOTTI','ORNELLA','4696992','','02127317649','04241407002','ornellalvarez@hotmail.com','','001','001','CARACAS','','01','013','32743'),
 ('0000000070','CEDEÑO','MARILIA','12472023','','02122673344','04143487878','doctoramarilia@hotmail.com','','001','001','VALENCIA','','01','007','70129'),
 ('0000000071','HERRERA','JOSE LUIS','9445736','','0212-2673344','0414-4191119','joselherrera@yahoo.com','','001','001','VALENCIA','','01','007','50741'),
 ('0000000072','ALVIZU','ZHABRINA','3896589','','02122673344','04143403896','ZHABRINA@MSN.COM','','001','001','VALENCIA','','01','007','24024'),
 ('0000000073','VALENTE','MARIA LAURA','19396594','','02122673344','04143410069','valentelaura@hotmail.com','','001','001','VALENCIA','','01','007','46362'),
 ('0000000074','BORGES','LUZ ALBA','7002920','','02122673344','04144423766','luzalbaborges13@htmail.com	','','001','001','VALENCIA','','01','007','25773'),
 ('0000000075','','','','','','','','','','','','','01','',''),
 ('0000000076','INFANTE PEROZO','EDUARDO PASTOR','7323121','','02122673344','04163505188','einfantei001@hotmail.com	','','001','001','BARQUISIMETO','','01','011','37787'),
 ('0000000077','PINTO','OLGA','7157491','','02122673344','04145681816','ratson4207@hotmail.com','','001','001','BARINAS','','01','005','37716'),
 ('0000000078','CRESPO','JOSE','4658554','','02122673344','04167515954','monica.disciullo@astrazeneca.com','','001','001','BARQUISIMETO','','01','011','18219'),
 ('0000000079','BLASCO','WILLIAM','5245314','','02122673344','04168072114','willianblasco2007@yahoo.es','','001','001','BARQUISIMETO','','01','011','47413'),
 ('0000000080','ROJAS','GERARDO','7906017','','02122673344','04128501001','geroco2007@gmail.com	','','001','001','BARQUISIMETO','','01','011','52969'),
 ('0000000081','FINIZOLA','VICENTE','14176115','','02122673344','04145268511','vfinizola@yahoo.com	','','006','001','BARQUISIMETO','','04','011','67117'),
 ('0000000082','FALCON','BLADIMIRO','12436511','','02122673344','04145088832','bladimirofalcon@yahoo.com','','001','001','BARQUISIMETO','','01','011','62151'),
 ('0000000083','ESPINOZA','NICOLAS','13544770','','02122673344','04148837319','njespinozat@hotmail.com	','','006','001','BARQUISIMETO','','04','011','68489'),
 ('0000000084','BARRETO','EVELYN','8293227','','02122673344','04148218805','evelynbarreto@gmail.com	','','006','001','BARQUISIMETO','','04','011','62911'),
 ('0000000085','MARTINEZ','SANDRA','24420407','','02122673344','04144049506','cardiology_78@hotmail.com	','','001','001','BARQUISIMETO','','01','011','69915'),
 ('0000000086','RONDON','JOSE','12153810','','02122673344','04140970982','josemarsella@hotmail.com	','','001','001','BARQUISIMETO','','01','011','70440'),
 ('0000000087','HOMES','ALFREDO','13264782','','02122673344','04145244725','ahomezlinfa@gmail.com','','006','001','BARQUISIMETO','','04','011','62040'),
 ('0000000088','GARCIA','RAFAEL','6576631','','02122673344','04166502704','rafaga39@hotmail.com	','','001','001','BARQUISIMETO','','01','011','34725'),
 ('0000000089','GUERRERO','WILLIAM','6801898','','02122673344','04145493465','monica.disciullo@astrazeneca.com','','001','001','SAN FELIPE','','01','011','35965'),
 ('0000000090','PARADA FUENTES','HENRY','3752540','','02122673344','04145670049','hpf2@intercable.net.ve','','001','001','BARINAS','','01','005','18589'),
 ('0000000091','MARIN','JAIME','6017918','','02122673344','04145673205','jamaca64@hotmail.com','','001','001','BARINAS','','01','005','28053'),
 ('0000000092','RODRIGUEZ RODRIGUEZ','RODOLFO ANTONIO','8179832','','02122673344','04148903579','rodolfovikingo@hotmail.com	','','001','001','PUERTO ORDAZ','','01','006','41709'),
 ('0000000093','LUQUE MATHEUS','JUAN JOSE','4921380','','02122673344','04148686795','jjluque@cantv.net	','','001','001','PUERTO ORDAZ','','01','006','27332'),
 ('0000000094','EL YAMEL ZEINE EL DINE','WELID','9289054','','02122673344','04148531438','weyzed@hotmail.com	','','001','001','PUERTO ORDAZ','','01','006','21526'),
 ('0000000095','MADRID VITERI','XIMENA PATRICIA','10572331','','02122673344','04145251275','ximenamadrid@yahoo.com','','001','001','PUERTO ORDAZ','','01','006','56569'),
 ('0000000096','RICHUSA','ROBERTO','9510218','','021226723344','04166399204','monica.disciullo@astrazeneca','','001','001','CARACAS','','01','013','43294'),
 ('0000000097','VILLAHERMOSA','LERGY JOSEFINA','4714851','','02122673344','04147612156 ','Lvilla12@cantv.net','','001','001','PUNTA DE MATA.','','01','017','21537'),
 ('0000000098','FIGUERA CHACIN','YEMINA JOSEFINA','8229774','','02122673344','0414- 7628781','yeminafiguera@gmail.com	','','001','001','MATURIN','','01','014','37649'),
 ('0000000099','MARQUEZ','INGRID LOURDES','10706787','','02122673344','04169165506.','ingridmarquez1@yahoo.com','','001','001','CARACAS','','01','013','56253'),
 ('0000000100','ALVARADO','ARMANDO','3932063','','0424-1502507','0424-1502507','christian.galu.servier@gmail.com','','001','001','','','01','021','15462'),
 ('0000000101','LEAL','MIGUEL','3096153','','0424-1502507','0424-1502507','christian.galue.servier@gmail.com','','001','001','','','01','021','12583'),
 ('0000000102','PEREIRA','NIURKA','9589362','','0414-2754515','0414-2754515','niurkapereira@yahoo.com','','001','001','PUNTO FIJO','','01','010','000009'),
 ('0000000103','DAS NIEVES','BARBARA','21766459','','02122673344','04147309064','CARINOSKY@HOTMAIL.COM','','001','001','MERIDA','','01','012','65782'),
 ('0000000104','MADRID','GABRIELA','14491569','','02122673344','04141886347','madridgabriela@hotmail.com','','001','001','MERIDA','','01','012','66922'),
 ('0000000105','BACILIO','DENYS MEYLYN','15181330','','02122673344','04147378154','meylynbl@hotmail.com','','001','001','MERIDA','','01','012','66828'),
 ('0000000106','HERNANDEZ','RAFAEL','2915522','','02122673344','04166515500','rhernan@cantv.net','','001','001','BARQUISIMETO','','01','011','12637'),
 ('0000000107','DIAZ HERNANDEZ','YAJAIRA','4361602','','0212-2854515','04166372304','yajairadiaz@cantv.net','INSTITUTO MEDICO LA FLORESTA','001','001','CARACAS','','01','022','21114'),
 ('0000000108','WEHBE HASSAN','KHALED YOUSSEF','16617568','','02122673344','04143863676','monica.disciullo@astrazeneca.com','','001','001','PUERTO ORDAZ','','01','006','3746'),
 ('0000000109','JIMENEZ','MARITZA','3830930','','0414-0596760','0414-0596760','marlonbravo2468@gmail.com','','001','001','PUNTO FIJO','','01','010','000007'),
 ('0000000110','MENDOZA','MARIA GABRIELA','15487100','','02122673344','0414-1127501','maga800@gmail.com	','','001','001','CARACAS','','01','013','72.579'),
 ('0000000111','VARGAS','RAUL','3831704','','02122673344','04146951438','rav_rav8@hotmail.com','','001','001','PUNTO FIJO','','01','010','18735'),
 ('0000000112','NAVARRO','ASDRUBAL','3418992','','02122673344','04146945190','asdrubaljesus@hotmail.com','','001','001','PUNTO FIJO','','01','010','13513'),
 ('0000000113','ACOSTA','MANUEL','8894128','','02952643185','04166954666','manuelacostasotillo@gmail.com','','001','001','Porlamar','','01','015','48644'),
 ('0000000114','DIAZ','HAYMEE','9931239','','02122673344','04164191669','haymeediaz@hotmail.com','','001','001','CORO','','01','010','52119'),
 ('0000000115','QUINTERO','HUGO','5296898','','02122673344','04146448065','monica.disciullo@astrazeneca.com','','001','001','CORO','','01','010','37061'),
 ('0000000116','CIFUENTES','GRACIELA','16483933','','02122561432','04242565825	','cifuentesgraci@hotmail.com','','006','001','Caracas','','04','022','73530'),
 ('0000000117','RINCON HUERTA','JORGE','2883460','','0416-6601825','0416-6601825','marlonbravo2468@gmail.com','','001','001','','','01','021','0000011'),
 ('0000000118','MORA','KEYLA','7765001','','0416-4662819','0416-4662819','marlonbravo2468@gmail.com','','001','001','MARACAIBO','','01','021','35935'),
 ('0000000119','BUTRON','GUSTAVO','9114537','','0414-3606414','0414-3606414','marlonbravo2468@gmail.com','','001','001','','','01','021','000013'),
 ('0000000120','CHAVEZ','CARLOS','5854769','','0416-2287778','0416-2287778','marlonbravo2468@gmail.com','','001','001','','','01','021','0000014'),
 ('0000000122','ODREMAN','RODOLFO','15367098','','2125530','04143665820','marilyn_gonzalez@merck.com','','001','001','Merida','','01','012','123456'),
 ('0000000123','DURAN','DUMAR','2550548','','2125530','04143665820','dodurand@gmail.com','','001','001','Merida','','01','012','123459'),
 ('0000000124','SUAREZ','LUIS','5562388','','2125530','04143665820','marilyn_gonzalez@merck.com','','001','001','Maracaibo','','01','021','124578'),
 ('0000000125','MONTERO','SHEYLA','11295390','','2125530','04143665820','marilyn_gonzalez@merck.com','','050','001','Maracaibo','','01','021','165438'),
 ('0000000126','SUAREZ','WILLIAN','4326432','','2125530','04143665820','marilyn_gonzalez@merck.com','','001','001','Maracaibo','','01','021','346789'),
 ('0000000127','MORAN','UNALDO','4148767','','2125530','04143665820','marilyn_gonzalez@merck.com','','050','001','Maracaibo','','01','021','687789'),
 ('0000000128','ORDOÑEZ','ADELA','1657563','','2125530','04143665820','marilyn_gonzalez@merck.com','','001','001','Maracaibo','','01','021','123346'),
 ('0000000129','BORGES','ALEJANDRA','12713073','','2125530','04143665820','marilyn_gonzalez@merck.com','','001','001','Maracaibo','','01','021','146879'),
 ('0000000130','CANAAN','GUILLERMO','MSD1','','2125530','04143665820','marilyn_gonzalez@merck.com','','001','001','Maracaibo','','01','021','121232'),
 ('0000000131','RUIZ','JESUS','4762962','','2125530','04143665820','marilyn_gonzalez@merck.com','','001','001','Maracaibo','','01','021','128929'),
 ('0000000133','GONZALEZ','JOEL','4615872','','0414-7969136','0414-7963196','leandrew11@gmail.com','','001','001','','','01','007','000016'),
 ('0000000134','GALAN','CARLOS LUIS','3753922','','02122673344','4143619046','monica.disciullo@astrazeneca.com','','001','001','MARACAIBO','','01','021','15688'),
 ('0000000135','FREITEZ URDANETA','NELSON ALBERTO','10686887','','02122673344','4146305788	','monica.disciullo@astrazeneca.com','HOSPITAL CLINICO/HOSPITAL UNIVERSITARIO','001','001','MARACAIBO','','01','021','57003'),
 ('0000000136','RAVELO','LUIS','4159733','','02122673344','04241407002','monica.disciullo@astrazeneca.com','','001','001','MARACAIBO','','01','021','21875'),
 ('0000000137','RIVERO','MARTHA','4538062','','02122673344','4146327818','monica.disciullo@astrazeneca.com','','001','001','MARACAIBO','','01','021','21548'),
 ('0000000138','PIRELA PARRA','MANUEL','3772155','','02122673344','04241407002','monica.disciullo@astrazeneca.com','','001','001','MARACAIBO','','01','021','14542'),
 ('0000000139','HIDALGO','JUDITH','4161213','','02122673344','4146390076','monica.disciullo@astrazeneca.com','','001','001','MARACAIBO','','01','021','22600'),
 ('0000000140','AMEZAGA','BINGEN','3150847','','0416-6244247','0416-6244247','bingencardio@yahoo.com','HOSPITAL DR. MIGUEL PEREZ CARREÑO','001','001','CARACAS','','01','022','12095'),
 ('0000000141','FERMIN MEDINA','ANDRES AUGUSTO','5481586','','02125777954','04143141000','andresfermin@gmail.com','CLINICA CARACAS','001','001','Caracas','','01','022','25440'),
 ('0000000142','INGBERG','MARCOS','3970845','','02125743786','04143211950','marco.ingberg@gmail.com','','001','001','Caracas','','01','022','17317'),
 ('0000000143','BOSCAN','JONNIS','7805003','','02392127620','04242139402','boscan4@hotmail.com','','001','001','Caracas','','01','022','49858'),
 ('0000000145','PRADO','RITA','13035996','','02512325485','04149579392','karinagato@hotmail.com','jj','001','001','Barquisimeto','','01','025','13035996'),
 ('0000000146','MORALES HERNANDEZ','GERALDINE','10170097','','02763448492','04247259864','geraldinemh@hotmail.com','Centro Clinico San  Cristobal ','001','001','SAN CRISTOBAL','','01','018',''),
 ('0000000147','MORANTES','MARÍA EUGENIA','6844439','','04142773768','04142773768','mariamorante1@hotmail.com','','001','001','Caracas','','01','022','42644'),
 ('0000000148','GUAIPO FEBRES','ANTONIO','0010832410','','04247209378','04247209378','aguaipof@yahoo.com','','001','001','Merida','','01','012','49864'),
 ('0000000149','SARDI SHOONEWOLF','GALENO','2848382','','0414-3748111','04143748111','galesardi@hotmail.com','','001','001','Merida','','01','012','7140'),
 ('0000000150','ALFREDO CRISTALINO','CHACÍN','5059847','','04146760345','04146760345','1957alfredo@hotmail.com','','001','001','Ciudad Ojeda','','01','021','28673'),
 ('0000000151','GONCALVEZ JARDIN','LUCIA','7566825','','04163642548','04163642548','tomasylucia@cantv.net','','051','001','Punto Fijo','','01','010','32897'),
 ('0000000152','MEDINA LÓPEZ','DANIEL','7566116','','04168698109','04168698109','danielmedina27@hotmail.com','','001','001','Punto Fijo','','01','010','34339'),
 ('0000000153','MORENO LEAL','VICTOR','9391151','','04147572929','04147572929','victorleal2000@hotmail.com','','001','001','El Vigía','','01','012','43589'),
 ('0000000154','BARRIOS CLAVIER','JESUS','1195856','','04148169770','04148169770','jbarriosc@gmail.com','','001','001','Barcelona','','01','002','11189'),
 ('0000000155','LOVAGLIO','PEDRO','8315582','','04165801626','04165801626','pedrojlovaglio@gmail.com','','001','001','Barcelona','','01','002','57487'),
 ('0000000156','RODRIGUEZ','FERNANDO','3971534','','0416-6846709','0416-6846709','fernanheart@gmail.com','','001','001','PUERTO LA CRUZ','','01','002','000017'),
 ('0000000157','AGUIRRE','JOSE MIGUEL','8888256','','04148189904','04148189904','josemaguirre@cantv.net','','001','001','Barcelona','','01','002','46582'),
 ('0000000158','CRUZ SOTO','JOSÉ','8646304','','04141551218','04141551218','josecruzsoto@gmail.com','','001','001','Cumana','','01','017','49941'),
 ('0000000159','GIADINELLA','BRUNO','4488223','','9764377','9764377','unimer57@yahoo.com','','051','001','Caracas','','01','022','30158'),
 ('0000000160','FELIBERT GUZMAN','ELIAS DAVID','5091284','','9764377','9764377','davidfelibert@hotmail.com','','001','001','Caracas','','01','022','18769'),
 ('0000000161','TORRES','ORLANDO','22522000','','9764377','9764377','lfernandes@drreddys.com','','051','001','Caracas','','01','022','22565'),
 ('0000000162','GEORGE','LUIS','4257963','','9764377','9764377','-','','051','001','Caracas','','01','022','48410'),
 ('0000000163','VIVAS','ENRIQUE','3133984','','04142340119','04142340119','drcorazon1@cantv.net','','001','001','Caracas','','01','022','15583'),
 ('0000000164','MENDIETA','MERCEDES','14989795','','9764377','04166189450','michik014989@cantv.net','','051','001','Caracas','','01','022','43738'),
 ('0000000166','VILCHEZ','LISETTE','10706919','','02426605639','02426605639','vilchelos@hotmail.com','','001','001','CORO','','01','010','56256'),
 ('0000000167','GARCIA','ORLANDO','2774244','','9764377','9764377','lfernandes@drreddys.com','','051','001','Barquisimeto','','01','011','8916'),
 ('0000000168','SEIJAS','MORALBA','4657103','','9764377','9764377','lfernandes@drreddys.com','','051','001','Maracay','','01','004','21577'),
 ('0000000169','RODRIGUEZ','IBRAIM','5470852','','9764377','9764377','lfernandes@drreddys.com','','001','001','Valencia','','01','007','27536'),
 ('0000000170','CARRASQUERO','MARTÍN','7867894','','9764377','9764377','martincarrasquero@gmail.com','','001','001','Cabimas','','01','021','36787'),
 ('0000000171','AGUILERA','ANDRES','8398892','','02882213911','04266921481	','andreseloy29@hotmail.com','','050','001','Ciudad Bolivar','','01','006','44960'),
 ('0000000172','TUCCI','FATIMA','8283113','','02869223460','04148991063	','fatimatucci@yahoo.com','','001','001','Puerto Ordaz','','01','006','56462'),
 ('0000000173','ZAMORA A','JOSE MIGUEL','8640825','','02815119488','04169094064	','jmza@hotmail.com','CENTRO DE REHABILITACIÓN','001','001','Barcelona','','01','002','53067'),
 ('0000000174','LOZADA','JESUS','8582558','','02432454542','04168439743','losad.aj@hotmail.com','','001','001','Maracay','','01','004','35675'),
 ('0000000175','PETROLA','IGOR','3055733','','02418256354','04144151469','petrola49@gmail.com','','001','001','Valencia','','01','007','8169'),
 ('0000000176','VILLEGAS','EDGAR','5359575','','02512516972','04164481185','ervd_boby@hotmail.com','','001','001','San Carlos','','01','008','35586'),
 ('0000000177','NIEVES GOMEZ','GRICEL','6367646','','02432412935','04143438969','gricelsabina@hotmail.com','','001','001','Maracay','','01','004','7902'),
 ('0000000178','SANCHEZ','MARIA GABRIELA','9567928','','02556215877','04145598242','gabycardio@hotmail.com','','001','001','Acarigua','','01','016','45772'),
 ('0000000179','MENDEZ','RODOLFO','10110515','','02432412935','04243466710','rodme1@hotmail.com','','001','001','Maracay','','01','004','58064'),
 ('0000000180','VALERO','JAHZEL','13351452','','02753439992','04247239734','jaquivaler@hotmail.com','','001','001','San Cristobal','','01','018','67060'),
 ('0000000181','ALCEGA','SOFIA','9327814','','02712319504','04147292864','sofiaalcega@cantv.net','','001','001','Valera','','01','019','46728'),
 ('0000000182','CHAVES','PARMY','3446502','','0414-6986411','0414-6986411','parmychaves@hotmail.com','','001','001','CARORA','','01','011','000019'),
 ('0000000183','CREMONINI MONTUSCHI','CARLOS MAURICIO','8103706','','02774156225','04163745026','CMAURICIOCM@HOTMAIL.COM','','001','001','SAN CRISTOBAL','','01','018','8103706'),
 ('0000000184','ISAAC ESPINOZA','MARTHA CECILIA','5252191','','02712310533','04147290867','MARTHAISAACE29@YAHOO.COM','','001','001','VALERA','','01','019','31305'),
 ('0000000185','PACHECO','JOSE ANTONIO','3159680','','02742522227','04143744199','PALPITADOR@GMAIL.COM','','001','001','MERIDA','','01','012','11153'),
 ('0000000186','RIMER DE CASANOVA','MARIA JOSEFINA','3995177','','02742636218','04143740101','MAJARIMER@HOTMAIL.COM','','001','001','MERIDA','','01','012','15986'),
 ('0000000187','DUQUE PEREZ','JAVIER','14192603','','(0212) 4061317','0416 -04477826','jduque60@hotmail.com','Hosp. Militar \"Dr. Carlos Arvelo\"','006','001','CARACAS','','04','022','64963'),
 ('0000000188','MAIORANA','CARLOS','14103253','','(0212) 4061317','0414-4473076','carmaiorana@hotmail.com','Hosp. militar \"Dr.Carlos Arvelo\"','006','001','CARACAS','','04','022','64984'),
 ('0000000189','REYES','DULCE','15403510','','02128629743','04127003201','REDDULMI@HOTMAIL.COM','','001','001','CARACAS','','01','022','27955'),
 ('0000000190','GONZALEZ','CARLOS','5404422','','02398083008','04143326766','carlosjgonzalez_2005@yahoo.com','','001','001','Caracas','','01','025','26202'),
 ('0000000191','BELTRAN','RAFAEL','4509103','','0416-6241914','0416-6241914','rafael.beltran1@gmail.com','HOSPITAL DR. DOMINGO LUCIANI','001','001','CARACAS','','01','022','18995'),
 ('0000000192','RODRIGUEZ','PEDRO','11187871','','02512325485','04149579440','plrf@hotmail.com','nn','007','001','Barquisimeto','','03','025','11187871'),
 ('0000000193','THOMAS','PETER','6139963','','04242194001','04242194001','peter_thomas61@yahoo.com','','001','001','caracas','','01','022','36346'),
 ('0000000194','LARA','AGUSTIN','2398475','','04143281094','04143281094','agustinlara45@msn.com','Caracas','001','001','caracas','','01','022','11026'),
 ('0000000195','PELLINO','MARIA LUISA','7234086','','04143379027','04143379027','maria.pellino@yahoo.com','','001','001','caracas','','01','022','10165'),
 ('0000000196','ANTEPARA','NORKA','2508111','','04143278675','04143278675','antepara@cantv.net','','001','001','caracas','','01','022','13491'),
 ('0000000197','COLMENAREZ','ONEIDA','4517457','','04146374800','04146374800','oneida-colmenarez@hotmail.com','','001','001','Maracay','','01','004','14205'),
 ('0000000198','DANIELS','MAYERLING','9970233','','04143182944','04143182944','mayerling@hotmail.com','','001','001','Maracay','','01','004','51953'),
 ('0000000199','AMARO','JUAN JOSE','8484325','','04166311646','04166311646','jjamaroa@cantv.net','','001','001','Caracas','','01','022','37468'),
 ('0000000200','ARIAS','CRUZ ALBERTO','9283933','','04147666233','04147666233','ariasjcruza@hotmail.com','','001','001','Maturin','','01','014','47298'),
 ('0000000202','SULBARAN','YASMINA','7361535','','02122673344','04241407002','monica.disciullo@astrazeneca.com','','001','001','BARQUISIMETO','','01','011','40820'),
 ('0000000203','CHACIN','LISBETH','7626885','','02617597513','04146193251','LISBETHCHACIN@CANTV.NET','','001','001','MARACAIBO','','01','021','30845'),
 ('0000000204','MEJIAS','ESTHELA','10416632','','02617597513','04146124580','ESTHELAMEJIAS07@CANTV.NET','','006','001','MARACAIBO','','04','021','54281'),
 ('0000000205','FERRER','JUAN CARLOS','7808648','','02614597513','04162679567','JUAN_FERRER@HOTMAIL.COM','','006','001','MARACAIBO','','04','021','37522'),
 ('0000000206','CASTELLANO','JUAN','10421241','','02617597513','04126124122','CASTELLANOJ@HOTMAIL.COM','','006','001','MARACAIBO','','04','021','61569'),
 ('0000000207','LABARCA','MAYELA','13732861','','02617597513','04246594803','ACRADAL@CANTV.NET','','006','001','MARACAIBO','','04','021','66638'),
 ('0000000208','RAMIREZ','LIZELA','9766896','','02617597513','04146417936','LIZELARAMIREZ@YAHOO.COM','','006','001','MARACAIBO','','04','021','11157'),
 ('0000000209','ALVAREZ','JULITZA','14090996','','02617597513','04146495162','YELITZAALVAREZ@HOTMAIL.COM','','006','001','MARACAIBO','','04','021','66973'),
 ('0000000210','CHACIN','ROSIRIS','14357276','','02617597513','04144906323','CHACINR@GMAIL.COM','','006','001','MARACAIBO','','04','021','64024'),
 ('0000000211','BRICEÑO','MAYRA','7716099','','02617597513','04140266305','MAIRAPERFECT@HOTMAIL.COM','','006','001','MARACAIBO','','04','021','46561'),
 ('0000000212','MONTIEL VILLALOBOS','ANGEL ANTONIO','11389214','','02617313869','04146034348','ANGELMONTIEL@HOTMAIL.COM','','006','001','MARACAIBO','','04','021','59626'),
 ('0000000214','LOPEZ','NORA','11983837','','02122673344','0243-241 3092 ','nora.lopezg@gmail.com','','001','001','MARACAY','','01','004','18.526'),
 ('0000000215','LEIVA','OSNALDO','4048445','','02122673344','0416-6962055','cardiooriente@gmail.com','','001','001','PORLAMAR','','01','015','26.358'),
 ('0000000216','GONZALEZ','EDDY','m5477457','','02122673344','0416-2938849','ergluna@cantv.net','','001','001','PORLAMAR','','01','015','33.771'),
 ('0000000217','FONSECA','FRANCISCO','CW 595727','CW 595727','02122673344','04241407002','monica.disciullo@astrazeneca.com','','001','001','BRASIL','','01','025','595727'),
 ('0000000218','BAGGIERI','SEBASTIANO','13954934','','0414-3583734','0414-3583734','sebastianobaggieri@hotmail.com','','001','001','MARACAY','','01','025','65068'),
 ('0000000219','MONSALVE','PEDRO','2151966','','04122501814','04122501814','PEDROMONSALVE@GMAIL.COM','Caracas','001','001','Caracas','','01','025','11111'),
 ('0000000220','ZAPATA AVILA','YOLANDA JOSEFINA','7972903','','02617416159','04146186959','ZAPATAYOLANDA@HOTMAIL.COM','','006','001','MARACAIBO','','04','021','47069'),
 ('0000000221','PAZ MENDOZA','KADMIRY','0013000592','','02617496160','04246987465','KAPAZ22@HOTMAIL.COM','','006','001','MARACAIBO','','04','021','55296'),
 ('0000000222','SEYFI','HAMID','0014127386','','02617592286','04125292866','HAMIDSEYFI@YAHOO.COM','','006','001','MARACAIBO','','04','021','65148'),
 ('0000000223','DELGADO','NERIO','13550959','','02617597513','04127885992','NERIO77@GMAIL.COM','','006','001','MARACAIBO','','04','021','21343'),
 ('0000000224','CHACIN ROMERO','ERIKA JOSEFINA','12759909','','02617597513','04160871202','ERIKACHACIN@HOTMAIL.COM','','006','001','MARACAIBO','','04','021','99976'),
 ('0000000225','MORILLO HERRERA','ZENAIDA JOSEFINA','4535961','','02617597513','04146182640','ZENAIDAMORILLO@YAHOO.COM','','006','001','MARACAIBO','','04','021','24355'),
 ('0000000226','FARIA','MARIA EUGENIA','0012404005','','02617597513','04143606794','MARIUFARIA052@GMAIL.COM','','006','001','MARACAIBO','','04','021','66706'),
 ('0000000227','VIRLA MORENO','GREYSI NAYIBE','13704299','','02617150897','04146402413','GRYSI45@HOTMAIL.COM','','006','001','MARACAIBO','','04','021','70040'),
 ('0000000228','PARRA VERA','EDGMAR MOISES','14208747','','02617597513','04246685715','EDGMAR80@HOTMAIL.COM','','006','001','MARACAIBO','','04','021','68805'),
 ('0000000229','GOMEZ AGUILERA','ALEXANDER JOSE','14208481','','02617150897','04146187207','ALEXANDERGOME01@HOTMAIL.COM','','006','001','MARACAIBO','','04','021','68680'),
 ('0000000230','CUAURO RODRIGUEZ','PATRICIA','14987597','','02617436177','04166665387','PATRYCUAURO@HOTMAIL.COM','','006','001','MARACAIBO','','04','021','67237'),
 ('0000000231','PAEZ AÑEZ','JEAN CARLOS','14895268','','02617482185','04246313080','JEANPAZ@HOTMAIL.COM','','006','001','MARACAIBO','','04','021','68398'),
 ('0000000232','CUENCA','SIUBERTO','7672284','','04246088097','04246088097','rarraga.leti@cantv.net','','001','001','Maracaibo','','01','025','41305'),
 ('0000000233','NAVA','HILDEIS MARGARITA','13661741','','02646586409','04146017749','HILDEIS79@HOTMAIL.COM','','006','001','MARACAIBO','','04','021','64112'),
 ('0000000234','ORTIZ','FREDDY','7527382','','04246084898','04246368252','fredysortiz01@hotmail.com','Centro Cardiovascular de Coro','001','001','Coro','','01','010','52302'),
 ('0000000235','GALUE CASTELLANO','HEBERTO ENRIQUE','3643485','','02617597513','04143648232','GALUEHEBERTO@YAHOO.COM','','050','001','MARACAIBO','','01','021','17787'),
 ('0000000236','MEDINA','JOSUE','7566115','','0424-6084898','0424-6084898','jomedina@cantv.net','','001','001','PUNTO FIJO','','01','025','34338'),
 ('0000000237','SOSA','WALTER','8128398','','04141246999','04141246999','WSOSA.LETI@CANTV.NET','','001','001','CARACAS','','01','025','1018'),
 ('0000000238','RAMOS FERNANDEZ','OLGA','7871739','','02617597513','04146291555','OLGACIELA@CANTV.NET','','001','001','MARACAIBO','','01','021','38370'),
 ('0000000239','AVILA','LUISA','7807587','','02617238787','04146133210','LUISAVIT@CANTV.NET','','001','001','MARACAIBO','','01','021','36744'),
 ('0000000240','FRANCO COLINA','ANA JOSEFINA','7610955','','02617491869','04167674705','ANAFRANCOCOLINA@GMAIL.COM','','001','001','MARACAIBO','','01','021','28573'),
 ('0000000241','DIAZ URRIBARRI','RENILDA ELENA','7961867','','02617561870','04166625364','RENIELENADIAZ@HOTMAIL.COM','','001','001','MARACAIBO','','01','021','38431'),
 ('0000000242','ANDRADES','GERMAN','5056225','','02617565286','04246509671','DRANDRADES@HOTMAIL.COM','','001','001','MARACAIBO','','01','021','23979'),
 ('0000000243','CLAVELL','EMILIO','5277803','','02617597513','04146107343','ECLAVELL@CANTV.NET','','001','001','MARACAIBO','','01','021','32063'),
 ('0000000244','AIZPURUA','JOSE ANTONIO','7979683','','02617597513','04167633389','AIZPURUA@CANTV.NET','','001','001','MARACAIBO','','01','021','43617'),
 ('0000000245','CHACON','JOSE','9727766','','02617597513','04146678024','JOSECHACON@LATINMAIL.COM','','001','001','MARACAIBO','','01','021','46903'),
 ('0000000246','BRACHO','MAYELA','8505023','','02617597513','04166665154','MAYELABRACHO@HOTMAIL.COM','','001','001','MARACAIBO','','01','021','52400'),
 ('0000000247','PAZ','DAMARIS YANETH','7866381','','02617597513','04166640692','DAMARISYANETH@HOTMAIL.COM','','001','001','MARACAIBO','','01','021','45820'),
 ('0000000248','FERNANDEZ','ANA GABRIELA','8506158','','02617517762','04146337458','FERGARANA@YAHOO.ES','','050','001','MARACAIBO','','01','021','46144'),
 ('0000000249','ROMERO','GILBERTO','5810816','','02617597513','04168601612','GROMERO@HOTMAIL.COM','','050','001','MARACAIBO','','01','021','35088'),
 ('0000000250','MONTIEL ROA','LUIS RODOLFO','5167630','','02617595652','04146143616','LUIS58MNTL@HOTMAIL.COM','','001','001','MARACAIBO','','01','021','33929'),
 ('0000000251','ESIS','CARLOS','9785289','','02617597513','04166665153','CARLOSESIS@HOTMAIL.COM','','001','001','MARACAIBO','','01','021','52399'),
 ('0000000252','HERNANDEZ','EDSON','5950712','','02122673344','0414-5250905','routman@dr.com','','001','001','BARQUISIMETO','','01','011','3990'),
 ('0000000253','MENDOZA','CARLOS','10775757','','02122673344','04149898056','drcarlosmendoza@yahoo.com','','001','001','CARACAS','','01','013','50770'),
 ('0000000254','VILLAMIZAR','SOLEIDA','3371724','','02122673344','0424 612 18 65','jose.gonzalez@aziel.net','','001','001','MARACAIBO','','01','021','17749'),
 ('0000000255','GONZALEZ','ZOILA','4150419','','04146127913','04146127913','zgonzalez@cantv.net','','001','001','Maracaibo','','01','025','21179'),
 ('0000000256','RODRIGUEZ','BLANCA','12283195','','04168634212','04168634212','brodriguez@cantv.net','','001','001','MARACAIBO','','01','025','11122'),
 ('0000000257','MACHADO','LIBIA','6472642','','04143245826','04143245826','limachado@cantv.net','','001','001','CARACAS','','01','025','1114'),
 ('0000000259','GONZALEZ','ADOLFO','7073737','','9764377','9764377','big_caiman@cantv.net','','012','001','Caracas','','01','022','43049'),
 ('0000000260','BRACHOWICK','IMPERIA','1111111','','02125760255','02125760255','impbrachowick@cantv.net','','001','001','caracas','','01','025','12345'),
 ('0000000261','FIGUEREDO','ANTONIO','4998061','','9764377','04145360307','jucepagi@hotmail.com','','051','001','Barquisimeto','','01','011','27944'),
 ('0000000262','LOBO ACOSTA','LUIS EDUARDO','12901455','','04144749334','04144749334','drluislobo@gmail.com','','001','001','SAN FERNANDO','','01','025','28663'),
 ('0000000263','CORONADO','ESTHER','5277074','','04245851546','04245851546','siliki_6@hotmail.com','','006','001','Acarigua','','04','004','43856'),
 ('0000000264','MARQUEZ','HERMI','13740714','','04245207529','04245207529','andreina.ramsbott.ar@bayer-ag.de','','006','001','Acarigua','','04','004','68671'),
 ('0000000265','LEON','JULIO','5470853','','04144126015','04144126015','no tiene','','001','001','Valencia','','01','007','35738'),
 ('0000000266','ROSAS','LUIS','3751255','','04140828098','04140828098','luis_h_rosas@hotmail.com','','001','001','valera','','01','019','15893'),
 ('0000000267','ARAUJO','MIRELLA','9012008','','0414-7237759','0414-7237759','amip@gmail.com','','001','001','Valera','','01','025','2196'),
 ('0000000268','CANELON','FLOR','4060000','','04166710575','04166710575','04166710575','','001','001','valera','','01','019','24117'),
 ('0000000269','DABOIN','ZORAIMA','9499788','','04247256013','04247256013','zoraimadaboin@yahoo.com','','050','001','valera','','01','019','48934'),
 ('0000000270','MENDOZA','JANETH','4519626','','04147315154','04147315154','janeth4519@hotmail.com','','050','001','valera','','01','019','25080'),
 ('0000000271','BERRIOS','ZULAY','4324978','','04146246677','04146246677','zulay.m.berrios@hotmail.com','','050','001','valera','','01','019','20544'),
 ('0000000272','GENIE','OSCAR','8524945','','02869238867','0414-8959483','OSCARGENIE@CANTV.NET','','001','001','PTO.ORDAZ','','01','025','35731'),
 ('0000000273','VAN GRIEKEN','JORGE','17102564','','04146830324','04146830324','van_grieken_JL@hotmail.com','','051','001','coro','','01','010','73603'),
 ('0000000274','ALVAREZ','MIGUEL','4616021','','02916412622','02916412622','MIGUEL_ALVAREZ@HOTMAIL.COM','','001','001','MATURIN','','01','014','21239'),
 ('0000000275','MEDINA','RICHARD','8296499','','04148037257','04148037257','MDMED@HOTMAIL.COM','','001','001','BARCELONA','','01','002','66671'),
 ('0000000276','RAMIREZ','YOLIMAR','14504057','','02753439992','02753439992','YOLIMAR_ARF@HOTMAIL.COM','','001','001','MARACAIBO','','01','021','67669'),
 ('0000000277','JAIMES','MARI','14502273','','04147012736','04147012736','rpatiarroyo@cantv.net','','001','001','MARACAIBO','','01','021','67932'),
 ('0000000278','CARRILLO','ROSSY','15080954','','04247080778','04247080778','rpatiarroyo@cantv.net','','006','001','SAN CRISTOBAL','','04','018','66065'),
 ('0000000279','ESCALONA','RAMON','5119387','','0424-8251015','0424-8251015','escalona48@hotmail.com','','001','001','BARCELONA','','01','002','24512'),
 ('0000000280','PINEDA','YANETH','9773365','','04146457369','04146457369','rpatiarroyo@cantv.net','','050','001','MARACAIBO','','01','021','39737'),
 ('0000000282','ROMERO','MILAGROS','9717898','','04146066601','04146066601','rpatiarroyo@cantv.net','','050','001','MARACAIBO','','01','021','48877'),
 ('0000000283','LINARES','LIXTTO','5329950','','0235-7419103','0235-7419103','linaresmoreno@hotmail.com','','001','001','BARCELONA','','01','025','32356'),
 ('0000000284','MORENO','WILMER','7603792','','04146221332','04146221332','WILMERMORENO@HOTMAIL.COM','','050','001','MARACAIBO','','01','021','28842'),
 ('0000000285','RINCON','LEIDA','5165075','','02617411484','04146326738','LUISOCHOA_@HOTMAIL.COM','','050','001','MARACAIBO','','01','021','10471'),
 ('0000000286','HURTADO','ISOLINA','7565720','','4148182449','4148182449','isolina720@cantv.net','','001','001','BARCELONA','','01','025','33468'),
 ('0000000287','PORTILLO','NELSON','1672993','','02617432119','04167635253','PORTILLON2211@YAHOO.COM','','001','001','MARACAIBO','','01','021','7769'),
 ('0000000288','CRESPO','JOSE LUIS','5771922','','02617006970','04146174590','JCRESPOO@HOTMAIL.COM','','050','001','MARACAIBO','','01','021','54439'),
 ('0000000289','MAVAREZ','RAMON','5832605','','02617411448','04246798714','RAMONMAVAREZ@CANTV.NET','','050','001','MARACAIBO','','01','021','34869'),
 ('0000000290','AÑEZ','LUIS','4742244','','02617436114','04143619269','LUISALFREDOMD@GMAIL.COM','','050','001','MARACAIBO','','01','021','22169'),
 ('0000000291','VALBUENA','NILO','3776906','','02712313533','04147290158','NILOAV@CANTV.NET','','001','001','VALERA','','01','019','13467'),
 ('0000000292','SULBARAN','RAFAEL','13038055','','02714162016','04147291144','SULBARANQUINTERO@HOTMAIL.COM','','001','001','VALERA','','01','019','61761'),
 ('0000000293','ZARATE GARZO','JOSE ISAIAS','4324915','','02726522659','04147236791','JOSE.ZARATE.G@HOTMAIL.COM','','001','001','BOCONO','','01','019','31885'),
 ('0000000294','HERNANDEZ','HEBERTH','4760792','','04146763388','04146763388','HEBERT3101@YAHOO.ES','','050','001','VALERA','','01','019','44456'),
 ('0000000295','RINCONES','TIHANY','9284322','','0414-8156057','0414-8156057','jgab2010@yahoo.es','','050','001','BARCELONA','','01','025','47361'),
 ('0000000296','RUSSIAN','OESTTE','8951129','','02614239218','04164669141','OESTTERUSSIAN1234@HOTMAIL.COM','','001','001','MARACAIBO','','01','021','46597'),
 ('0000000297','RUSSO','SABERIO','4969106','','0414-5460022','0414-5460022','saverus@cantv.net','','050','001','SAN FELIPE','','01','025','24171'),
 ('0000000298','LUNA','MARICARMEN','7415649','','4166504145','4166504145','m_luna_c@yahoo.es','','001','001','BARQUISIMETO','','01','025','47.464'),
 ('0000000299','DESPUJOS','JOSE ANTONIO','4260919','','0414 5596591','0414 5596591','despujos@cantv.net','','001','001','ACARIGUA','','01','025','16.940'),
 ('0000000300','SALCEDO A','VLADIMIR','6443386','','4145100483','4145100483','vladimirsalcedo@yahoo.com','','001','001','BARQUISIMETO','','01','025','42.993'),
 ('0000000301','MORA','LISSETTE','10445298','','02619951931','04140371836','LAUMOVI@GMAIL.COM','','050','001','MARACAIBO','','01','021','51170'),
 ('0000000302','REVEROL','RAIZA','7755686','','04146660153','04146660153','DRAREVEROL45@HOTMAIL.COM','','050','001','MARACAIBO','','01','021','31086'),
 ('0000000303','FERNANDEZ','JUDIMITH','11866570','','02617191462','04246363690','JUDIMITHJ@HOTMAIL.COM','','050','001','MARACAIBO','','01','021','68238'),
 ('0000000304','DÁVILA','EDICTA','8002478','','0416-8528546','0416-8528546','N/A','','001','001','CARORA','','01','025','33.052'),
 ('0000000305','SIRIT','SORAYA','5585197','','04146989595','04146989595','SIRIT_S@HOTMAIL.COM','','050','001','PUNTO FIJO','','01','010','28293'),
 ('0000000306','AGUIRRE','BELINDA','4160599','','0416-6741525','0416-6741525','n/a','','001','001','MERIDA','','01','025','18171'),
 ('0000000307','VELAZCO','JOSE','11772970','','04160694240','04160694240','CHEMIVELAZCO@HOTMAIL.COM','','050','001','PUNTO FIJO','','01','010','62364'),
 ('0000000308','GARCIA DE BESSON','HILDA RAMONA','4158951','','04146945451','04146945451','DR.BESSON@GMAIL.COM','','050','001','PUNTO FIJO','','01','010','22208'),
 ('0000000309','DE LAS SALAS BARROSO','MONICA MAIROBIS','12693869','','04147452629','04147452629','DELASSALAS@HOTMAIL.COM','','050','001','PUNTO FIJO','','01','010','59686'),
 ('0000000310','GARCIA CHIRINOS','EYRANABELL CLARA','12183210','','04146888385','04146888385','EYRANABELL75@HOTMAIL.COM','','050','001','PUNTO FIJO','','01','010','62411'),
 ('0000000311','FARINA HERNANDEZ','NATALIE NAZZARENA','16348868','','04146840290','04146840290','NATALIESH@HOTMAIL.COM','','050','001','PUNTO FIJO','','01','010','73193'),
 ('0000000312','VEGAS ARCAYA','ABEL JOSE','12790606','','04146965167','04146965167','ABELJVEGAS@HOTMAIL.COM','','001','001','PUNTO FIJO','','01','010','71251'),
 ('0000000313','MAVAREZ RONDON','MAYELIN COROMOTO','15253864','','04146229821','04146229821','LASOMBRAHUM@HOTMAIL.COM','','050','001','PUNTO FIJO','','01','010','73768'),
 ('0000000314','SANDOVAL','REGULO','7936244','','0414-7304588','0414-7304588','regulosando@hotmail.com','','001','001','VALERA','','01','025','48469'),
 ('0000000315','ROA','HERNAN','12232202','','0414-7079259','0414-7079259','jhernanroa@gmail.com','','001','001','SAN CRISTOBAL','','01','025','60369'),
 ('0000000316','DORANTE','RAFAEL','9545921','','0416-3751185','0416-3751185','doranterafael@gmail.com','','001','001','SAN CRISTOBAL','','01','025','56257'),
 ('0000000317','LUQUE','MILAGRO','7854230','','0414-6971258','0414-6971258','milagrosluque@gmail.com','','001','001','PTO FIJO','','01','025','30893'),
 ('0000000318','GONZALEZ','NUGLENIS','7489815','','0414-0256188','0414-0256188','nuglenisgonzalez@gmail.com','','001','001','PTO FIJO','','01','025','29092'),
 ('0000000319','CARRUYO','ZULYMA','4019905','','0416-9684419','0416-9684419','zulimacarruyo@gmail.com','','001','001','PTO FIJO','','01','025','27463'),
 ('0000000320','LUGO BRET','FRANCISCO','4176113','','0414-6975531','0414-6975531','franciscolugo@intercable.net.ve','','050','001','PTO FIJO','','01','025','22998'),
 ('0000000321','HERNANDEZ','SERVANDO','3676542','','0416-6951469','0416-6951469','n/a','','001','001','PTO FIJO','','01','025','27356'),
 ('0000000322','SIERRA','ESTEBAN','10452081','','0414-6382658','0414-6382658','estebansierrac@hotmail.com','','001','001','MACBO','','01','025','53880'),
 ('0000000323','GOMEZ','RICARDO','009728276','','0416- 5606562','0416- 5606562','gomezr67@hotmail.com','','001','001','MACBO','','01','025','53721'),
 ('0000000324','OJEDA','ESPERANZA','3468365','','0414-3600436','0414-3600436','esperanzaojeda@hotmail.com','','001','001','MACBO','','01','025','34743'),
 ('0000000325','REYES','DANNY','7668809','','0416-6640368','0416-6640368','dannyreyes@hotmail.com','','001','001','CABIMAS','','01','021','38865'),
 ('0000000326','MEDINA','EDDY','3649073','','0416-6619290','0416-6619290','eddym@hotmail.com','','001','001','MACBO','','01','025','12461'),
 ('0000000327','CASTILLO','ENDER','4536589','','0414-6218219','0414-6218219','n/a','','050','001','maracaibo','','01','021','20052'),
 ('0000000328','CALMEN','LILIBETH','10448856','','0414-0656969','0414-0656969','lilicalmen@hotmail.com','','050','001','MACBO','','01','025','52394'),
 ('0000000329','PEROZO','MARISOL','7965443','','0414-1672417','0414-1672417','n/a','','050','001','MACBO','','01','025','43565'),
 ('0000000330','PEDRERO','RAFAEL','3920299','','0414-3406106','0414-3406106','RAFAELPEDRERO@CANTV.NET','','001','001','VALENCIA','','01','025','18676'),
 ('0000000331','WILHELM','MARCOS','11479557','','0412-3430688','0412-3430688','MWILHELM73@HOTMAIL.COM','','001','001','VALENCIA','','01','025','57027'),
 ('0000000332','BECERRA','JOSE','633781','','0414-4829401','0414-4829401','josebecerra@cantv.net','','001','001','PTO CABELLO','','01','025','11943'),
 ('0000000333','PEREZ','LORENA','7164340','','0416-4422930','0416-4422930','lorenaperezv@hotmail.com','','001','001','PTO CABELLO','','01','025','38291'),
 ('0000000334','RONDON','TIBISAY','5542961','','4241354111','4241354111','n/a','','050','001','Caracas','','01','025','55.651'),
 ('0000000335','MOGOLLON','CARLOS','11248296','','4125846211','4125846211','carlosm72001@yahoo.com.mex','','001','001','Caracas','','01','022','55.619'),
 ('0000000336','COHEN B','AARON','6972569','','n/a','n/a','n/a','','050','001','caracas','','01','025','15.749'),
 ('0000000337','MEDINA','RAMON','5299290','','0416-5285767','0414-2634979','drramonm@hotmail.com','','050','001','Caracas','','01','025','32.432'),
 ('0000000338','GUZMAN','BELKIS','6858077','','4143201816','4143201816','n/a','','050','001','Caracas','','01','025','47917'),
 ('0000000339','RIVERA','RENE','8311052','','4143227142','4143227142','marilyn_gonzalez@merck.com','','001','001','Caracas','','01','025','30595'),
 ('0000000340','RIVERO','MILTLTE','6897733','','0424-1437373','0424-1437373','miltlerivero@gmail.com','','050','001','Caracas','','01','025','456902'),
 ('0000000341','BARTOLOZZI M.','LUIS M.','6965389','','0414-8966515','0414-8966515','lmbartom@hotmail.com','','009','001','PUERTO ORDAZ','','01','006','48493'),
 ('0000000342','ORTEGA','ELIA','3934500','','0416-4140644 ','0416-4140644','-','','050','001','Caracas','','01','025','47046'),
 ('0000000343','EL KHOURY S','HABIB','8977862','','0414-2133536','0414-2133536','surghabib@hotmail.com','','001','001','MATURIN','','01','014','57353'),
 ('0000000345','MEJÍAS','ENRIQUE','11041376','','0414-2880918','0414-2880918','n/a','','001','001','Los Teques','','01','025','61374'),
 ('0000000346','RAMIREZ','JHONNY','6053162','','0412-9782907','0412-9782907','jarv1963@hotmail.com','','001','001','Caracas','','01','025','32713'),
 ('0000000347','CASTELLANOS','CARLOS','11159149','','0414-2462633','0414-2462633','n/a','n/a','001','001','Caracas','','01','025','51370'),
 ('0000000348','SALAVARRIA','ANA','10757024','','0414-274-73-58','0414-274-73-58','anasalaverc@yahoo.es','','001','001','Caracas','','01','025','55414'),
 ('0000000349','SANCHEZ','JANNET','7756963','','0414-258-97-51','0414-258-97-51','janmetsanchez@gmail.com','','012','001','Caracas','','01','025','46219'),
 ('0000000350','CELIS','ZULAY','4171575','','0416-627-26-72','0426-608-97-37','zcorito@gmail.com','','050','001','Caracas','','01','025','25586'),
 ('0000000351','FUENMAYOR.','GERMAN','11410280','','0414-370-83-50','0414-370-83-50','n/a','','001','001','Caracas','','01','025','59484'),
 ('0000000352','BARRIOS','MARIA','6128904','','0424-9606192','0424-9606192','marialuzbarrios@hotmail.com','','001','001','San Felix','','01','006','4021'),
 ('0000000353','ZAGALA','MOISES','8891757','','0414-8936147','0414-8936147','moiseszagala@gmail.com','','001','001','Ciudad Bolivar','','01','006','47088'),
 ('0000000354','COLL','CARLOS','8931703','','0416-5861944','0416-5861944','carloscoll006@cantv.net','','001','001','San Felix','','01','025','38689'),
 ('0000000355','MARTINEZ','OWEN','3900995','','0414-8686361','0414-8686361','owenhi@cantv.net','','001','001','Pto.Ordaz','','01','025','17.580'),
 ('0000000356','RIVAS','RAFAEL DARIO','13544365','','0414-8700866','0414-8700866','radarivasc@hotmail.com','','001','001','Ciudad Bolivar','','01','025','66764'),
 ('0000000357','RIVAS CHIRINOS','JOSE ANTONIO','15278705','','414-7674562','414-7674562','jarivaschirinos@yahoo.com','','006','001','Bolivar','','04','025','70182'),
 ('0000000358','NARANJO','IVAN','4074547','','0414-3407905','0414-3407905','ivan_naranjo5hotmail.com','','001','001','Maracay ','','01','025','18106'),
 ('0000000359','GOMEZ','ZORAIMA','6549294','','0414-5881408','0416-3459120','zoraimagomez@gmail.com','','001','001','valencia','','01','025','45387'),
 ('0000000360','MORR GARCIA','IGOR','4122330','','0414-3445856','0414-3445856','igormorr@hotmail.com','','001','001','Maracay ','','01','025','14273'),
 ('0000000361','HERNANDEZ','ICAR','6084777','','04144756606','02124090226','ogarcia@zuoz.com','','001','001','SAN FERNANDO ','','01','003','10481'),
 ('0000000362','MEZA','YOLIMAR','7258897','','0414-802-0875','0414-802-0875','mezayo@hotmail.com','','001','001','MARACAY','','01','004','47051'),
 ('0000000363','ROMERO.','ERY','13055022','','0424-171-79-71','0424-171-79-71','n/a','','006','001','Caracas','','04','025','65305'),
 ('0000000364','TORREALBA','LOONER ARGEMAR','11789284','','0414-5216218','0414-5216218','looner@cantv.net','','001','001','Barinas','','01','025','61390'),
 ('0000000365','POMPINI','JOSE','7246043','','0414-5907600','0414-5907600','j_pompini@yahoo.com','','001','001','Maracay','','01','025','46991'),
 ('0000000366','CASTRO','LEONEL','13158067','','04241276805','04241276805','vgonzalez@gc.com.ve','Centro Médico Loira','007','001','Caracas','','03','022','13158067'),
 ('0000000367','ZAMBRANO','HUBERT','8101819','','02122673344','0414-704.05.52','hubertzambrano@cantv.net','','050','001','SAN CRISTOBAL','','01','018','42883'),
 ('0000000368','MEZA','JOSE','17532541','','04167686979','04167686979','meza88@gmail.com','','050','001','coro','','01','010','66665'),
 ('0000000369','NARANJO','GUILLERMO','7574998','','04146898277','04146898277','guillermonaranjo@hotmail.com','','050','001','coro','','01','010','60224'),
 ('0000000370','BLANCHARD','SILVIA','10972549','','04269620183','04269620183','silviablanchard@yahoo.com','','051','001','coro','','01','010','58038'),
 ('0000000371','BENENATI','VICTOR','14105040','','04144755606','04144755606','vgonzalez@gc.com.ve','Hospital de Clínicas Caracas','001','001','Caracas','','01','022','57442'),
 ('0000000372','GONZALEZ','GRACIELA','7485379','','04146885079','04146885079','gracielagonzalez@yahoo.com','','050','001','coro','','01','010','40660'),
 ('0000000373','OLIVERA','SARA','11766397','','4266659655','4266659655','soliverafg@yahoo.com','','050','001','coro','','01','010','60669'),
 ('0000000374','ALBORNOZ','MARTIN','7756724','','04166613553','04166613553','mmfgag@cantv.net','','001','001','maracaibo','','01','021','43490'),
 ('0000000375','AÑEZ','NILIANA','8509681','','04142224802','04142224802','nilidelc@hotmail.com','','001','001','maracaibo','','01','021','48368'),
 ('0000000376','MORAN','CESAR','10916382','','04166608701','04166608701','cesarmp@hotmail.com','','001','001','maracaibo','','01','021','54891'),
 ('0000000377','PIÑA','NELSON','7969966','','04143618317','04143618317','chnel11@yahoo.com','','001','001','maracaibo','','01','021','51825'),
 ('0000000378','PACHECO','GLORIA','5049704','','04246217302','04246217302','andreina.ramsbott.ar@bayer-ag.de','','050','001','maracaibo','','01','021','31930'),
 ('0000000379','PIÑA','ALIRIO','3776624','','04146131414','04146131414','andreina.ramsbott.ar@bayer-ag.de','','001','001','maracaibo','','01','021','52625'),
 ('0000000380','BARBOZA','ALEX','3114779','','04143601995','04143601995','alexbarbozaf@hotmail.com','','001','001','maracaibo','','01','021','8709'),
 ('0000000381','RINCON','MORELA','10918221','','04140754278','04140754278','morelirinconb@hotmail.com','','001','001','maracaibo','','01','021','54568'),
 ('0000000382','DI BRINO','DOMINGO','5177648','','04143601728','04143601728','domingodibrino@cantv.net','','001','001','maracaibo','','01','021','31586'),
 ('0000000383','GONZALEZ','JOSE ANTONIO','5722477','','04146567716','04146567716','josegonzalezch7@gmail.com','','001','001','maracaibo','','01','021','24991'),
 ('0000000384','CHAVEZ','JUAN','7693672','','04167649684','04167649684','drjuanjose@hotmail.com','','001','001','maracaibo','','01','021','40707'),
 ('0000000385','SARCOS','ALEJANDRO','5168518','','04146108086','04146108086','sarcosh@cantv.net','','050','001','maracaibo','','01','021','40834'),
 ('0000000386','DE REVILLA','NURIS','4521867','','04146210710','04146210710','nurisycesar28@gmail.com','','050','001','maracaibo','','01','021','16740'),
 ('0000000387','SERRANO','MANUEL','10411300','','04146226790','04146226790','mserrano7@hotmail.com','','001','001','maracaibo','','01','021','54289'),
 ('0000000388','RINCON','RUBEN','11280457','','04146325353','04146325353','rubencardiologo@hotmail.com','','001','001','maracaibo','','01','021','57086'),
 ('0000000389','FERNANDEZ','WILLIAM','4539688','','04246052824','04246052824','andreina.ramsbott.ar@bayer-ag.de','','001','001','maracaibo','','01','021','2189'),
 ('0000000390','BIASINO','REINALDO','2884382','','04146598147','04146598147','nalua.urbaneja@roche.com','','001','001','maracaibo','','01','021','8746'),
 ('0000000391','MATOS','FELISA','7872010','','04146752115','04146752115','drafelisamatos1964@hotmail.com','','050','001','cabimas','','01','021','36914'),
 ('0000000392','GONZALEZ','RICARDO','9728276','','04246024399','04246024399','curandero67@hotmail.com','','001','001','maracaibo','','01','021','60273'),
 ('0000000393','CANAN','GUILLERMO','4152588','','04143613349','04143613349','willican@hotmail.com','','001','001','maracaibo','','01','021','13507'),
 ('0000000394','RODRIGUEZ','LEYMAR','11475551','','04166612365','04166612365','leyroman@hotmail.com','','050','001','coro','','01','010','56845'),
 ('0000000395','GATICA','YOLIMAR','10777032','','04245504287','04245504287','vgonzalez@gc.com.ve','Centro Médico de Oncología','005','001','Barquisimeto','','03','011',''),
 ('0000000396','MENDOZA','EDDY','14878545','','04163575214','042459434969','vgonzalez@gc.com.ve','Centro Médico de Oncología','005','001','Barquisimeto','','03','011',''),
 ('0000000397','MUSCELLI','ALESSANDRO','17413629','','0424-1500891','0424-1500891','muscelli@gmail.com','HOSPAL MEDICA, C.A.','007','001','MARACAIBO','','03','021',''),
 ('0000000398','SILVA','HERILVA','7205892','','0416-4316771','0416-4316771','herilva@cantv.net','','001','001','LA VICTORIA','','01','007','39947'),
 ('0000000399','CAMPOS','ROSA','11742094','','04125680049','04125680049','vgonzalez@gc.com.ve','Hospital Militar','005','001','Caracas','','03','022','11742094'),
 ('0000000400','FUENTES','HEMERSON','12269926','','04148009049','04148009049','vgonzalez@gc.com.ve','Hospital Militar','006','001','Caracas','','04','022','57956'),
 ('0000000401','GOITIA','ANGIE','9807158','','02122022075','4149690930','angiegoitia1@hotmail.com','','001','001','Punto Fijo ','','01','010','55367'),
 ('0000000402','ORREGO','JORGE','11801348','','02122022075','4146822477','cardiote@hotmail.com','','001','001','PUNTO FIJO ','','01','025','31188'),
 ('0000000403','ANDRADE','CARLOS','5166079','','41131','4146446065','carland@cantv.net','','001','001','Maracaibo','','01','021','41131'),
 ('0000000404','NEGDA','HERNANDEZ','10596987','','02122022075','4246070623','negda_hernandez@hotmail.com','','051','001','Maracaibo','','01','021','52343'),
 ('0000000405','SCHLESINGER','ROBERTO','2093989','','02122022075','04146142232','roschler@telcel.net.ve','','001','001','Maracaibo','','01','021','6106'),
 ('0000000406','MARIN','REY','3124239','','02122022075','4146320868','ayerim212@hotmail.com','','051','001','maracaibo','','01','021','13578'),
 ('0000000407','MEDINA','YULEIZY','11888796','','2122022075','4140378006','medinayuleizy@hotmail.com','','050','001','Maracaibo','','01','021','56973'),
 ('0000000408','SERRANO','KARLA','14135066','','2122022075','4146206103','serranokarla@hotmail.com','','050','001','Maracaibo','','01','021','6553'),
 ('0000000409','SULBARAN','BETTY','7206188','','2122022075','04243483346','bettyfiul@gmail.com','','001','001','Maracay','','01','004','43000'),
 ('0000000410','PELLEGRINI','ALESSANDRA','7260987','','02122022075','04145882123','alessandrapellegrini@hotmail.com','','001','001','Maracay','','01','004','49354'),
 ('0000000411','ARIAS','MANUEL','12854450','','02022052075','04166400106 ','manuelarias12@hotmail.com','','001','001','Maracay','','01','004','63445'),
 ('0000000412','MIRANDA','CARLOS','5940812','','02122022075','0416 642 26 13','carlosmiranda50@hotmail.com','','001','001','MARACAY ','','01','004','36549'),
 ('0000000413','BARRIOS','ABRAHAM','4449140','','02122022075','0414 425 50 08','abarrios183@hotmail,com','','001','001','VALENCIA','','01','007','24015'),
 ('0000000414','HERNANDEZ','JOHN','2508779','','02122022075','04144540424','john.hernandez@hotmail.com','','001','001','CAGUA','','01','004','12394'),
 ('0000000415','FARIAS','JOSE LUIS','14147052','','02122022075','04243247286','intensivened@hotmail,com','','006','001','VALENCIA','','04','007','65476'),
 ('0000000416','HURTADO','JOSE','1378312','','02122022075','02418596171 ','franchurtado@gmail.com','','001','001','VALENCIA','','01','007','7147'),
 ('0000000417','JOSE','GONZALEZ','7293217','','02122022075','4148973173','jagv39@hotmail.com','','050','001','PUERTO ORDAZ','','01','025','39797'),
 ('0000000418','ROMERO','MARIO','3696536','','4143931300','4143931300','mromeroa1951@gmail.com','','001','001','Cumana','','01','017','14465'),
 ('0000000419','MEDINA','ALICIA','2802500','','4148159868','4148159868','alimena@livemail.com','','050','001','BARCELONA','','01','025','12703'),
 ('0000000420','REYES','DIEGO','8223083','','4148315226','4148315226','diegoreyes65@gmail.com','','001','001','BARCELONA','','01','025','45084'),
 ('0000000421','STRUVE','FERNANDO','7603094','','0414-8201641','0414-8201641','fer5050@live.com','','050','001','PUERTO LA CRUZ','','01','025','29191'),
 ('0000000422','CASAMAYOR','JOSEFINA','4733203','','0414 5181595','0414 5181595','josefinacasamayor@hotmail','','001','001','BARQUISIMETO','','01','025','28994');
INSERT INTO `gevtparticipantes` (`codpar`,`apepar`,`nompar`,`cedpar`,`paspar`,`telhab`,`telcel`,`emapar`,`lugtra`,`codesp`,`codpai`,`nomciu`,`codaso`,`codtippar`,`codest`,`codmsms`) VALUES 
 ('0000000423','GUTIERREZ','OCTALYS','10136565','','0414 2488468','0414 2488468','octalis30@hotmail','','050','001','BARQUISIMETO','','01','025','51352'),
 ('0000000424','JIMENEZ','KEYLA','13588243','','0412 1538316','0412 1538316','keylaj7@gmail','HOSPITAL CENTRAL/ UNIDAD CARDIOPULMONAR','001','001','SAN CRISTOBAL','','01','018','65783'),
 ('0000000425','DEL MAR','ATILIO','7896807','','0414 7046464','0414 7046464','ATILIODELMAR@YAHOO','','001','001','SAN CRISTOBAL ','','01','025','40205'),
 ('0000000426','VAZQUEZ','JANITZA','5684711','','0414-7058114','0414 7058114','jvazquez@hotmail','','001','001','SAN CRISTOBAL','','01','025','40226'),
 ('0000000427','MOYA','CLEUDIS','7618385','','0414 275 87 27 ','0414 275 87 27 ','alcudis_mayo@hotmail.com','','050','001','CARACAS','','01','025','31413'),
 ('0000000428','MUJICA','PEDRO JOSE','7180444','','0412 714 41 20','0412 714 41 20','pjmujica@hotmail.com','','012','001','CARACAS','','01','013','31403'),
 ('0000000429','MARIN','HUGO','6953271','','0416 801 02 44','0416 801 02 44','hlmarint@hotmail.com','Caracas','001','001','CARACAS','','01','022','45349'),
 ('0000000430','SUAREZ','NURIS','6970016','','0414 124 33 19 ','0414 124 33 19 ','nurysuarezn@yahoo.es','','050','001','CARACAS','','01','025','52858'),
 ('0000000431','ESPEJO','CLAUDIO','13137797','','0412 032 24 79','0412 032 24 79','claudiomirror@gmail.com','CLINICA CARACAS','012','001','CARACAS','','01','025','30556'),
 ('0000000432','SANCHEZ','MARTA','10522604','','0416 610 59 43','0416 610 59 43','sanchezmb@gmail.com','','001','001','CARACAS','','01','025','37507'),
 ('0000000433','LINARES','GUSTAVO','9817996','','0414 123 76 58 ','0414 123 76 58 ','guslinares@hotmail.com','','001','001','CARACAS','','01','025','49182'),
 ('0000000434','PEREZ','EDDY','7089668','','0412 342 73  79','0412 342 73  79','eddyperez2007@yahoo.es','','001','001','MARACAY','','01','025','46366'),
 ('0000000435','SALAZAR','TEMISTOCLES','10161385','','04163019289','04163019289','temissalazar@hotmail.com','','001','001','CARACAS','','01','025','50617'),
 ('0000000436','GONZALEZ','HAYDEE','6550597','','04167124516','04167124516','HAYDEEGONZALEZ63@HOTMAIL.COM','','050','001','CARACAS','','01','025','56692'),
 ('0000000437','MEDINA','ANETTE','16083287','','04144173002','04144173002','medicoann@yahoo.es','','001','001','MARACAY','','01','025','8220'),
 ('0000000438','ISEA','JESUS','4083259','','02122673344','(414) 3121681','jesus_isea@cantv.net','','001','001','CARACAS','','01','013','15.381'),
 ('0000000439','SANCHEZ','DIEGO','79293183','','02122673344',' 57-1-6155938','diegosan64@yahoo.com','','001','037','BOGOTA','','01','025','79293183'),
 ('0000000440','ACOSTA','ROSA','6096107','','xx','0414-3045015','rosadelv@gmail.com','','001','001','Caracas','','01','022','37541'),
 ('0000000441','TORREALBA','CARLOS ENRIQUE','7005098','','xx','0414-3320763','ctorrealbamd@yahoo.com','','010','001','Caracas','','01','022','33170'),
 ('0000000442','BERRISBEITIA','MARIA LUISA','3300024','','xx','0414 2329911','maluber@hotmail.com','','001','001','Caracas','','01','022','25344'),
 ('0000000443','GOMEZ','HECTOR','3971626','','xx','0416 6283423','jesuszuli@cantv.net','','001','001','Caracas','','01','022','18227'),
 ('0000000444','CORREA','ROBERTO CARLO','9812847','','0414-3052651','0414-3052651','correarc@cantv.net','','001','001','Caracas','','01','022','47100'),
 ('0000000445','BALDUCCI','VICTOR','5138272','','0212-2564622','xx','victorinox_40@hotmail.com','','001','001','Caracas','','01','022','24188'),
 ('0000000446','ORTA','JORGE','3476453','','xx','0416-7135848','otto_orta@hotmail.com','','001','001','Caracas','','01','022','12901'),
 ('0000000447','PAREDES','ZUNILDE','3751138','','0412-3210260','0412-3210260','zunilde.zapi@hotmail.com','','001','001','Caracas','','01','022','17681'),
 ('0000000448','FEIJOO IGLESIAS','JOSEFINA','5599739','','04122357048','0412-2357047','jfeijoo@cantv.net','','001','001','Caracas','','01','022','25614'),
 ('0000000449','AÑANGUREN','MARÍA','11488522','','0416-6212967','0416 6212967','mariaananguren@hotmail.com','','001','001','Caracas','','01','022','00000'),
 ('0000000450','FERNANDEZ','NANCY','5223836','','04148701960','04148701960','dranancyfernandez@gmail.com','','001','001','puerto ordaz','','01','006','36270'),
 ('0000000451','ROTOLO','MARÌA','6822433','','xx','4143231486','maria_rotolo@hotmail.com','','001','001','Caracas','','01','022','00'),
 ('0000000452','VEGLIANTE','DENISE','2979393','','xx','0416 6283457','denisevegliante@hotmail.com','','001','001','Caracas','','01','022','....'),
 ('0000000453','NAVA','AGMAR','5854195','','04126294539','04126294539','doctornava@gmail.com','','001','001','Caracas','','01','022','34607'),
 ('0000000454','BRAVO','VIRGINIA','11014587','','04263923745','04263923745','luiscastillopaez@yahoo.com','','001','001','maturin','','01','014','59984'),
 ('0000000456','MORA','ANDRES','12267690','','04168070992','04168070992','centenoandres@hotmail.com','','001','001','VALENCIA','','01','007','58907'),
 ('0000000457','BRAZ','JOSE CARLOS','6482180','','0414-2606355','0414 2606355','drcarlosbraz@hotmail.com','','001','001','Caracas','','01','022','50802'),
 ('0000000458','BERROTERAN','ROMAN','4284347','','0416-6370924','0416-6370924','ROBEGA53@HOTMAIL.COM','Guatire','001','001','Caracas','','01','022','15640'),
 ('0000000459','MACHADO','ERIKA IRIZA','6503250','','0414-3004314','0414-3004314','erikairiza@yahoo.es','','050','001','Caracas','','01','022','40621'),
 ('0000000460','MENDOZA','MARIA GABRIELA','11648051','','04145886491','04145886491','mariagfigueroa@hotmail.com','','001','001','valencia','','01','007','58269'),
 ('0000000461','CONDADO','JOSE ANTONIO','3751168','','0212-2394109','0414-3229575','condadoj@movistar.net.ve','','001','001','Caracas','','01','022','2842405'),
 ('0000000462','ROSAS','OMAR','7022236','','04148237754','04148237754','orosasg@gmail.com','','001','001','BARCELONA','','01','002','23505'),
 ('0000000463','SUAREZ','OMAR','5022064','','04148063566','04148063566','omar2650@hotmail.com','','001','001','puerto la cruz','','01','002','28715'),
 ('0000000464','TRINIDAD','RICARDO','6843369','','04142768751','04142768751','ricardotrinidad64@cantv.net','','001','001','caracas','','01','022','37487'),
 ('0000000465','ANNICCHIARICO','DOMINGO','3659441','','04142704583','04142704583','angelan@movistar.net.ve','','001','001','caracas','','01','022','8015'),
 ('0000000466','CABAS','ARNALDO','006507459','','04142466010','04142466010','arnaldocabas@hotmail.com','','001','001','caracas','','01','022','22419'),
 ('0000000467','MONTILLA','ANA','7404115','','04166218889','04166218889','anitamontilla@hotmail.com','','001','001','caracas','','01','022','45182'),
 ('0000000468','SIMMONS','IVONNE','4326087','','02122673344','04146123532','icoromoto@cantv.net','','001','001','MARACAIBO','','01','021','19822'),
 ('0000000469','RIFAKIS','PEDRO','11407011','','04265166377','04265166377','pedrorifakis@hotmail.com','','001','001','caracas','','01','022','59886'),
 ('0000000470','ORDOÑEZ','GIOVANNI','15157656','','04247710422','04247710422','giovanniordonez@hotmail.com','','001','001','barquisimeto','','01','011','42829'),
 ('0000000471','RODRIGUEZ','ERNESTO','3700842','','04148687741','04148687741','sivca@hotmail.com','','001','001','puerto ordaz','','01','006','20652'),
 ('0000000472','PALACIO PALACIO','RUBEN','15258399','','04167308630','04167308630','rubenpala23@hotmail.com','','001','001','valencia','','01','007','41424'),
 ('0000000474','CARRERA','MIRIAN','3658305','','04142816333','04142816333','andreina.ramsbott.ar@bayer-ag.de','','001','001','CARACAS','','01','022','1'),
 ('0000000475','MORENO','ALFONSO','5174680','','04146934271','04146934271','morenor17@gmail.com','','001','001','Punto Fijo','','01','010','24204'),
 ('0000000476','SANCHEZ','FELIX','5752280','','0414-6930386','0414-6930386','felixosp@yahoo.com','','001','001','Caracas','','01','010','Nº5752280'),
 ('0000000477','CHIRINOS','OMEL','5295092','','xx','xx','omelchirinos15@hotmail.com','','001','001','Coro','','01','010','qq'),
 ('0000000478','ALAEDDINE','WADIH','8433557','','xx','04143930562','wala2002@hotmail.com','','001','001','Cumana','','01','017','wq'),
 ('0000000479','ROSAS AVILES','RAFAEL','8649857','','xx','xx','rosasrafael2001@yahoo.es','','001','001','Cumana','','01','017','rr'),
 ('0000000480','LANDAETA','AGUSTIN','9424924','','xx','04247527390','aguslanda@yahoo.com','','001','001','Porlamar','','01','022','tt'),
 ('0000000481','MARCANO','JOSE','8385703','','xx','04147891748','ppcardio@hotmail.com','','001','001','Porlamar','','01','025','trt'),
 ('0000000482','CALVO','RAFAEL','14827447','','xx','0414-8086576','racalvo43@hotmail.com','','001','001','Barcelona','','01','002','yt'),
 ('0000000483','BRITO','HENRY','4910694','','xx','0414-8165459','h.en.d85@hotmail.com','','001','001','Barcelona','','01','002','33789'),
 ('0000000484','BARRIOS','RICARDO','12531808','','04265867992','04265867992','rjbs@gmail.com','','001','001','Porlamar','','01','015','0002'),
 ('0000000485','STRAGA','JOSE','6609049','','0414-4505440','0414-4505440','jstragazue@intercable.net,ve','','001','001','La Victoria','','01','004','ff'),
 ('0000000486','CARDENAS','ALEKSANDER','6314101','','04145969691','04127490995','aleks05@hotmail.com','','001','001','Valencia','','01','007','ll'),
 ('0000000487','ESPINOZA','RAFAEL','3714845','','04265182148','04265182148','RAESPINOZA@CANTV.NET','','001','001','CARACAS','','01','025','17291'),
 ('0000000488','NAVA','JORGE','1668019 ','','04246034355   ','04246034355   ','lil.acive@roche.com','','001','001','MARACAIBO','','01','021','6383'),
 ('0000000489','HERNANDEZ','JOALICE','9786627','','0414-6451532','0414-6451532','joalice-hernandez@hotmail.com','','001','001','MARACAIBO','','01','021','59476'),
 ('0000000490','GUTIERREZ','LORENA','10397437','','0414-6304863','0414-6304863','gutierrezlm@hotmail.com','','001','001','MARACAIBO','','01','021','51102'),
 ('0000000491','DIAZ','YASMIN','9773470','','0414-6168499','0414-6168499','yamindiaz1@hotmail.com','','001','001','MARACAIBO','','01','021','50211'),
 ('0000000492','FERRER','ENRIQUE','3931649','','0414-6337108','0414-6337108','enriquesferrer@hotmail.com','','001','001','MARACAIBO','','01','021','15773'),
 ('0000000493','BRICEÑO','SOLEDAD','3947113','','0414-3627072','0414-3627072','solbrial@gmail.com','','051','001','MARACAIBO','','01','021','18842'),
 ('0000000494','NUÑEZ','JOCYLINE','7832809','','0414-6451532','0414-6451532','jocylinenunez@yahoo.com','','051','001','MARACAIBO','','01','021','45495'),
 ('0000000495','SANDREA','DIANA','4526110','','0414-6393927        ','0414-6393927        ','dsandrea55@gmail.com','','051','001','MARACAIBO','','01','021','34.072'),
 ('0000000496','MATERANO','ROSSANA','12696152','','0424-6382239        ','0424-6382239        ','rosanamatero@hotmail.com','','006','001','MARACAIBO','','04','021','65.802'),
 ('0000000497','MARTINEZ','MARJORIE','13560767','','0424-2227295        ','0424-2227295        ','mcmg17@hotmail.com','','006','001','MARACAIBO','','04','021','68.407'),
 ('0000000498','PEREZ','MARIANGELINA','15193862','','0424-6717622        ','0424-6717622        ','mariangelinaperez@hotmail.com','','006','001','MARACAIBO','','04','021','67.385'),
 ('0000000499','OSORIO','JUAN','12693803','','0414-6349932        ','0414-6349932       ','   je2704@yahoo.com','','006','001','MARACAIBO','','04','021','64.008'),
 ('0000000500','GERKA','CARLOS','2882446 ','','0416-8669691        ','0416-8669691        ','carlosgerka@hotmail.com','','001','001','MARACAIBO','','01','021','8707'),
 ('0000000501','MEDINA','BEATRIZ','9541712 ','','0416-6609710        ','0416-6609710        ','beatrizmedi@gmail.com','','001','001','MARACAIBO','','01','021','44033'),
 ('0000000502','MADARIAGA','WILLIAM','9187715','','414-7487030','414-7487030','madariaga_wili@hotmail.com','','001','001','MERIDA','','01','012','24095'),
 ('0000000503','FERRER','LINDA','14132456','','414-1791408','414-1791408','lindamavilferrer@gmail.com','','001','001','MERIDA','','01','012','67890'),
 ('0000000504','STOJAKOVIC SANTANDER','DAYANA ELENA','14588830','','414-7942928','414-7942928','dayanastojakovic@gmail.com','','001','001','MERIDA','','01','012','65373'),
 ('0000000505','MORANTES','GRISSELL','9995152','','0241-823 73 45','0414-341 82 39','gmorantes@msn.com','','001','001','VALENCIA','','01','007','50856'),
 ('0000000506','GUTIERREZ','JUANA INES','3940097','','0273-552 51 52','0414-567 01 35','jirivero351@hotmail.com','','001','001','BARINAS','','01','005','5526346'),
 ('0000000507','HERNANDEZ','CARLOS','9458459','','0416-655 14 02','0416-655 14 02','cehrshark@hotmail.com','','001','001','CARORA','','01','025','49862'),
 ('0000000508','TOLEDO','MARYORY','6365957','','0416-627-58-97','0416-627-58-97','metg91@cantv.net','','051','001','CARACAS','','01','025','33161'),
 ('0000000509','IZQUIERDO','JOSE NICOLAS','5453704','','0414-3223779','0414-3223779','joseizquierdog@gmail.com','','051','001','CARACAS','','01','025','30549'),
 ('0000000510','VELAZQUEZ MARCANO','LUIS RAFAEL','3873658','','0414 3931004','0414 3931004','chaccalt@yahoo.com','','001','001','CUMANA','','01','017','17366'),
 ('0000000511','MARCANO','JOSÉ FRANCISCO','008385703','','0414- 7891748','0414- 7891748','ppcardio@hotmail.com','','051','001','PORLAMAR','','01','015','28589'),
 ('0000000512','GOITÍA','ATILIO','7528584','','0412-9987583','0412-9987583','goitiaa@hotmail.com','Caracas','001','001','CARACAS','','01','022','32853'),
 ('0000000513','MUÑOZ','JUAN SIMÓN','11926181','','4141404540','4141404540','jsmuro@cantv.net','','051','001','CARACAS','','01','025','55973'),
 ('0000000514','PÉREZ','SANDRA','7771911','','4122351164','4122351164','SPEREZM1965@GMAIL.COM','','051','001','CARACAS','','01','025','38182'),
 ('0000000515','OLCHEVSKAIA DE TRON','ELENA','15186061','','0416-7879408','0416-7879408','olchevskaia@hotmail.com','','051','001','PUERTO ORDAZ','','01','006','19619'),
 ('0000000516','CASTILLO','ALEIDA','9149140','','414-7078615','414-7078615','A.CASTILLOM@HOTMAIL.COM','','051','001','SANTO DOMINGO','','01','018','44668'),
 ('0000000517','ARAUJO','XIOMARA','5101086','','0416-8726509','0416-8726509','XIOCO84@HOTMAIL.COM','','051','001','VALERA','','01','025','26566'),
 ('0000000518','DÁVILA','DIEGO','2459402','','414-3743948','414-3743948','diegod@ula.ve','','001','001','MERIDA','','01','025','9531'),
 ('0000000519','DONIS','JOSÉ','2139801','','414-3743948','414-3743948','donis@icnet.com.ve','','001','001','MERIDA','','01','025','10289'),
 ('0000000520','MORALES','ARGENIS','3265856','','0291-3000448','0416-7926171','cardiov@gmail.com','UNIDAD DE CIRUGIA CARDIOVASCULAR AVANZADA','001','001','MATURIN','','01','014','24365'),
 ('0000000522','RODRIGUEZ','LUIS','4865624','','xx','0416-6411295','rodsalas1601@gmail.com','','001','001','Valencia','','01','007','23032'),
 ('0000000523','NOGUERA','ANTONIO','2836639','','xx','0416-5438334','lgodoy_drlve@yahoo.es','','001','001','Maracay','','01','004','l'),
 ('0000000524','MEDINA','DEBBIE','4637179','','xx','xx','xx','','001','001','Valencia','','01','007','b'),
 ('0000000525','CUBEROS P','CARMEN LUISA','4238735','','0414-5754286','4145754286','carmencuberos@gmail.com','','001','001','Guanare','','01','016','36902'),
 ('0000000526','RODRÍGUEZ','LIGIA','7989390','','xx','4167592358','xx','','001','001','Acarigua','','01','016','t'),
 ('0000000527','FERRER','JOSÉ','9636968','','xx','416-6502847','jofe11@hotmail.com','','001','001','Carora','','01','011','50958'),
 ('0000000528','VILLAFAÑA','ANDRES','3336501','','xx','0414 3864604','xx','','001','001','PUERTO ORDAZ','','01','006','f'),
 ('0000000529','MONCADA','JULIAN','9477463','','xx','4148765872','xx','','001','001','Puerto Ordaz','','01','006','g'),
 ('0000000530','RODNEY','MARIANELA','12188234','','xx','4148526002','marianela_rodney@hotmail.com','','001','001','Ciudad Bolivar','','01','006','q'),
 ('0000000531','ZERPA','CARLOS','8351819','','xx','0414-3943334','c_zerpa@hotmail.com','','001','001','Maturin','','01','014','8351819'),
 ('0000000532','FADDOUL','MERCHED','8371778','','0414-7676112','0414-7676112','faddoul@cantv.net','','001','001','PTO. ORDAZ','','01','025','Nº8371778'),
 ('0000000533','CARRILLO','FERMIN','5655032','','xx','0414-7113817','ferminca@msn.com','','001','001','San Cristobal','','01','018','i'),
 ('0000000534','SANTUCCI','GIOVANI','5438937','','xx','414-7079259','jhernanroa@gmail.com','','001','001','San Cristobal','','01','018','a'),
 ('0000000535','RAMIREZ','LUIS HOMERO','8037865','','0414-7443032','0414-7443032','luishomero19@gmail.com','','001','001','Merida','','01','012','no8037865'),
 ('0000000536','CARDOZO','LUBIO','9464610','','xx','0416-4718008','lubiocardozo@cantv.net','','001','001','Merida','','01','012','fj'),
 ('0000000537','GOMEZ','MANUEL EDUARDO','8719203','','xx','414-3712439','gomezmegb@hotmail.com','','001','001','Valera','','01','019','lp'),
 ('0000000538','MOLINA','NELLY','5378964','','4167130379','4167130379','nelysmolina@hotmail.com','','001','001','Caracas','','01','022','27393'),
 ('0000000539','CARRILLO','EUCLIDES','6853233','','0416-6475224','0416-6475224','eucarrillo@gmail.com','','001','001','VALENCIA','','01','007','0000020'),
 ('0000000540','PEÑA','DENYSES','11929876','','02127934580','04142506834','denysesp@endotecnica.com','','007','001','Caracas','','03','022',''),
 ('0000000541','LEON','MARIA SUSANA','14301921','','02127934672','04143254165','susanaleon@endotecnica.com','Endotecnica','005','001','Caracas','','03','022',''),
 ('0000000542','PEREIRA','BEATRIZ','13944380','','02127934672','04141826315','beatrizpereira@endotecnica.com','Endotecnica','007','001','Caracas','','03','022',''),
 ('0000000543','LEON','MARIA SUSANA','14302921','','02127935064','04143254165','susanaleon@endotecnica.com','Endotecnica','005','001','Caracas','','03','022',''),
 ('0000000544','RODRIGUEZ','AXEL','12945680','','02617935487','04143346942','axelrodriguez@endotecnica.com','Endotecnica ','007','001','Maracaibo','','03','021',''),
 ('0000000545','RONDON','MAURICIO','3922713','','02126623825','04141000298','maurondon@cantv.net','CLINICA ATIAS','001','001','Caracas','','01','022','15991'),
 ('0000000546','PATETE AYALA','MANUEL','8344283','','02125525262','04143083948','manuelpatete@yahoo.es','Centro Medico de Caracas','001','001','Caracas','','01','022','53328'),
 ('0000000547','MOLINA','TANIA','7667483','','02617935087','04146121192','taniamolina@endotecnica.com','Endotecnica','007','001','Maracaibo','','03','021',''),
 ('0000000548','HERNANDEZ','LILIA ANA','10287291','','04168136369','04168136369','liliah_1@hotmail.com','Hospital Universitario de Caracas','001','001','Caracas','','01','022','63590'),
 ('0000000549','PEREZ','WUALDINT','6868975','','02127934672','04143234940','wp@endotecnica.com','Endotecnica','051','001','Caracas','','01','022','6868975'),
 ('0000000550','PRIETO MONTERO','NOLIS CLARET','4592253','','02617593947','04143603231','NOLISPRIETO@HOTMAIL.COM','','050','001','MARACAIBO','','01','021','65285'),
 ('0000000551','CHOURIO SANCHEZ','ARNOLDO DE JESUS','5821684','','02617545761','04143678644','ARNOLDOCHOURIO@HOTMAIL.COM','','050','001','MARACAIBO','','01','021','57891'),
 ('0000000552','GARABAN URDANETA','SORAYA GRACIELA','7821013','','02617491704','04242817407','SORAYA_GRA@YAHOO.ES','','050','001','MARACAIBO','','01','021','39976'),
 ('0000000553','RINCON RODRIGUEZ','RAQUEL CRISTINA','11868398','','02617434289','04165607441','RAQUELRINCON@YAHOO.COM','','001','001','MARACAIBO','','01','021','58470'),
 ('0000000554','BERBESI','LEIDA LILIBETH','11673553','','02127934672','04142541271','lilibethberbesi@endotecnica.com','Endotecnica C.A','007','001','Caracas','','03','022',''),
 ('0000000555','TORRES VIERA','JOSE MIGUEL','5960616','','02122673344','(0416) 6234674','josemigueltorresviera@gmail.com','','001','001','CARACAS','','01','013','27016'),
 ('0000000556','DE ABREU DOS REIS','SONIA MARIA','6846121','','02122673344','0416- 632.00.01','soniadea@cantv.net','','001','001','CARACAS','','01','013','56281'),
 ('0000000557','CHIRINOS','LUIS MANUEL','10702676','','04146845914','04146845914','luisma010869@gmail.com','Fundacardin','001','001','Caracas','','01','022','52115'),
 ('0000000558','REINOZA PEREZ','MADY AVIGUEY','17981779','','02126323057','04128172886','madyreinoza@gmail.com','ESTUDIANTE','004','001','CARACAS','','03','025',''),
 ('0000000559','RODRIGUEZ LE MAITRE','PRISCILA ISABEL','19152595','','02126623662','04243801305','prishila_irl_15@hotmail.com','ESTUDIANTE','004','001','CARACAS','','03','025',''),
 ('0000000560','SÁNCHEZ','LUIS','4520267','','0212-9452122','0414-6561688','sanchezdoctor@hotmail.com','','012','001',' MARACAIBO','','01','021','GSK1'),
 ('0000000561','SAAVEDRA MARTINEZ','KARLA YOHANA','18491055','','02127940063','04142330727','karsa_34@hotmail.com','ESTUDIANTE','004','001','CARACAS','','03','025',''),
 ('0000000562','RAMOS ARJONA','PEDRO A.','2452468','','02524215833','04166557729','fannychaviel@hotmail.com','','001','001','CARORA','','01','011','7177'),
 ('0000000563','DE AGUIAR MARTIN','KARLA ELIZABETH BARBARA','18314635','','04241887115','04241887115','karladeaguiar@hotmail.com','','004','001','MARACAIBO','','03','021',''),
 ('0000000564','VELOSO ESPINOSA','JORGE MAURICIO','12421954','','02124615218','04265362896','mveloso@biogalenic.com','BIOGALENIC','051','001','CARACAS','','01','025','S1'),
 ('0000000565','MEDINA ALVARADO','ALFREDO ENRIQUE','2532399','','02418576992','04144106666','amedina232@gmail.com','','001','001','Valencia','','01','007','7096'),
 ('0000000566','LILIBETH','CANDELARIO','14647960','','0424-1500883','0424-1500883','lcandelario@hospalmedica.com','Hospal Medica, C.A.','007','001','PUNTO FIJO','','03','025',''),
 ('0000000567','BRICEÑO PEREIRA','JULIO JESUS','9312071','','02122026200','04147439220','perei00@hotmail.com','Puerto Ordaz','001','001','Puerto Ordaz','','01','006','39603'),
 ('0000000568','MATZO','MAILENI','9912954','','02122026200','04143949891','cardiomatso@yahoo.es','Puerto Ordaz','001','001','Puerto Ordaz','','01','006','56822'),
 ('0000000569','CUBERO','GRECYS','5314157','','02122026366','04143949891','gery_ar@hotmail.com','Puerto Ordaz','001','001','Puerto Ordaz','','01','006','4576'),
 ('0000000570','SOLORZANO PINEDA','GABRIEL JOSÉ','8964820','','02122026366','04143949891','gabrieljsolorzanop@gmail.com','Ciudad Bolivar','001','001','Ciudad Bolivar','','01','006','46459'),
 ('0000000571','GRACIANO','PEDRO','9282289','','02122026366','04166113236','pedrograziano@gmail.com','DIAGNOSTICO','001','001','Caracas','','01','013','00001'),
 ('0000000572','FAIETA','ARTURO','5875158','','02122026366','04148125812','sonia.suarez@farma.com.ve','','001','001','Cumaná','','01','025','00002'),
 ('0000000573','ARAY','JOSE GREGORIO','8329885','','02122026366','04248143397','drjarayg@gmail.com','Puerto La Cruz','001','001','Puerto La Cruz','','01','002','00003'),
 ('0000000574','PINTO','RAFAEL','3911960','','02122026366','04147404032','laura.compadre@farma.com.ve','Valera','001','001','Valera','','01','019','00004'),
 ('0000000575','HOFFMANN','FEDERICO','5532650','','02122026336','04141293949','federico.hoffmann@farma.com.ve','Centro Médico de Caracas','050','001','Caracas','','01','013','24275'),
 ('0000000576','D ALBANO DE ROMERO','DANY','5837638','','04146975159','04146975159','danydalbano@yahoo.es','','050','001','cumana','','01','025','30970'),
 ('0000000577','MORALES','EDUARDO','2954795','','0212-2394109','0414-3234422','EDUARDOMORALES@GMAIL.COM','','001','001','Caracas','','01','022','8391'),
 ('0000000578','LUGO','CARMEN','5180215','','02129452122','04146348108','cjlugo24@hotmail.com','','001','001','MARACAIBO','','01','021','GSK002'),
 ('0000000579','ARMAS DE HERNANDEZ','MARÍA JOSEFA','5252059','','02122026366','04148108683','rhernan@cantv.net','Barquisimeto','050','001','Barquisimeto','','01','011','00005'),
 ('0000000580','ALBORNOZ','LUDIS','5055644','','02129452122','04146301133','ludis.albornoz@hotmail.com','','001','001','MARACAIBO','','01','021','GSK003'),
 ('0000000581','BARBOZA MESTRE','ALEX','9713327','','04146124474','04146124474','abm21@hotmail.com','','001','001','MARACAIBO','','01','021','0016'),
 ('0000000582','MEJIAS','JOSÉ','3859849','','04166615444','04166615444','jmejiasm@gmail.com','','001','001','MARACAIBO','','01','021','15174'),
 ('0000000583','LUGO','ADALBERTO','7819636','','04146374878','04146374878','adalberto.lugo@gmail.com','','001','001','MARACAIBO','','01','021','GSK006'),
 ('0000000584','SULBARÁN','MANUEL','10451490','','04166608841','04166608841','manuelsulbaran@hotmail.com','','001','001','MARACAIBO','','01','021','GSK007'),
 ('0000000585','BRACHO','VIRGINIA','7808793','D0126213','04126533183','04126533183','virginiabracho@cantv.net','','001','001','MARACAIBO','','01','021','GSK008'),
 ('0000000586','BUSTAMANTE','GUSTAVO','7616360','','0416-660.22.55','0416-660.22.55','gbustamante@cantv.net','','001','001','MARACAIBO','','01','021','GSK009'),
 ('0000000587','CLAVELL','EMILIO','5277823','','0414-610.73.43','0414-610.73.43','eclavell@cantv.net','','001','001','MARACAIBO','','01','021','GSK010'),
 ('0000000588','MARTÍNEZ','CARLOS','6677243','','0414-610.32.26','0414-610.32.26','kaimar@hotmail.com','','001','001','MARACAIBO','','01','021','GSK011'),
 ('0000000589','ARAI','KADUO','7476910','','0414-522.81.51','0414-522.81.51','drkaduo@cantv.net','','001','001','BARQUISIMETO','','01','011','GSK012'),
 ('0000000590','FALCONE','MARIANELA','9541402','','0416-650.04.54','0416-650.04.54','marianelafalcone@ascardio.org','ASCARDIO','001','001','BARQUISIMETO','','01','011','GSK013'),
 ('0000000591','VENTO','GASPAR','5073782','','0416-621.29.33','0416-621.29.33','gasparvento@yahoo.com','','001','001','PUNTO FIJO','','01','010','GSK014'),
 ('0000000592','MORÓN','FANNY','9515067','','0414-683.81.03','0414-683.81.03','fannymoron@cantv.net','fannymoron@cantv.net','001','001','CORO','','01','010','GSK015'),
 ('0000000593','VALERA','ISSYS','13426412','','04142559960','04142559960','vgonzalez@gc.com.ve','Hospital Militar de Caracas','005','001','Caracas','','03','022',''),
 ('0000000594','LANZA','LEONARDO','9241413','','04146900805','04146900805','leonardolanzae@hotmail.com','','001','001','SAN CRISTÓBAL','','01','018','GASK016'),
 ('0000000595','BETTIOL','ADRIANNA','8044723','','04166766165','04166766165','badrianna@cantv.net','','001','001','SAN CRISTOBAL','','01','018','GSK017'),
 ('0000000596','ROSALES','JOSÉ GREGORIO','5674729','','04147069248','04147069248','jgcardio@yahoo.com','','001','001','SAN CRISTÓBAL','','01','018','GSK018'),
 ('0000000597','HERNANDEZ','DORYLU','10976879','','xx','04141400084','dorylu.hernandez@novartis.com','','001','001','Caracas','','01','025','47737'),
 ('0000000598','DIAZ','LUIS','6855432','','xx','4166932548','vacabecerro@hotmail.com','','001','001','Cumana','','01','017','37537'),
 ('0000000599','GONZALEZ','RODOLFO','3377346','','04143540614','4143540614','rodoenrique@cantv.net','','001','001','SAN FELIPE','','01','011','0017'),
 ('0000000600','SINEIRO','HORACIO','8194340','','xx','4145538573','horasin.1@gmail.com','','001','001','Barquisimeto','','01','011','8194340'),
 ('0000000601','ROSENTHAL','JACOBO','3243397','','04143277600','04143277600','jarowa1@cantv.net','','001','001','CARACAS','','01','022','GSK019'),
 ('0000000602','CONTRERAS','JESÚS','4171568','','04166180282','04166180282','contrerasjh@gmail.com','CLINICA CARACAS','001','001','CARACAS','','01','022','GSK020'),
 ('0000000603','MORA','CARLOS','3753806','','04141290623','04141290623','carlmora806@cantv.net','','001','001','CARACAS','','01','022','GSK021'),
 ('0000000604','VALERI','JORGE','10487733','','0416 5220056','0416 5220056','jorge.valeri@gmail.com','','001','001','CARACAS','','01','022','GSK022'),
 ('0000000605','GARAY','CLAUDIO','13713545','','0412 6233894','0412 6233894','claudiogaray@hotmail.com','','001','001','CARACAS','','01','022','GSK024'),
 ('0000000606','PARRA','BOGART','7349542','','0414 4660076','0414 4660076','bogparra@gmail.com','','001','001','CARACAS','','01','022','GSK023'),
 ('0000000607','FERRER','JOSÉ','11198608','','0412 3130953','0412 3130953','netorum@hotmail.com','Clínica Buenventura','001','001','CARACAS','','01','022','Caracas'),
 ('0000000608','POLEO','ALFREDO','6513887','','0412 3776536','0412 3776536','apoleo@cantv.net','','001','001','CARACAS','','01','022','GSK026'),
 ('0000000609','RIVERA','REINALDO','8679974','','04166115272','04166115272','rey21168@yahoo.com','','001','001','CARACAS','','01','022','GSK027'),
 ('0000000610','SIRIT','ULISES','2786572','','0414 2603816','0414 2603816','ulisessirit@cantv.net','','001','001','CARACAS','','01','022','GSK028'),
 ('0000000611','COLLET','HANS','1715355','','0412 6213085','0412 6213085','hcollet7@cantv.net','','001','001','CARACAS','','01','022','GSK029'),
 ('0000000612','RÍOS','ORAMIS','7661995','','0412 6285866','0412 6285866','oramisrios@yahoo.com','','001','001','CARACAS','','01','022','GSK030'),
 ('0000000613','BLANCO','SUSANA','6019433','','0412 3331425','0412 3331425','blancosobrino@gmail.com','','001','001','CARACAS','','01','022','GSK031'),
 ('0000000614','MARDOMINGO','HILSE','6595653','','0416 6331810','0416 6331810','mardomingo@cantv.net','','001','001','CARACAS','','01','022','GSK032'),
 ('0000000615','GÓMEZ MANCEBO','JOSÉ RAMÓN','6209486','','(0416)622.76.62','0412-3200699','mancebo@cantv.net','Hospital Universitario y Clinica EL Ávila ','001','001','CARACAS','','01','022','GSK033'),
 ('0000000616','PÉREZ','JUAN','7234989','','0414 5312888','0414 5312888','jjperezteran@hotmail.com','','001','001','CARACAS','','01','022','40120'),
 ('0000000617','SUBERO','LUCÍA','13004180','','0414 6299736','0414 6299736','luciaksuberob@hotmail.com','','001','001','CARACAS','','01','022','GSK035'),
 ('0000000618','PIÑA','JUDITH','5751286','','04143266831','04143266831','jpinatrujillo@hotmail.com','','001','001','CARACAS','','01','022','GSK036'),
 ('0000000619','SOUKI','JOSÉ','3413108','','04166248355','04166248355','NO TIENE','','001','001','CARACAS','','01','022','GSK037'),
 ('0000000620','MENDOZA','SOBEIDA','4789589','','04166303880','04166303880','sobeida60@gmail.com','','001','001','CARACAS','','01','022','GSK038'),
 ('0000000621','ASCANIO','RAFAEL','4669765','','04144949555','04144949555','rafascan@cantv.net','','001','001','MARACAY','','01','004','GSK039'),
 ('0000000622','MATUTE','CARMEN','4953994','','04144952285','04144952285','carmenymatute@hotmail.com','','001','001','MARACAY','','01','004','GAK040'),
 ('0000000623','CONSTANTINO','RAMEZ','8480234','','04144231847','04144231847','ramez09@gmail.com','','001','001','VALENCIA','','01','007','GSK042'),
 ('0000000624','MARINO','PAOLO','7017103','','04143410393','04143410393','pmarino@cantv.net','','001','001','VALENCIA','','01','007','GSK043'),
 ('0000000625','ROMERO','MAGALY','3562117','','04143409338','04143409338','moisesalbany@hotmail.com','','001','001','VALENCIA','','01','007','GSK044'),
 ('0000000626','MOSQUERA','CARLOS','12766023','','04143411465','04143411465','cmosquera@hotmail.com','','001','001','VALENCIA','','01','007','GSK045'),
 ('0000000627','FERNÁNDEZ','MANUEL','13409404','','04165481078','04165481078','jmfsancarlos@gmail.com','','001','001','VALENCIA','','01','007','GSK046'),
 ('0000000628','GÓMEZ','EDUARDO','4867903','','04143476652','04143476652','eduardod@cantv.net','','001','001','VALENCIA','','01','007','GSK047'),
 ('0000000629','VÁSQUEZ','DAMASO','9304410','','0416.69641.91','0416.69641.91','damasovs@gmail.com','','001','001','PORLAMAR','','01','015','53551'),
 ('0000000630','PIEDRA','ARMANDO','11536672','','0416.695.00.00','0416.695.00.00','arpiedra@cantv.net','','001','001','PORLAMAR','','01','015','GSK049'),
 ('0000000631','GARCÍA','ROBERTO','3944181','','0416.680.82.22','0416.680.82.22','roberto.garciapereira@gmail','','001','001','CARÚPANO','','01','017','GSK050'),
 ('0000000632','MORÁN','JULIO CÉSAR','7756213','','0414.779.26.87','0414.779.26.87','juliomoran60@gmail.com','','001','001','CARÚPANO','','01','017','GSK051'),
 ('0000000633','GERALDINO','OSCAR','8335592','','0414.824.14.36','0414.824.14.36','oscargeraldino@hotmail.com','','001','001','LECHERÍAS','','01','002','GSK052'),
 ('0000000634','MARRERO','CARLOS','6851463','','0281.289.00.42','0281.289.00.42','cmarrero@hotmail.com','','001','001','LECHERÍAS','','01','002','GSK053'),
 ('0000000635','RUIZ GIMÉNEZ','CARLOS','7213303','','0412.839.49.70','0412.839.49.70','caruiz@gmail.com','','001','001','LECHERÍAS','','01','002','GSK054'),
 ('0000000638','MAGAÑA','SOFÍA','13636317','','0416.880.66.56','0416.880.66.56','sofia_magana13@hotmail.com','','001','001','PUERTO LA CRUZ','','01','002','32553'),
 ('0000000639','GONZALEZ OCHOA','NESTOR','3691281','','0414  557 6453','0414  557 6453','nestorgonzalezochoa@hotmail.com','','001','001','ACARIGUA','','01','016','0020'),
 ('0000000640','GONZÁLEZ HORMOSTAY','RAQUEL','17276746','','0424.501.82.40','0424.501.82.40','rgonzalez@gmail.com','','001','001','ACARIGUA','','01','016','0021'),
 ('0000000641','LAREZ','DIAXEIDIS','13023971','','000','000',' diaxeidi1805@hotmail.com.','','001','001','maracaibo','','01','021','60793'),
 ('0000000642','ARCAY','MIGUEL','3585755','','0414-437.16.05','0414-437.16.05','mearcay@hotmail.com','','001','001','VALENCIA','','01','007','GSK060'),
 ('0000000643','SANCHEZ','JAVIER','45555555','113179783','(0212) 2352821','(0414) 2505655','aromero@cardioritmo.com','HOSPITAL DE TEXAS','001','051','TEXAS - USA','','01','022','113179783'),
 ('0000000644','TAPIA','FERNANDO','','304329887','(0212) 2352821','(0414) 2505655','aromero@carioritmo.com','HOPITASL DE TEXAS','001','001','TEXAS - USA','','01','022','304329887'),
 ('0000000645','BENCHETRIT','CHAMIA','14277516','','(0212) 9934170','(0416) 6107135','chamiab@cantv.net','INST. DE CLINICAS Y UROLOGIA TAMANACO','001','001','CARACAS','','01','022','36967'),
 ('0000000646','ESCUDERO','JAIME','6322333','',' (0212) 2352821','(0412) 2327071','jescudero2004@yahoo.es','HOSP. DE CLINICAS CARACAS','001','001','CARACAS','','01','022','46707'),
 ('0000000647','ROMERO','ARELYS','11030378','','(0212) 2352821','(0414) 2505655','aromero@cardioritmo.com','CARDIO RITMO, C.A.','007','001','CARACAS','','03','022','11030378'),
 ('0000000648','FOUNG','MI SIN','8886529','','(0285) 6548905','(0414) 8531136','misinfndevelaz@hotmail.com','CLINICA SAN PEDRO','001','001','PUERTO ORDAZ','','01','006','46771'),
 ('0000000649','CENTENO','YSRAEL','8640461','','(0285) 6322319 ','(0414) 7953262','ysrael.centeno@gmail.com','HOSPITAL RUIZ Y PAEZ','001','001','PUERTO ORDAZ','','01','006','47200'),
 ('0000000650','VERGARA','GLORIA','2883897','','7816879','04143618872','gloriavergera@cantv.net','CLINICA DËNPERE','001','001','MARACAIBO','','01','021','2883897'),
 ('0000000651','MENDEZ','NEDINA COROMOTO','3751801','','7816879','04142707580','usauno99@yahoo-com','','001','001','CARACAS','','01','022','14439'),
 ('0000000652','SAAVEDRA','LEONARDO','6316388','','7816879','0414-5213599','leonsaa@yahoo.com','ASCARDIO','001','001','BARQUISIMETO','','01','011','Nº6316388'),
 ('0000000653','GARCIA','ELEAZAR','3723889','','7816879','04145094856','elegardi@hotmail.com','ASCARDIO','001','001','BARQUISIMETO','','01','011','3723889'),
 ('0000000654','BESSON','JUVENCIO','4994487','','7816879','04146945441','dr.besson@gmail.com','','001','001','PUNTO FIJO','','01','010','0015'),
 ('0000000655','RIVAS','MARIANELA','5062224','','7816879','04143761536','rimar04@yahoo.es','','001','001','SAN CRISTOBAL','','01','018','5062224'),
 ('0000000656','CAMPOS','CARMEN','9863055','','7816879','04166212910','rosiriscg@hotmail.com','','001','001','CARACAS','','01','022','9863055'),
 ('0000000657','FARIAS','MARIA GABRIELA','9947731','','7816879','04166952412','famaria42@hotmail.com','','001','001','CARACAS','','01','022','9947731'),
 ('0000000658','FEBRES','CECILIA','3152722','','7816879','04143298388','ceciliafeb@gmail.com','','001','001','CARACAS','','01','022','3152722'),
 ('0000000659','TORTOLEDO','FRANCISCO','4089653','','7816879','04143273420','ftortoledo@hotmail.com','','001','001','CARACAS','','01','022','4089653'),
 ('0000000660','ABECASIS','NISSIM','3666227','','7816879','04143214169','nissimabecasis@gmail.com','CENTRO MEDICO','001','001','CARACAS','','01','022','3666227'),
 ('0000000661','RODRÍGUEZ','JOSÉ GREGORIO','8907539','','0416-443.40.73','0416-443.40.73','coroba@cantv.net','','001','001','MARACAY','','01','004','GSK041'),
 ('0000000662','LOPEZ','ERLYMAR','17505568','','04166014788','04166014788','erlymarlopez@hotmail.com','PROSALUD','006','001','CARACAS','','04','013',''),
 ('0000000663','JIMENEZ','ELIEZER','16737721','','04166014793','04166014793','erlymarlopez@hotmail.com','','006','001','CARACAS','','04','013',''),
 ('0000000664','BELLO VALLS','MARIA LAURA','13666940','','02124712634','04124172785','bellovalls@gmail.com','FHCIL','001','001','CARACAS','','01','013','63309'),
 ('0000000665','BOLIVAR ROBERTSON','MARY ROSSELEY','11920801','','02124435598','04141341166','pediatrabolivar@hotmail.com','FHCIL','001','001','CARACAS','','01','013','57580'),
 ('0000000666','ELIAS DELGADO','MARIO ALEJANDRO','12484696','','02127626505','04165301530','maed1976@hotmail.com','FHCIL','006','001','CARACAS','','04','013','62907'),
 ('0000000667','GUERRA TORRELLAS','YAJAIRA','11310595','','02127934239','04147325971','yajairaguerrat@yahoo.es','FHCIL','006','001','CARACAS','','04','013','64641'),
 ('0000000668','DISCUA FLORES','LILIAN JAYME','133211','','04167159417','04167159417','lijaydif@yahoo.es','','006','001','CARACAS','','04','013',''),
 ('0000000669','AGREDA BREA','ALGIMIRO AGUSTIN','7091993','','02455810343','04141517397','brea554@hotmail.com','FHCIL','001','001','MACUTO','','01','023','4833'),
 ('0000000670','GUERRERO MANUELES','JUAN RAFAEL','D246916','','04129052728','04129052728','rafaelguerrero45@hotmail.com','FHCIL','006','001','CARACAS','','04','013','5664'),
 ('0000000671','PEREIRA AGUILAR','CANDIDA ELENA','10600842','','04146309939','04146309939','candilena@hotmail.com','FHCIL','006','001','CARACAS','','04','013','54429'),
 ('0000000672','FLOREZ MARCANO','RAYMA ENRIQUETA','13535074','','02122353850','04166255224','rayma1@cantv.net','FHCIL','001','001','CARACAS','','01','013','63086'),
 ('0000000673','GUERRA MARCANO','FRANCYS ELENA','5911562','','02124728011','04162878555','francyselena@hotmail.com','FHCIL','002','001','CARACAS','','01','013','39720'),
 ('0000000674','MARTINEZ','LUIS ALBERTO','6320308','','02123729914','04141400630','lami9696@hotmail.com','FHCIL','002','001','SAN ANTONIO DE LOS A','','01','013','52072'),
 ('0000000675','FUMERO LESSMANN','PATRICIA MARGARITA','10867320','','02126611932','02126611932','rozo2121@yahoo.com','FHCIL','002','001','CARACAS','','01','013','FHCIL'),
 ('0000000676','MUÑOZ GODOY','MARIA ELIZABETH','6465607','','02128833988','04142753082','marielys4@hotmail.com','FHCIL','002','001','CARACAS','','01','013','29610'),
 ('0000000677','GUIGÑAN ALVARADO','ODALY DE LAS NIEVES','11141294','','02682531513','04147089513','odalylala@hotmail.com','FHCIL','002','001','CARACAS','','01','013','56327'),
 ('0000000678','FLORES TORO','MILKA YULINA','9921835','','04149081839','04149081839','myuli1qhotmail.com','FHCIL','002','001','VALLE DE LA PASCUA','','01','024','59214'),
 ('0000000679','KRISTEN RUIZ','RICHARD JESUS','7115699','','02418202823','04241814803','aneline27@yahoo.es','FHCIL','001','001','VALENCIA','','01','007','50786'),
 ('0000000680','HURTADO JORDAN','SANDRA CECILIA','14312512','','02123235353','02127636918','sandrahurtado26@hotmail.com','FHCIL','007','001','LOS TEQUES','','03','013',''),
 ('0000000681','MONTES CABRERA','MARIA ALEJANDRA','17482549','','02122455898','04143709565','mariale_m21@hotmail.com','FHCIL','007','001','CARACAS','','03','013',''),
 ('0000000682','RAMIREZ PULIDO','TIRSO JOSE','16902858','','02124612068','04148284668','tirsonramirez@hotmail.com','FHCIL','007','001','CARACAS','','03','013',''),
 ('0000000683','VILLALBA','MIGUEL','8979331','','0414-768.99.76','0414-768.99.76','miguel_villalba_martinez@hotmail.com','','001','001','PUERTO ORDAZ','','01','006','GSK065'),
 ('0000000684','PIÑANGO PINTO','MARIANA','17530022','','02122518646','02122518646','marianapiñango@hotmail.com','FHCIL','007','001','CARACAS','','03','013',''),
 ('0000000685','FIMOZA','VLADIMIR','10836053','','0424-942.53.36','0424-942.53.36','cardiobeta@gmail.com / vladimirfimoza@ca','','001','001','PUERTO ORDAZ','','01','006','GSK066'),
 ('0000000686','ALVERNIA OJEDA','NIDIA ROSA','13969029','','02126157949','02126157949','rozo2121@yahoo.com','FHCIL','007','001','CARACAS','','03','013',''),
 ('0000000687','HENRIQUEZ','JUAN CARLOS','7874205','','0416-691.96.96','0416-691.96.96','jthenriquez@hotmail.com','','001','001','MATURÍN','','01','014','GSK061'),
 ('0000000688','VALERA','MARÍA ANGÉLICA','9298714','','0416-692.24.20','0416-692.24.20','andreavalentina2007@gmail.com','','050','001','MATURÍN','','01','014','GSK062'),
 ('0000000689','RUIZ','JOSÉ FÉLIX','6438792','','0416-691.06.05','0416-691.06.05','josefruiz@cantv.net','','001','001','MATURÍN','','01','014','GSK063'),
 ('0000000690','GUEVARA','CARLOS','7229169','','0416-691.00.04','0416-691.00.04','NO TIENE','','001','001','MATURÍN','','01','014','GSK064'),
 ('0000000691','BUCCHERI','ELENA','7234351','','04241540301','04241540301','ebucc64@yahoo.es','LETI','050','001','GUARENAS','','01','013','46969'),
 ('0000000692','COLL','HENRY','4351472','','04242724733','04242724733','drcoll@hotmail.com','LETI','050','001','GUARENAS','','01','013','54598'),
 ('0000000693','MENDOZA ','DAVID','10778582','','04167991874','04167991874','davidbobarem@hotmail.com','JM DE LOS RIOS','006','001','CARACAS','','04','013','55752'),
 ('0000000694','SOTO','PAUL','5843833','','(0286) 7132201','(0414) 3867509','paulsoto2@yahoo.com','CLINICA CHILEMEX','001','001','PUERTO ORDAZ','','01','006','32349'),
 ('0000000695','MADRID','FELIX','5221321','','(0295) 4159180','(0414) 1359200','fjmadrid2003@yahooo.com','HOSPITAL MILITAR','001','001','PORLAMAR','','01','015','26670'),
 ('0000000696','MENDEZ','PEDRO','9423192','','(0295) 2571859','(0414) 7853095','pmfd2006@gmail.com','CLINICA EL VALLE','001','001','PORLAMAR','','01','015','47922'),
 ('0000000697','GARCIA','GILBERTO','1796252','','(0276) 3490300','(0412) 1890418','cargilbertogarcia@gmail.com','POLICLINICA TACHIRA','001','001','SAN CRITOBAL','','01','018','10637'),
 ('0000000698','ARENALES ','CARLOS JULIO','5031095','','(0276) 3446137','(0412) 0598766','arenales_carlos@hotmail.com','HOSPITAL . PATROCINIO PEÑUELA RUIZ','001','001','SAN CRITOBAL','','01','018','27427'),
 ('0000000699','ALVAREZ','KELLY ','13792439','','(0276) 3446137','(0424) 7302072','kellyalvarez07@hotmail.com','HOSPITAL PATROCINIO PEÑUELA RUIZ','006','001','SAN CRISTOBAL','','04','018','63837'),
 ('0000000700','LÓPEZ','EDGAR','5308145','','0212.207.88.46','0414.136.85.88','edgarlopezr@yahoo.com','','001','001','Caracas','','01','022','37816'),
 ('0000000701','GUERE','NOHEMY','16226025','','02122078846','04166052500','nohemyguere@yahoo.com','','007','001','Caracas','','03','021',''),
 ('0000000702','MACHADO','MARISELA','15892936','','02122078846','0416.411.78.17','xellamachado83@hotmail.com','','007','001','Caracas','','03','022','15892936'),
 ('0000000703','VACCARINO','NATHALI','13497365','','02122078846','0416.783.95.50','vaccanli@hotmail.com','','001','001','Caracas','','01','022','13497365'),
 ('0000000704','CARDENAS','HENRY','6509215','','414-1761718','414-1761718','henryii@cantv.net','','001','001','Tachira','','01','025','63729'),
 ('0000000705','SALCEDO','OSCAR','11875267','','02122078846','0414346.15.86','oscarsalcedovalle@yahoo.com','','001','001','Caracas','','01','022','25792'),
 ('0000000706','LOWENSTEIN','JORGE','','04607066','02122078846','04166107066','lowensteinjorge@hotmail.com','','001','010','Buenos Aires','','01','025','066'),
 ('0000000707','RODRIGUEZ','HERMAN','4580182','','02129773256','04143212539','rodriguez,herman@gmail.com','Policlinica Metropolitana','001','001','Caracas','','01','022','19415'),
 ('0000000708','AGUIAR RODRIGUEZ','PEDRO','10201389','','412-2786911','412-2786911','pjar786@gmail.com','','001','001','Caracas','','01','025','57758'),
 ('0000000709','SERBANESCU','RICARDO','6557618','','414-3257184','0212 276 27 33','SERVERRIC@HOTMAIL.COM','','050','001','Caracas','','01','025','38296'),
 ('0000000710','HIRCHHAUT','ELIZABETH','5533398','','414-3315354','414-3315354','elihir00@yahoo.com','','001','001','Caracas','','01','025','3398'),
 ('0000000711','MARIANGEL','MILLAN','13717855','','412-5489969','412-5489969','millamar@yahoo.com','','001','001','Caracas ','','01','025','7855'),
 ('0000000712','SALAS ','JUAN','20220433','','414-5270427','414-5270427','juansa@hotmail.com','','001','001','Maturin','','01','025','0433'),
 ('0000000713','DIAZ ','GISELA','6814750','','416-6397213','416-6397213','giseldi@hotmail.com','','001','001','Caracas','','01','025','4750'),
 ('0000000714','VICENTI','ELIZABETH ','4170229','','416-6277382','416-6277382','vicentilel@yahoo.com','','001','001','Caracas','','01','025','0229'),
 ('0000000715','RAMIREZ ','BLANCA','4252223','','416-0114392','416-0114392','Raminnca@hotmail.com','','001','001','Caracas','','01','025','2223'),
 ('0000000716','ESPINOZA','ELIZABETH','4357839','','414-2805745','414-2805745','espinozale@cantv.net','','001','001','Caracas','','01','025','7839'),
 ('0000000717','INDRIAGO','MANUEL','9239558','','416-9805036','416-9805036','Manuelago@gmail.com','','001','001','Barcelona','','01','025','9558'),
 ('0000000718','ANZOLA','GUSTAVO','3188507','','414-3954757','414-3954757','anzola.gustavo@gmail.com','','001','001','Porlamar','','01','025','8507'),
 ('0000000719','RODNEY','HENRY','3655677','','414-3850154','414-3850154','mrdoney@cantv.net|','','001','001','C. Bolivar','','01','025','5677'),
 ('0000000720','DUPLAT','ANDRES ','10535962','','416-6207414','416-6207414','Duplata@yahoo.com','','001','001','Porlamar','','01','025','5962'),
 ('0000000722','URBANEJA','HERMALIZ','10307601','','416-6410751','416-6410751','Hermaneja@gmail.com','','001','001','Valencia','','01','025','7601'),
 ('0000000723','ROSAS DE LANDAETA','ALEXA','11468763','','414-5633017','414-5633017','aleroga@yahoo.com','','001','001','Barinas','','01','025','8763'),
 ('0000000724','RODRIGUEZ','ANGEL LUIS','7235518','','por ubicar','por ubicar','angelluis1008@hotmail.com','','001','001','Maracay','','01','025','5518'),
 ('0000000725','GONZALEZ ','CRISTINA','17271245','','416-6400441','416-6400441','cristinagm70@hotmail,com','','001','001','San Juan de los Morr','','01','025',' 54067'),
 ('0000000726','LEON PINZON','JULIO RICARDO','5743205','','Por Ubicar','Por Ubicar','julioleon@hotmail.com','','001','001','Valencia','','01','025','3205'),
 ('0000000727','HERNANDEZ','HILDELIA','8366744','','414-1060322','414-1060322','hildeliah@yahoo.com','IDET','001','001','Caracas','','01','022','6744'),
 ('0000000728','LEVY','JIMMY','3663972','','416-6231192','416-6231192','levy@cantv.net','','001','001','Caracas','','01','025','3972'),
 ('0000000729','MORILLO','JUAN','5671591','','416-6699777','416-6699777','morillan@gmail.com','','050','001','Coro','','01','025','1591'),
 ('0000000730','ACOSTA ','RAUL','4519720','','414-3612851','414-3612851','acostars@hotmail.com','','001','001','Cabimas','','01','025','9720'),
 ('0000000731','BORGES ','JOSE','5177399','','416-2678338','416-2678338','josebor@hotmail.com','','001','001','Cabimas','','01','021','7399'),
 ('0000000732','PEREIRA','NIURKA','5589632','','414-2724515','414-2724515','niurkapereira@yahoo.com','','001','001','Pto. Fijo','','01','025','9632'),
 ('0000000733','LUQUE ','MILAGROS','7784230','','414-6971258','414-6971258','milagrosluquered@hotmail.com','','001','001','Pto. Fijo ','','01','025','4230'),
 ('0000000734','CASTEJON','MARIELBA','10082987','','414-0696909','414-0696909','drcastejonmarielba@hotmail.com','','050','001','Maracaibo','','01','025','2987'),
 ('0000000735','HERNANDEZ','GINEZCA','10433225','','414-6327146','414-6327146','ginescahernandez@hotmail.com','','001','001','Maracaibo','','01','025','3225'),
 ('0000000736','VEGA','ANA MARIA','5851472','','414-6372521','414-6372521','avegasn@hotmail.com','','001','001','maracaibo','','01','025','1472'),
 ('0000000737','URDANETA ','DEBORA','3378398','','416-8663399','416-8663399','duf75@hotmail.com','','050','001','Maracaibo','','01','025','8398'),
 ('0000000738','GUTIERREZ','NEYZA','12534486','','por ubicar','p/u','neyzagutierrez@hotmail.com','','050','001','barquisimeto','','01','025','4486'),
 ('0000000739','FALCON ROMERO ','LUZ ELENA','11433196','','04145347303','04145347303','luz.falcon@gmail.com','','001','001','Barquisimeto','','01','011','3196'),
 ('0000000740','DIAZ CANACHE ','GABRIELA','8298641','','p/u','p/u','gabrielavdiaz@hotmail.com','','050','001','barquisimeto','','01','025','8641'),
 ('0000000741','CASTELLANOS ','YVETTE','14382929','','p/u','p/u','yvt_2002@hotmail.com','','050','001','Barquisimeto','','01','025','2929'),
 ('0000000742','ARRIECHI','DAMIANA','13984498','','p/u','p/u','Damianaarriechi@hotmail.com','','050','001','Barquisimeto','','01','025','4498'),
 ('0000000743','RAMIREZ DIAZ','ANA MARIA','14181480','','p/u','P/u','anitard@hotmail,com','','050','001','Barquisimeto','','01','025','1480'),
 ('0000000744','EXTTINGELT','MARIELA ','9869774','','416-8346767','416-8346767','mariextt@hotmail.com','','050','001','barquisimeto','','01','025','9774'),
 ('0000000745','HERRERA','MARIELA','9441575','','414-5003048','414-5003048','p/u','','001','001','Valencia','','01','025','1575'),
 ('0000000746','ABREU','YOLANDA','13482139','','04126179854','04126179854','yolyabreu@hotmail.com','','001','001','Caracas','','01','025','66413'),
 ('0000000747','ROBAINA','ANDREA','24530945','','412-5415551','412-5415551','andreita1331@hotmail.com','','001','001','Caracas','','01','025','0945'),
 ('0000000748','ROJAS','ELIRUB','13029220','','414-8256684','414-8256684','edlcprojas@hotmail.com','','001','001','Caracas','','01','025','9220'),
 ('0000000749','SALAS','JEFFERSON','14297101','','416-9445349','416-9445349','Jeffersonsalas@hotmail.com','','001','001','Caracas','','01','025','7101'),
 ('0000000750','VASQUEZ','ROSALIN','13669938','','414-7919837','414-7919837','rosalinv@hotmail.com','','001','001','Caracas','','01','025','62880'),
 ('0000000751','PEREIRA','CARLOS','13872282','','414-1384866','414-1384866','capapereira@gmail.com','','006','001','Caracas','','04','025','2282'),
 ('0000000752','GUERRERO','JOSE GREGORIO','15120188','','424-7586762','424-7586762','joseg026@hotmail.com','','006','001','Caracas','','04','025','0188'),
 ('0000000753','PACHAS','JUAN','14641417','','414-5952425','414-5952425','juan_rafaelp@hotmail.com','','001','001','Caracas','','01','025','1417'),
 ('0000000754','LLOVERA','MARCOS','13215790','','416-8235484','416-8235484','marcosllovera@gmail.com','','001','001','caracas','','01','025','5790'),
 ('0000000755','SLEIMAN','ARMANDO','13992068','','4241661960','4241661960','armandosleiman@hotmail.com','','001','001','Caracas','','01','022','64182'),
 ('0000000756','CAMARGO','SERGIO','16792643','','416-5711529','416-5711529','sergio_luis_83@hotmail.com','','001','001','caracas','','01','025','2643'),
 ('0000000757','YANEZ','EILYN','14706929','','(0212)  4727734','0414-4136526','eilyncym@hotmail.com','Hosp. Miguel Perez Carreño','006','001','CARACAS','','04','022','6929'),
 ('0000000758','RODRIGUEZ','CLAUDIA','14787642','','426-6304378','426-6304378','dracvrb@hotmail.com','','001','001','caracas','','01','022','7642'),
 ('0000000759','ABREU MARTINEZ','GERARDO A.','13005682','','(0212) 4728471','0416-2040784','cardiogerardo@hotmail.com','Hosp.Miguel Pérez Carreño','006','001','CARACAS','','04','022','62627'),
 ('0000000760','LOPEZ NOUEL','ROBERTO','3186719','','0414-3210909','0414-3210909','robertolopez@gmail.com','','001','001','CARACAS','','01','013','0000022'),
 ('0000000761','TERAN','JESUS','4325671','','0416-6510089','0416-6510089','jesterper@hotmail.com','','001','001','BARQUISIMETO','','01','011','0000023'),
 ('0000000762','VIVAS ','ELEANA','13698666','','(0212) 4728471','0414-9356114','eliancavivas@hotmail.com','Hosp. Miguel Pérez Carreño','006','001','CARACAS','','04','022','68783'),
 ('0000000763','MUÑOZ','CINDY ','14122584','','414-7463234','414-7463234','cindymuñozidler@hotmail.com','MIGUEL PEREZ CARREÑO','006','001','Caracas','','04','025','67505'),
 ('0000000764','MARIN','MILKA','15006224','','414-7918494','414-7918494','milkabeatriz3m@hotmail.com','','001','001','Caracas','','01','022','6224'),
 ('0000000765','MALDONADO','MARIA CAROLINA','11737397','','412-7253960','412-7253960','tomymac2000@yahoo.com','','006','001','Caracas ','','04','025','7397'),
 ('0000000766','CONTRERAS ','REINALDO ','10149803','','p/u','p/u','reinaldocontreras_33@hotmail.com','','001','001','Caracas','','01','025','9803'),
 ('0000000767','RIERA','LAURA','9631272','','0414-3509866','0414-3509866','laurariera38@hotmail.com','','001','001','BARQUISIMETO','','01','011','46085'),
 ('0000000768','URBANO','ERNESTO','11515508','','02129517327','04166142003','ernestocardio@yahoo.es','JM DE LOS RIOS','001','001','CARACAS','','01','013','56830'),
 ('0000000769','ZAMBRANO','ARIEL MARIN','6692864','','416-6053425','416-6053425','armazam35@hotmail.com','','001','001','caracas','','01','025','2864'),
 ('0000000770','SARMIENTO','ADHEMAR','11502178','','414-2633175','414-2633175','Adhemarsarmiento@gmail.com','','001','001','Caracas','','01','025','2178'),
 ('0000000771','GUARDIA','MARIA CRISTINA','70026734','','0414-4122846','0414-4128446','mcguardiaster@gmail.com','','001','001','Valencia','','01','025','38575'),
 ('0000000772','USECHE BARRIOS','MAYRA ALEJANDRA','13587135','','424-8380248','424-8380248','mayrauseche@gmail.com','','006','001','Caracas','','04','025','7135'),
 ('0000000773','ESTUPIÑAN PERILLA','KARIN YELITZA','84190239','Extranjera','424-7469508','424-7469508','cardiokpg2007@hotmail.com','','006','001','Merida','','04','025','0239'),
 ('0000000774','PERNIA ','YAREL','14707600','','414-7553255','414-7553255','KARHELL41@HOTMAIL.COM','','006','001','San Cristobal','','04','025','7600'),
 ('0000000775','GREEN','RAFAEL','4580591','','0414-4202341','0414-4202341','medical_md@interlink.net.ve','','001','001','Valencia','','01','025','18286'),
 ('0000000776','GRISAFI','MARIA ANTONELLA','8533324','','0414-3862224','0414-3862224','saraulio@movistar.net.ve','','001','001','','','01','025','25290'),
 ('0000000777','PEREIRA','ESTHER','14582002','','414-6675903','414-6675903','davesthefany@hotmail.com','','006','001','Ciudad Ojeda','','04','025','2002'),
 ('0000000778','ABILE','RITO','8935138','','0416-6911350','0416-6911350','rabile@cantv.net','','001','001','','','01','025','43866'),
 ('0000000779','PACHECO','HELEN','14449835','','424-6987392','424-6987392','helenantop@hotmail.com','','006','001','Ciudad Ojeda','','04','025','9839'),
 ('0000000780','GONZALEZ','ALVARO','9948734','','0414-8562344','0414-8562344','alvarogonzalezve@yahoo.es','','001','001','CIUDAD BOLIVAR','','01','006','49043'),
 ('0000000781','PEREZ MALO','IGNACIO','3334473','','0414-3237646','0414-3237646','iperezmalo@yahoo.es','','001','001','','','01','025','14056'),
 ('0000000782','LINERO FARIÑAS','MIKEL GORKA','12665311','','0414-7951220','0414-7951220','mikeilinero@hotmail.com','0414-7951220','006','001','Bolivar','','04','025','69022'),
 ('0000000783','BAJARES','ANGEL','3144696','','0416-6224066','0416-6224066','angelbajares@hotmail.com','Clínica Santa Sofía','001','001','Caracas','','01','022','10987'),
 ('0000000784','PICA','GIOVANNI','6970576','','0416-6237309','0416-6237309','drgiovannipica@hotmail.con','','001','001','','','01','025','42767'),
 ('0000000785','DIAZ','MILKA','10457818','','0416-6108981','0416-6108981','milka_diaz@hotmail.com','','001','001','','','01','025','53860'),
 ('0000000786','TERAN','ELIZABETH','9100005','','0414-3324255','0414-3324255','elizabethteranu@hotmail.com','','001','001','','','01','025','26165'),
 ('0000000787','REYES','MONSERRAT','9522663','','0416-5010861','0414-6890826','reyesmonserrat@yahoo.com','','001','001','MARACAIBO','','01','025','42286'),
 ('0000000788','POLANCO','MARIA','7565477','','0414-6967960','0414-6967960','mariatepolanco@yahoo.com','','001','001','','','01','025','31008'),
 ('0000000789','ROMERO ','MERY','3873518','','0414-7999673','0414-7999673','maryjo13@hotmail.com','','001','001','','','01','025','17316'),
 ('0000000790','PATIÑO','ANGEL','7874438','','0416-3643314','0416-3643314','cardoangel@latinmail.com','','001','001','CABIMAS','','01','021','38903'),
 ('0000000791','TOVAR','SIMON','5272761','','0212-4061279','0414-2377722','tovars@yahoo.com','Hospital Militar','001','001','Caracas','','01','022','24456'),
 ('0000000792','MARTINEZ','SABEL','14051992','','(0212)  8629743','(0416) 4376993','sabel_larissa_m@hotmail.com','HOSPITAL VARGAS','001','001','CARACAS','','01','022','65140'),
 ('0000000793','HERNANDEZ','ANA LUCIA','16301547','','(0212) 8629743','(0414) 2473098','analucy111hotmail.com','HOSPITAL VARGAS','007','001','CARACAS','','03','022','16301547'),
 ('0000000794','HERRERA','MAURO','4349938','','(0212) 9990111','(0416) 6220162','herreramauro90@hot.mail.com ','INST.DE CLINICAS Y UROLOGIA SAN ROMAN','001','001','CARACAS','','01','022','21994'),
 ('0000000795','REQUENA','RAMON','11567915','','(0251) 2522592','(0416) 6101584','ramonrequenad@gmail.com','ASCARDIO','001','001','BARQUISIMETO','','01','011','63942'),
 ('0000000796','CHACON ','ADRIANETH','12835163','','(0212) 2352821','(0414) 2300173','achacon@cardioritmo.com','CARDIO RITMO, C.A.','007','001','CARACAS','','03','022','12835163'),
 ('0000000797','DUARTE','MARCO A.','13717037','','(0212) 4061317/1706','(0416) 7176935','marcoaduarte78@hotmail.com','HOSPITAL MILITAR','001','001','CARACAS','','01','022','62728'),
 ('0000000798','HERNANDEZ','JOSE GREGORIO','7529675','','(0414) 0681133 ','(0414) 0681133','hndezjota@hotmail.com','PDVSA','050','001','PUNTO FIJO','','01','010','43312'),
 ('0000000799','LANDAETA','ISIS','9881044','','(0416) 2395602','(0416) 2395602','isislanda@gmail.com','HOSPITAL UNIVERSITARIO DE CARACAS','001','001','CARACAS','','01','022','44431'),
 ('0000000800','CRUZ','EDWIN','','047099946','02122078919','04166107066','edwinc@att.blackberry.net','','001','129','San Juan','','01','025','946'),
 ('0000000801','LUGO','JOSE','9428030','','04166953937','04166953937','lugoassist@yahoo.com','margarita','001','001','MARGARITA','','01','025','48330'),
 ('0000000802','RIVERO ','JESUS','8141757','','0414-5671737','0414-5671737','jesusrivero8@hotmail.com','','001','001','','','01','025','34515'),
 ('0000000803','BASTIDAS','CECILIA','8132516','','0414-5584345','0414-5584345','cecilia_1608@hotmail.com','','001','001','','','01','025','31376'),
 ('0000000804','MACUARE','MARIA ALEJANDRA','11340500','','04249727777','04249727777','mariamacuare@gmail.com','Centro Medico de Caracas','001','001','Caracas','','01','022','56501'),
 ('0000000805','MEJIAS','FRANCISCO','14369851','','0414-3379778','0414-3379778','franciscomejias@cantv.net','','001','001','','','01','025','43694'),
 ('0000000806','PEÑALVER','MARLYN','12421509','','(0212) 8629743','(0416)7250727','marlyn1207@gmail.com','HOSPITAL VARGAS','001','001','CARACAS','','01','022','64546'),
 ('0000000807','MUÑOZ','MARIA  ALEJANDRA','6749923','','(012) 2352821','(0414) 2801115','marialejandra_1000@hotmail.com','CARDIO RITMO, C.A.','007','001','CARACAS','','03','022','6749923'),
 ('0000000808','RODRIGUEZ','HELIODORO','4583799','','(0212) 5086111','(0414) 2369795','helirodri@gmail.com','HOSPITAL DE CLINICAS CARACAS','001','001','CARACAS','','01','022','19498'),
 ('0000000809','CALDERON BRICEÑO','LUIS EDUARDO','9163866','','02122026366','0417404032','l.e.c.b@hotmil.com','Valera','050','001','Valera','','01','019','00006'),
 ('0000000810','STOJACOVICK SANTANDER','DAYANA ELENA','14588832','','02122026366','04147942928','dayanastojákovic@gmail.com','Santa Barbara','001','001','Santa Barbara','','01','021','00007'),
 ('0000000811','VARGAS','LIDIA','9147613','','02122026366','04147377984','lidia.var@gmail.com','San Cristobal','001','001','San Cristobal','','01','018','0018'),
 ('0000000812','VALLEJO','RUXAN JOSE','4717730','','02916438915','04166922569','ruxan50@hotmail.com','Clinica Eloin','001','001','Maturin','','01','014','36488'),
 ('0000000813','ROJAS','CARLOS','4069320','','04166509994','04166509994','lfernandes@drreddys.com','','001','001','Barquisimeto','','01','011','16450'),
 ('0000000814','PRADA','AGUSTIN','5972350','','02122626366','04141943238','agustin.prada@hotmail.com','Carupano','001','001','Carupano','','01','017','00009'),
 ('0000000815','LOPEZ RIVERO','OLGA','11473038','','02682772731','04163626295','olguitaluy@hotmail.com','Coro','051','001','Coro','','01','010','57430'),
 ('0000000816','SALAZAR','JOSE VICENTE','8443032','','04148300277','04148300277','jose2@cantv.net','','051','001','Maturín','','01','014','41790'),
 ('0000000817','SALAZAR','FE MARIA','7063881','','02418610219','04123410015','cielo8813@hotmail.com','Hosp. entral de Valencia','001','001','Valencia','','01','007','38503'),
 ('0000000818','GARCIA','MARIA CLARA','10230526','','02418610219','04143422749','marieclaire@hotmail.com','Hosp. Central de Valencia','001','001','Valencia','','01','007','51993'),
 ('0000000819','ROMAN ','RAIZA','10988298','','02418610219','04149427856','chatatitave@hotmail.com','Hosp. Central de Valencia','001','001','Valencia','','01','007','53314'),
 ('0000000820','GONZALEZ LEDEZMA','ARGENIS RAMON','8794547','','02122026366','04140494834','gonzalezargenis@cantv.net','Maracay','001','001','Maracay','','01','004','000008'),
 ('0000000821','RAMOS','MARIA','8761105','','02584332660','04167416786','mjrf29@hotmail.com','Hosp. Egor Nucete','001','001','San Carlos','','01','007','53393'),
 ('0000000822','REA CASTILLO','ANGEL RAFAEL','5264020','','02122026366','04143382116','reacgua@hotmail.com','Cagua','001','001','Cagua','','01','004','000010'),
 ('0000000823','AMADOR RESENDE','LILIAN LUCIA','84389779','','02122026366','04146312560','liresende@ig.com.br','Maracay','001','001','Maracay','','01','004','000011'),
 ('0000000824','GRATEROL','LUIS A','5494981','','04166435247','04166435247','luisgratero200@hotmail.com','Clinica La Fontana','001','001','La Victoria','','01','007','21728'),
 ('0000000825','FIGUEROA FERNANDEZ','ALONSO JOSÉ','9580371','','02122026366','04146938766','ajfigueroaf@hotmail.com','Maracay','001','001','Maracay','','01','004','00014'),
 ('0000000826','BENMERGUI','EDGAR','3554853','','04166400079','04166400079','bemben@cantv.net','Centro médico cagua','050','001','Cagua','','01','004','16573'),
 ('0000000827','MARTINEZ','ANAYS','13989067','','02122026366','04166400173','anaysmartinez@hotmail.com','Valencia','001','001','Valencia','','01','007','00015'),
 ('0000000828','CAPUTTO','ENNIO','624239','','04144609861','04144609861','ek624259@gmail.com','Prevaler Aragua','001','001','Maracay','','01','004','7968'),
 ('0000000829','MONTAÑO ','FELIX','6320809','','0412-8670622','0412-8670622','femontavalles@hotmail.com','Centro Docente Cradiologico','001','001','Maracay','','01','004','50859'),
 ('0000000831','GONCALVES','NACARY','13088917','','02122026366','04123274389','nacary1105@hotmail.com','Caracas','001','001','Caracas','','01','013','00017'),
 ('0000000832','RODRIGUEZ','ELY','3082754','','02122026366','04166208424','jenny.orfao@farma.com.ve','Caracas','001','001','Caracas','','01','013','13734'),
 ('0000000833','SALAZAR','JOSE ABIMAEL','8964301','','02122026366','04148108683','jesmar.rodriguez@farma.com.ve','Barquisimeto','001','001','Barquisimeto','','01','011','48258'),
 ('0000000834','BETANCOURT','ADRIANA','10053158','','02122026366','04148108683','adribemar_7@hotmail.com','Barquisimeto','001','001','Barquisimeto','','01','011','58362');
INSERT INTO `gevtparticipantes` (`codpar`,`apepar`,`nompar`,`cedpar`,`paspar`,`telhab`,`telcel`,`emapar`,`lugtra`,`codesp`,`codpai`,`nomciu`,`codaso`,`codtippar`,`codest`,`codmsms`) VALUES 
 ('0000000835','VELASCO','LUIS EMIRO','3780883','','02122026366','04148108683','levelazco@cantv.net','Barquisimeto','001','001','Barquisimeto','','01','011','12943'),
 ('0000000836','LANDAETA','VICTOR','12710930','','02122026366','04148108683','jesmar.rodriguez@farma.com.ve','Barinas','001','001','Barinas','','01','005','63783'),
 ('0000000837','MAJANO LOPEZ','NELSON ','3970033','','02698085296','02698085296','matowa@cantv.net ','','001','001','PUNTO FIJO ','','01','025','15115'),
 ('0000000838','SANABRIA','TOMAS','3178533','','02122026202','04143090909','tomasana@cantv.net','Caracas','001','001','Caracas','','01','013','11289'),
 ('0000000839','DE CARO','ADALGISA','11741057','','04141204629','04141204629','adalgisadecaro@gmail.com','','001','001','CARACAS','','01','025','57622'),
 ('0000000840','RODRIGUEZ SANCHEZ','FREDDY','3245302','','02124152429','04142439000','enfermosdelibertad@hotmail.com','Centro médico la paz','001','001','Los Teques','','01','013','14065'),
 ('0000000841','DALENCE','WALTER RICARDO','13823135','','0212-8613305','04168236184','walterdalence@cantv.net','Servicio médico Ministerio de Finanzas','001','001','Caracas','','01','022','37588'),
 ('0000000842','MEDINA BERRIOS','JESUS ANTONIO ','10167941','','04143208950','04143208950','jesus1371@hotmail.com','Centro Clínico Vistacentro','001','001','Caracas','','01','022','49694'),
 ('0000000843','ALMARZA','ROSA','11312898','','04146415670','04146415670','rosa_almarza75@hotmail.com','','050','001','MARACAIBO','','01','021','59778'),
 ('0000000844','FUENMAYOR AROCHA ','ABDEL ','3767730','','04143742647','04143742647','ajf@cantv.net','Clinica ALbarregas','001','001','Merida','','01','012','20326'),
 ('0000000845','BENITO','FERNANDO','000000001','BF560719','0034 629 11 28 58','0034 629 11 28 58','fbenito@gmx.net','Hospital La Paz Madrid','001','173','MADRID','','01','025','23743'),
 ('0000000847','DE ARMAS','NUBIS','9551958','','02122026366','0414-6568887','nedanve@hotmail.com','Maracaibo','001','001','Maracaibo','','01','021','00021'),
 ('0000000848','CHAVEZ','HENRY','4740620','','02122026366','0414-6117365','drhenry@cantv.net','Maracaibo','001','001','Maracaibo','','01','021','00022'),
 ('0000000849','MACHADO ','AISQUEL ','16462186','','04122860089','04122860089','aisquelita@hotmail.com','FUNDACARDIN','007','001','CARACAS','','03','022',''),
 ('0000000850','ROBLES','ISBELIA','5816896','','02122026366','0414-6743562','ISBELIA1633@hotmail.com','Maracaibo','050','001','Maracaibo','','01','021','00023'),
 ('0000000851','PORTILLO','SEMIRAMI','5805146','','02122026366','0424-7295348','semiramice@hotmail.com','Maracaibo','001','001','Maracaibo','','01','021','00025'),
 ('0000000852','ZABALA','ANA','13532112','','02122026366','0414-6325503','azabala2002@gmail.com','Maracaibo','050','001','Maracaibo','','01','021','00026'),
 ('0000000853','HENRIQUEZ','RAFAEL','8715970','','04149000858','04149000858','rafhen@gmail.com','Fundacardin','001','001','Caracas','','01','022','48995'),
 ('0000000854','VALERO','YONI','5100231','','02122026366','0414- 6388301','yonivals@yahoo.com','Maracaibo','001','001','Maracaibo','','01','021','00027'),
 ('0000000855','ZERPA','FRANKLIN','7787559','','02122026366','0416-6614060','frzerpa@cantv.net','Maracaibo','001','001','Maracaibo','','01','021','00029'),
 ('0000000856','RUESTA','SUSAN','24444323','','02122026366','0414-60198155','susanruestadeosorio@yahoo.com','Maracaibo','050','001','Maracaibo','','01','025','00030'),
 ('0000000857','AREAS','JOHANNES','7123125','','02122026366','0414-6852548','susana.cedeño@farma.com.ve','Punto Fijo','001','001','Punto Fijo','','01','010','00032'),
 ('0000000858','PIÑA','ARISTIDES','7490217','','02122026366','4146405161','ariscard13@hotmail.com','Punto Fijo','001','001','Punto Fijo','','01','010','00034'),
 ('0000000859','GARCIA LEAL','DAVID','12770877','','04165402728','04165402728','dcgarcialealmd@yahoo.com','Hospital Dr. Miguel Perez Carreno','001','001','CARACAS','','01','022','59060'),
 ('0000000860','CARREÑO ','ANA MARIA','14891101','','02127934580','04144613278','anamaria@endotecnica.com','Endotecnica C.A.','007','001','CARACAS','','03','022',''),
 ('0000000861','PINEDA','ROSALIA','8932187','','04166871914','04166871914','rosaliapineda@cantv.net','','001','001','PUERTO ORDAZ','','01','006','GSK067'),
 ('0000000862','MANCHEGO','KATIUSKA','10380035','','04140321156','04140321156','katimanchego@hotmail.com','Fundacardin','006','001','Caracas','','04','022','52860'),
 ('0000000863','VILLALOBOS','DORA','7616868','','0416-5611205','0416-5611205','doravi22@hotmail.com','','001','001','','','01','025','54779'),
 ('0000000864','URDANETA','MARIA','5056585','','0414-6506205','0414-6506205','adcde@hotmail.com','','001','001','','','01','025','59179'),
 ('0000000865','OBERTO','FATIMA','4105550','','0414-6281974','0414-6281974','fatimaober@hotmail.com','','001','001','','','01','025','20312'),
 ('0000000866','CASTILLEJO','SIMON','4181646','','0414-6329251','0414-6329251','doctorissimon@hotmail.com','','001','001','','','01','025','36203'),
 ('0000000867','BOSCAN','RANDOLFO','5327663','','0414-3644468','0414-3644468','randolfoboscang@hotmail.com','','001','001','','','01','025','30004'),
 ('0000000868','PIAMO','LUANNE','6653943','','04166336749','04166336749','lpiamo@hotmail.com','Hospital Universitario de Caracas','001','001','CARACAS','','01','022','45532'),
 ('0000000870','LA FORGIA','GIAMBATTISTA','13150147','','04123650253','04123650253','laforgiagroup@hotmail.com','Hospital Universitario de Caracas','001','001','Caracas','','01','022','62307'),
 ('0000000871','MONTERO','NESTOR','4157596','','0414-6040550','0414-6040550','julio99@hotmail.com','','050','001','','','01','025','11722'),
 ('0000000872','VILLEGAS','DALWIN','11101448','','0426-3463657','0426-5440261','mijerese721@hotmail.com','','050','001','PTO. CABELLO','','01','007','56523'),
 ('0000000873','TAGLIAPIETRA','DARKIS','7042378','','02122673344','04166040709','datamd@hotmail.com','','001','001','CARACAS','','01','013','64424'),
 ('0000000874','VILORIA','JOSE LUIS','11463998','','02125551337','04141791131','JOSELUISVILORIA73@YAHOO.COM','','001','001','CARACAS','','01','022','58468'),
 ('0000000875','MORALES ZAMORA','RAFAEL RAMON','3951541','','02122026366','0414-8959453','sonia.suarez@farma.com.ve','Puerto La Cruz','001','001','Puerto La Cruz','','01','002','00033'),
 ('0000000876','FERRER','MARCIA','9791366','','02122026366','0414-5666104','carolina.rojas@farma.com.ve','Maturin','001','001','Maturin','','01','014','00035'),
 ('0000000877','MORA','RICARDO','3034722','','02122026366','0416-6851122','ricardomora@cantv.net','Ciudad Bolivar','001','001','Ciudad Bolivar','','01','006','00036'),
 ('0000000878','MOSQUERA','MARLY','13799982','','02122026366','04143989891','carolina.rojas@farma.com.ve','Maturin','009','001','Maturin','','01','014','00037'),
 ('0000000879','CAMPOS','MARIA','8874349','','04148811789','04148811789','angelpereira450@gmail.com','Hospital Gervasio Vera Custodio','001','001','Upata','','01','006','43900'),
 ('0000000880','GUERRERO','FRANCISCO','10113772','','04142541273','04142541273','franciscoguerrero@endotecnica.com','ENDOTECNICA C.A','007','001','Puerto La Cruz','','03','002',''),
 ('0000000881','ROJAS','GUALBERTO','7111502','','04166474716','04166474716','gualbertorojas@gmail.com','Instituto Cardiovascular de Guayana','009','001','Puerto Ordaz','','01','006','45746'),
 ('0000000882','RIVERO ','MARIA ALEJANDRA','7059540','','04148705008','04148705008','mariariverog@gmail.com','Instituto Cardiovascular de Guayana','009','001','Puerto Ordaz','','01','006','38488'),
 ('0000000883','TORRES','MARIANELA','5074297','','04168191145','04168191145','ca.ti.t@hotmail.com','Hospital ','007','001','Caracas','','03','022',''),
 ('0000000884','SALAZAR','JUAN','81672585','','02122026366','0424-5459581 ','shaaric@hotmail.com.','Barquisimeto','001','001','Barquisimeto','','01','011','00039'),
 ('0000000885','LÓPEZ','DIONERA','8467100','','9764377','9764377','rakeshcr@drreddys.com','','051','001','Maturín','','01','014','45393'),
 ('0000000886','DE ABREU ','MEYBIS','14455739','','04143983408','04143983408','meybis1999@hotmail.com','Hospital Dr. Miguel Perez Carreno','007','001','CARACAS','','03','022',''),
 ('0000000887','RODRIGUEZ PLAZA ','LUIS ','3176996','','02129080178','02129080178','rplaza@pcm.com.ve','','001','001','Caracas','','01','025','12033'),
 ('0000000888','VILLORIA ','GUILLERMO ','1759684','','04143271701','04143271701','guillermoj2007@yahoo.com','','001','001','Caracas ','','01','025','8388'),
 ('0000000889','SANCHEZ','OSCAR ','7929523','','04142512805','04142512805','sanchezpeinado@yahoo.com','','001','001','Caracas ','','01','022','53200'),
 ('0000000890','AROCHA','ILDEFONZO','2085879','','04166108393','04166108393','cumbres@cantv.net','','001','001','Caracas','','01','025','7228'),
 ('0000000891','LOPEZ RIVERA','JESUS','5659233','','02763466844','04166767611','jlopez49@gmail.com','','001','001','San cristobal ','','01','025','36392'),
 ('0000000892','RODRIGUEZ','CARLOS ','7923990','','04146137768','04146137768','crartuza@hotmail.com','Hospital Universitario de Maracaibo ','001','001','MARACAIBO ','','01','021','43269'),
 ('0000000893','DPASCUALE','LILIANA','7698321','','04164524346','04164524346','LILIANADIPASCUALE@GMAIL.COM','SI SALUD','001','001','BARQUISIMETO','','01','011','98321'),
 ('0000000894','TORRES','ZULEIMA','7366648','','04166525243','04166525243','ZULEIMAT@CANTV.NET','CLINICA SAN JAVIER','001','001','BARQUISIMETO','','01','011','66648'),
 ('0000000895','GRECIO','GIUSSEPPE ','7756889','','02122026366','0414-3678100','susana.cedeño@farma.com.ve','Maracaibo','001','001','Maracaibo','','01','021','00043'),
 ('0000000896','RAMOS','NEGILBERTH','13760333','','02125762129','0000000000','nayi444@hotmail.com','Hospital de Niños J. M. de los Rios.','005','001','Caracas','','03','022',''),
 ('0000000897','GALINDO','MILENA','12785847','','02125762129','0000000000','jhonmile7@hotmail.com','Hospital de Niños J. M. de los Rios.','005','001','Caracas','','03','022',''),
 ('0000000898','ARAQUE','WILLIAM','8029056','','04167318615','04167318615','williansaraque@hotmail.com','','001','001','VALENCIA','','01','007','34621'),
 ('0000000899','RODRIGUEZ FRANCO','CESAR MANUEL','17926551','','02129767908','04122311639','cesar.d.o.m@gmail.com','ESTUDIANTE','004','001','CARACAS','','03','025',''),
 ('0000000900','PINTO TORO','VANESSA KATHERIN','15337381','','02122515108','04128299917','vanessapintotoro@hotmail.com','','007','001','CARACAS','','03','013',''),
 ('0000000901','CASTRO','NOHEL','2864973','','9052220','04242454208','nohel.castro.nc@bayer-ag.de','Bayer','001','001','Caracas','','01','022','13673'),
 ('0000000902','FIGUEREDO ','JORGE ANTONIO','6365440','','(0416) 4175704','(0416) 4175704','jorge_tsu_rx@hotmail.com','HOSP.JOSE IGNACIO BALDO-ALGODONAL-','007','001','CARACAS','','03','022','6365440'),
 ('0000000903','GONZALEZ FERMIN','PEDRO RAFAEL','6728619','','(0414) 3009538','(0414) 3009538','jessicaibarra_91hotmail.com ','HOSP.JOSE IGNACIO BALDO-ALGODONAL-','007','001','CARACAS','','03','022','6728619'),
 ('0000000904','MALAVE','AURA','4181768','','04144756606','02124090226','ogarcia@zuoz.com','','001','001','SAN FERNANDO ','','01','003','10481'),
 ('0000000905','ARVELO','RILKES','7629156','','04166603856','04166603856','ogarcia@zuoz.com','','001','001','MATURIN','','01','014','33245'),
 ('0000000906','AVILA','DIANELA','12591967','','04146319095','04146319095','daapsite@hotmail.com','HOSPITAL UNIVERSITARIO DE CARACAS','001','001','CARACAS','','01','022','64489'),
 ('0000000907','VALERO','ANAIS','11190500','','04142178068','04142178068','anaisval@cantv.net','HOSPITAL UNIVERSITARIO DE CARACAS','001','001','CARACAS','','01','022','58410'),
 ('0000000908','CASTELLANO','ADRUBAL','9499054','','04166749669','04166749669','asdrubalcastellano@hotmail.com','','001','001','Mérida','','01','025','61929'),
 ('0000000909','MARTINEZ','ANTONIO','5170830','','04146060049','0414060049','hector.rojas.hr@bayer-ag.de','','001','001','Maracaibo','','01','021','41484'),
 ('0000000910','RODRÍGUEZ','VÍCTOR','6173784','','02126067804','04143260272','victordoc@cantv.net','Hospital Universitario de Caracas','001','001','Caracas','','01','022','no6173784'),
 ('0000000911','RODRÍGUEZ','VÍCTOR','6522125','','02126067804','04143260272','victordoc@cantv.net','Hospital Universitario de Caracas','001','001','Caracas','','01','022','000000'),
 ('0000000912','MUÑOZ','TANIA','6934212','','04142328138','04142328138','ELECTROSPACK_2004@HOTMAIL.COM','','006','001','CARACAS','','04','022',''),
 ('0000000913','DUÑES','JEAN CARLOS','14921036','','04143663010','04143663010','JEANCARLOS-DUENES@HOTMAIL.COM','','006','001','CARACAS','','04','022',''),
 ('0000000914','GONZALEZ','MAITE','9880403','','4166740608','4166740608','alemai32@yahoo.com','','001','001','MERIDA','','01','012','47959'),
 ('0000000915','QUINTERO','MARIELENA','14106644','','04145351921','04145351921','marielenita22@hotmail.com','','006','001','Valencia','','04','007',''),
 ('0000000916','GONZALEZ','NELSY','14333007','','04147446772','04147446772','nelsygonzalezra@hotmail.com','','006','001','Valencia','','04','007',''),
 ('0000000917','DELGADO','MARIA EUGENIA','14023415','','04248514714','04248514714','delgadoeugeny@hotmail.cóm','','006','001','Valencia','','04','007',''),
 ('0000000918','WEHBE','JAWDAT','14043767','','04249327250','04249327250','jawdatw@hotmail.com','','006','001','Barquisimeto','','04','011',''),
 ('0000000919','VELASQUEZ','IRMA','11792567','','04245140999','04245140999','irmaesperanza1@hotmail.com','','001','001','Barquisimeto','','01','011','59252'),
 ('0000000920','TORRES','JUAN CARLOS','10611360','','04145262267','04145262267','JCT_emergenciologo@hotmail.com','','050','001','Barinas','','01','005','64557'),
 ('0000000921','RUIZ PEREZ','AURORA','4096842','','04167403129','04167403129','aurorar_2007@hotmail.com','','001','001','Valencia','','01','007','28706'),
 ('0000000922','HERMOSO','MAGDA','4100628','','04145953900','04145953900','mhm920@hotmail.com','','001','001','Valencia','','01','007','25455'),
 ('0000000923','FEBRES','ANA LUCIA','6300702','','04145340343','04145340343','anafebres3@hotmail.com','','006','001','Barquisimeto','','04','011','59329'),
 ('0000000924','MEDINA','ERIKA','14096792','','04247433250','04247433250','emedinadobelis@hotmail.com','','006','001','San Cristóbal','','04','018','67560'),
 ('0000000925','REYES','MAITE','10709206','','04169547462','04169547462','maitereyes@hotmail.com','','001','001','Barquisimeto','','01','011','56397'),
 ('0000000926','OCHO NIETO ','ORLANDO','2814523','','04145790251','04145790251','rcedeno@ve.roemmers.com','GUANARE','001','001','GUANARE','','01','016','13276'),
 ('0000000927','ESCALONA','ALEXANDRA','12025116','','04149504835','04149504835','rcedeno@ve.roemmers.com','ASCARDIO','001','001','BARQUISIMETO','','01','011','62910'),
 ('0000000928','GONZALEZ','KARINA','6561452','','04245011609','04245011609','rcedeno@ve.roemmers.com','ASCARDIO','001','001','BARQUSIMETO','','01','011','48769'),
 ('0000000929','RODRIGUEZ','YUDITH','4379019','','04145254547','04145254547','rcedeno@ve.roemmers.com','ASCARDIO','001','001','BARQUISIMETO','','01','011','24156'),
 ('0000000931','AVILA','LUIS ELIEZER','10713986','','04162152729','04162152729','rcedeno@ve.roemmers.com','CLINICA POPULAR DE CATIA','050','001','CARACAS','','01','022','51853'),
 ('0000000932','LEZAMA','YURINA','5893714','','04143095080','04143095080','rcedeno@ve,roemmers.com','','050','001','SAN ANTONIO','','01','013','27015'),
 ('0000000933','ESCORCHE','MANUEL','6407678','','04143980485','04143980485','rcedeno@ve.roemmers.com','CHARALLAVE','050','001','CHARALLAVE','','01','013','6407678'),
 ('0000000935','RODRIGUEZ','YELITZA','9646263','','4142417315','4142417315','YORLETRODRIGUEZ@HOTMAIL.COM','','050','001','VALENCIA','','01','007','52705'),
 ('0000000936','SOSA','JUDITH','4874927','','02127007693','02127007693','rcedeno@ve.roemmers.com','POLICLINICA LA VIÑA','001','001','VALENCIA','','01','007','26374'),
 ('0000000937','DELGADO','CARLOS','8607743','','04166473989','0414-4287049','rcedeno@ve.roemmers.com','UROLOGICO LA VIÑA','001','001','VALENCIA','','01','007','47684'),
 ('0000000938','LEAL ','ULISES','11347804','','02127007693','02127007693','ulisesleal2004@yahoo.es','UAMI','012','001','VALENCIA','','01','007','56237'),
 ('0000000939','ROJO','SANDRA','8045626','','4247172073','4247172073','rcedeno@ve.roemmers.com','CAMIULA','001','001','MERIDA','','01','012','38810'),
 ('0000000940','CARRERO','JOSE ORLANDO','3426003','','4147938433','4147938433','rcedeno@ve.roemmers.com','FUNDACOR','001','001','SAN CRISTOBAL','','01','018','12786'),
 ('0000000941','CASAL','HUMBERTO','9971398','','0414-3331896','0414-3331896','hcasal@gmail.com','Clínica Atías','001','001','Caracas','','01','022','51483'),
 ('0000000942','GARCIA','MILAGROS','4134526','','0414239.60.73','0414239.60.73',' MILAGE18@HOTMAIL.COM','','050','001','Caracas','','01','022','26720'),
 ('0000000943','ARANGUIBEL','LISETTE','8723169','','02122673344','04241407002','maximino.gonzalez@aziel.net','','001','001','CARACAS','','01','013','48400'),
 ('0000000944','SARMIENTO MATUTE','NORMA JOSEFINA','8330419','','0412-9883458','0412-9883458','normabell2006@hotmail.com','','050','001','','','01','025','44162'),
 ('0000000945','GUEVARA','LEMPIRA','4493874','','0412-3257770','0412-3257770','lempiraguevara@yahoo.com','','001','001','caracas','','01','025','27768'),
 ('0000000946','ZAMBRANO','VANESSA','13829026','','02127007693','02127007693','rcedeno@ve.roemmers.com','Hospital Universitario de Maracaibo','006','001','MARACAIBO','','04','021',''),
 ('0000000947','MOLERO DE CONE','EMPERATRÍZ ','3932546','','04146350985','04146350985','emolero@gmail.com','','001','001','maracaibo','','01','025','3'),
 ('0000000948','ESPINASA','JORGE ','2945788','','0416-6210248','0416-6210248','jespinasav@yahoo.com','','050','001','Caracas','','01','025','9114'),
 ('0000000949','AGUILAR','MERY','9788808','','02127007693','02127007693','rcedeno@ve.roemmers.com','Hospital Universitario Maracaibo','006','001','MARACAIBO','','04','021',''),
 ('0000000950','COLMENARES','EUDOMARO','11767654','','04146869635','04146869635','rcedeno@ve.roemmers.com','HOSPITAL UNIVERSITARIO DE MARACAIBO','006','001','MARACAIBO','','04','021',''),
 ('0000000951','GUERRERO','JAVIER','12929269','','4146406034','4146406034','rcedeno@ve.roemmers.com','HOSPITAL UNIVERSITARIO DE MARACAIBO','006','001','MARACAIBO','','04','021',''),
 ('0000000952','MEJIAS ','AURA','4706082','','04146564395','04146564395','rcedeno@ve.roemmers.com','HOSPITAL PRIVADO EL ROSARIO','050','001','MARACAIBO','','01','021','5515'),
 ('0000000953','LINARES ','JHOAN','14780345','','4146295184','4146295184','rcedeno@ve.roemmers.com','HOSPITAL UNIVERSITARIO DE MARACAIBO','006','001','MARACAIBO','','04','021',''),
 ('0000000954','JIMENEZ','FRANKLIN','8700513','','04146736357','04146736357','rcedeno@ve.roemmers.com','SERVICIOS MEDICOS COLON','050','001','MARACAIBO','','01','021','57848'),
 ('0000000955','CHARLES','FRANCISCA','7867584','','04143620409','04143620409','rcedeno@ve.roemmers.com','HOSPITAL PRIVADO EL ROSARIO','050','001','MARACAIBO','','01','021','38913'),
 ('0000000956','ARGUELLO','JOSE','4994567','','04166737887','04166737887','rcedeno@ve.roemmers.com','CLINICA SUCRE','050','001','MARACAIBO','','01','021','28642'),
 ('0000000957','HERNANDEZ ALCALDE','JOSE ANTONIO','5817994','','02617401411','04143618093','jadezzz@cantv.net','','050','001','MARACAIBO','','01','021','26645'),
 ('0000000958','NUÑEZ','JAVIER','14920182','','04141656362','04141656362','rcedeno@ve.roemmers.com','CLINICA SUCRE','006','001','MARACAIBO','','04','021','13309'),
 ('0000000959','GONZALEZ','NERIO','4143571','','04143610708','04143610708','rcedeno@ve.roemmers.com','CENTRO MEDICO OCCIDENTE','001','001','MARACAIBO','','01','021','14560'),
 ('0000000960','SEQUERA ROA','FRANCISCA MARISOL','7026783','','02418940881','04126931361','MARISOLSEQUERA15@HOTMAIL.COM','','001','001','VALENCIA','','01','007','38300'),
 ('0000000961','CABRERA ','MARJORIE','11159576','','02127143000','04123374447','mcabrera@gc.com.ve','CardioMedical','051','001','Caracas','','01','022','9576'),
 ('0000000962','CASTEJON','MARIELBA','10449839','','04140696909','04140696909','DRCASTEJONMARIELBA@HOTMAIL.COM','','001','001','MARACAIBO','','01','021','49839'),
 ('0000000963','GÓMEZ','RUSVEL','4583167','','0416-6214926','0416-6214926','rgomez214@hotmail.com','','001','001','caracas','','01','022','23073'),
 ('0000000965','LEON DE PORTILLO','NELLY','4522676','','7929259','0416-5617079','lportillo40@hotmail.com','clinica smado','001','001','maracaibo','','01','021','13.542'),
 ('0000000966','DURÁN','MARITZA','7805812','','0414-337.40.94','0414-337.40.94','maritzamanueladaniela@gmail.com','','001','001','CARACAS','','01','022','33164'),
 ('0000000967','ROMERO','ARNULFO','11869455','','0414.614.12.70','0414.614.12.70','romeroarnulfo@latinmail.com','','001','001','MARACAIBO','','01','021','31274'),
 ('0000000968','GARCIA PEREZ','ANA ISABEL','4520517','','0414.624.80.39','0414.624.80.39','oguillen@cantv.net ','','001','001','MARACAIBO','','01','021','12627'),
 ('0000000969','NARANJO','OLGA','2874785','','0414.364.45.52','0414.364.45.52','olgannaranjoh21@gmail.com','','001','001','MARACAIBO','','01','021','2371'),
 ('0000000970','LABARCA','ANA','4533310','','0414.619.11.55','0414.619.11.55','analabarca@yahoo.es','','001','001','MARACAIBO','','01','021','3281'),
 ('0000000971','ROMERO','MARGOT','7871753','','0414.167.24.17','0414.167.24.17','margotromero@gmail.com','','001','001','MARACAIBO','','01','021','8928'),
 ('0000000972','AZOCAR','LICIA','5909793','','(0414) 3386505','(0414) 3386505','liciazocar@yahoo.com','CENTRO MEDICO INTEGRA','001','001','CARACAS','','01','022','5909793'),
 ('0000000973','MACHACADO','SARA','8047177','','(0274) 2447283','(0412) 7903423','sadama16@hotmail.com','CLINICA ALBARREGAS','001','001','MERIDA','','01','012','8047177'),
 ('0000000974','CASTILIONE','LILIANA','8006288','','(0274) 2447283','(0414) 7463634','mlcdc13@yahoo.com','CLINICA ALBARREGAS','001','001','MERIDA','','01','012','8006288'),
 ('0000000975','LOBO','EDWIN','12306058','','(0212) 2352821','(0424) 8093315','edwinlobom@hotmail.com','CARDIO RITMO, C..A.','007','001','MARACAIBO','','03','021','12306058'),
 ('0000000976','PEREZ','MARIO','4145606','','0414-3617927','0414-3617927','marioperezr@cantv.net','','001','001','','','01','025','16539'),
 ('0000000977','PEREZ URDANETA','ANGELA ADELA','5006396','','0414.614.30.39','0414.614.30.39','angelaadela512@hotmail.com','','005','001','MARACAIBO','','03','021',''),
 ('0000000978','ACOSTA GOMEZ','BIONIC','13100856','','0424.190.27.21','0424.190.27.21','bionic@hotmail.com','','005','001','MARACAIBO','','03','021',''),
 ('0000000979','RUIZ LOZANO','JOHNNY ENRIQUE','12229884','','0414.661.59.66','0414.661.59.66','jjerl@hotmail.com','','005','001','MARACAIBO','','03','021',''),
 ('0000000980','GALLARDO','VIOLETA','4537392','','0416.761.11.08','0416.761.11.08','oguillen@cantv.net','','001','001','MARACAIBO','','01','021','2195'),
 ('0000000981','CARMONA RUBIO','ANDRES','18064349','','0414.615.54.40','0414.615.54.40','oguillen@cantv.net','','004','001','MARACAIBO','','03','021',''),
 ('0000000982','MARTINEZ GONZALEZ','SORAYA COROMOTO','7611145','','0414.620.95.07','0414.620.95.07','oguillen@cantv.net','','001','001','MARACAIBO','','01','021','31112'),
 ('0000000983','PULIDO','TIBAYRE','14805205','',' 0414- 7466987',' 0414- 7466987','tibayreelena@gmail.com ','','006','001','Merida','','04','025','69344'),
 ('0000000984','GONZALEZ','MAGDANIS','15726526','','0424.601.08.09','0424.601.08.09','magdanysgonzalez@hotmail.com','','005','001','MARACAIBO','','03','021','6566'),
 ('0000000985','PERAZA','FELIX','6121778','','0416.470.51.13','0416.470.51.13','felixperaza@hotmail.com','','001','001','MERIDA','','01','012','50700'),
 ('0000000986','SANTIAGO','JUSTO','9388812','','0414.746.84.37','0414.746.84.37','justos@ula.ve','','001','001','MERIDA','','01','012','44692'),
 ('0000000987','RAMIREZ','LEONARDO','9247505','','0414.707.16.73','0414.707.16.73','leonardoramirez54@gmail.com','','001','001','SAN CRISTOBAL','','01','018','44625'),
 ('0000000988','FERMÍN','ENRIQUE','4437661','','582125753865','584123271970','boxfer@cantv.net','Hospital de Clínicas Caracas','001','001','Caracas','','01','022','0000000'),
 ('0000000989','SOMAROO  LUNA','INES ELENA','11782424','','0414-8528553','0414-8528553	','somarco0318@hotmail.com','','001','001','Maturín','','01','006','60807'),
 ('0000000990','GRACE','GIESEN ','6558090','','0416-6329707','0416-6329707','gragie@hotmail.com','','050','001','Caracas','','01','022','34287'),
 ('0000000991','TRINDADE','ISABEL','81373301','','02122854495','04141803382','isabel.marketing@ameveca.com','Ameveca','007','001','Caracas','','03','022',''),
 ('0000000992','LOPEZ L','CARMEN LEONOR','9961170','','4061008','04167087712','carmenleonor1@yahoo.es','FUNDACARDIN','001','001','CARACAS','','01','022','1170'),
 ('0000000993','FIGUEIRA T.','SUHAIL M.','13151800','','4061008','04242204575','SUHAFIG@HOTMAIL.COM','FUNDACARDIN','006','001','CARACAS','','04','022','64005'),
 ('0000000994','SANCHEZ M.','ANIUSKA DE LA C.','12380185','','4061008','04168379076','ANIUSKAMD@HOTMAIL.COM','FUNDACARDIN','006','001','CARACAS','','04','022','0185'),
 ('0000000995','GONZALEZ','OSCAR','4529831','','0414-6142482','0414-6142482','oscardavid13@hotmail.com','','050','001','','','01','025','24600'),
 ('0000000996','MARIN','JESUS','7739675','','0416-8639703','0416-8639703','drjmarin16@hotmail.com','','050','001','','','01','025','30387'),
 ('0000000997','SILVA','AYUMARY','9802325','','0414-6345311','0414-6345311','paezjg@yahoo.com','','050','001','','','01','025','45027'),
 ('0000000998','ARAUJO','HEDYLUZ','4666232','','0424-6587088','0424-6587088','hedyluz@hotmail.com','','050','001','','','01','025','25004'),
 ('0000000999','TAMAYO','GIPSY','84404113','','4061008','04169246177','PRINCE_GIPSY@HOTMAIL.COM','FUNDACARDIN','006','001','CARACAS','','04','022','4113'),
 ('0000001000','CORZO','GABRIELA','14524680','','0414-6447477','0414-6447477','paezjg@yahoo.com','','006','001','','','04','025','68193'),
 ('0000001001','PETIT','JUAN FRANCISCO','12257679','','4061008','04164113155','juanfranciscopetit@hotmail.com','FUNDACARDIN','006','001','CARACAS','','04','022','7679'),
 ('0000001002','CASTILLO','MARIANELA','14433338','','0212-9111825','0424-5388881','nmarianela@hotmail.com','Hoapital Perez carreño','004','001','Caracas','','03','022','63868'),
 ('0000001003','COLINA','ROSA','14302544','','0424-45637591','0414-5940210','rosacolinagarcia@yahoo.com','Hospital Perez Carreño','001','001','Caracas','','01','022','62461'),
 ('0000001004','GIL','JOSÉ','12164665','','0212-6136947','0412-9863610','joserasggil@hotmail.com','Hospital Militar','005','001','Caracas','','03','022','31103'),
 ('0000001005','FERREIRA','JACINTA','6848738','','0212-5738373','0424-1977398','milagros.ferreira@diamedica.com.ve','Diamedica','005','001','Caracas','','03','022',''),
 ('0000001006','BAPTISTA MIÑO','AMARILYS REBECA','7883692','','02934517395','02934517395','amarilis.baptista@gmail.com','','050','001','CUMANA','','01','017','58780'),
 ('0000001007','GURDIEL','ORLANDO','3719037','','(0212) 7623544','(0212) 7623544','ogurdiel@gmail.com','EDIFICIO MAYESTIC','001','001','CARACAS','','01','022','6722'),
 ('0000001008','MACHUCA','VANEL','4798635','','0416-6512991','0416-6512991','vanelmchuca@hotmail.com','','012','001','Barquisimeto','','01','025','22968'),
 ('0000001009','MILANO ','PATRICIA','13358033','','0414-795-04-08 ','0414-795-04-08 ','pemilanom23@gmail.com.','','001','001','Cumana','','01','025','68443'),
 ('0000001010','ARGUELLO','MONICA','23225094','','04128844577','04128844577','cardiogar@yahoo.es','','001','001','Caracas','','01','025','71332'),
 ('0000001011','BRITAPAZ','EDGARDO','4132207','','0416-6406248','0416-6406248','edbritapaz@gmail.com','','001','001','MARACAY','','01','004','0014'),
 ('0000001012','CAPRILES','CARLOS','5531046','','04122050039','04122050039','caprilec@gmail.com','','012','001','Caracas','','01','022','35836'),
 ('0000001013','ARAUJO','DALIS ','3927452','','04126530107','04126530107','bdaraujo@yahoo.com','Hospital','050','001','Maracaibo','','01','025','7452'),
 ('0000001014','SANCHEZ','ALEJANDRO','14789564','','02127530058','02127530058','miriam.rodriguez@svcardiologia.org','BRASIL','006','001','CARACAS','','04','013',''),
 ('0000001015','PEROZO','CESAR','11863348','','02122125500','04143665820','marilyn_gonzalez@merck.com','','001','001','Maracaibo','','01','021','000020'),
 ('0000001016','COLINA GAMERO','JOSÉ','1829986','','02122125500','04143665820','marilyn_gonzalez@merck.com','','001','001','Maracaibo','','01','021','000021'),
 ('0000001017','AGUILAR','CARLOS','12345566','','02122125500','04143665820','marilyn_gonzalez@merck.com','','001','001','Maracaibo','','01','021','000022'),
 ('0000001018','CONTRERAS ','GLADIS','3110264','','02122125500','04143665820','marilyn_gonzalez@merck.com','','050','001','Maracaibo','','01','021','000023'),
 ('0000001019','WINKEL','NATHALY','13599099','','02125086374','02125086374','patricia.ruiz@clinicascaracas.com','HOSPITAL DE CLINICAS CARACAS','007','001','CARACAS','','03','013',''),
 ('0000001020','HIDALGO','LUCENA','2880835','','02122125500','04143665820','marilyn_gonzalez@merck.com','','001','001','Maracaibo','','01','021','000024'),
 ('0000001021','SAUD ACOSTA','JULIAN','8424215','','0212 2125500','04143665820','marilyn_gonzalez@merck.com','','050','001','Cumana','','01','017','000025'),
 ('0000001022','AVILA R','SERGIO LUIS','6014186','','0212 2125500','04143665820','marilyn_gonzalez@merck.com','','001','001','Barcelona','','01','002','000026'),
 ('0000001023','MARTINEZ','INES DEL VALLE','4051623','','04161979670','04161979670','inessol@cantv.net','','001','001','Porlamar','','01','015','18895'),
 ('0000001024','RITA','CLAUDIO','8091878','','0212 2125500','04143665820','marilyn_gonzalez@merck.com','','050','001','San Cristobal','','01','018','000028'),
 ('0000001025','LOPEZ SAYAGO','JOSÉ','5033250','','0212 2125500','04143665820','marilyn_gonzalez@merck.com','','001','001','San Cristobal','','01','018','000029'),
 ('0000001026','MATERAN','WILLIAM','4052304','','0212 2125500','04143665820','marilyn_gonzalez@merck.com','','001','001','San Cristobal','','01','018','000030'),
 ('0000001027','PEREZ ','NAYIBE','14809420','','04265368263','04265368263','nayivale1002@live.com.ar','FUNDACARDIN','005','001','CARACAS','','03','022','9420'),
 ('0000001028','QUINTERO','ERILYN','16883539','','04123886123','04123886123','erio5_qp@hotmail.com','FUNDACARDIN','005','001','CARACAS','','03','022','3539'),
 ('0000001029','TORRES','ORLANDO','4160204','','2763470762','4147071576',' drorlandot@hotmail.com','Hospital Militar','050','001','San Cristóbal','','01','018','19210'),
 ('0000001030','PENSO ','MANUEL ','6561979','','04143252949','04143252949','mpenso@hotmail.com','Centro Medico Integra','001','001','Caracas','','01','022','44172'),
 ('0000001031','VELASQUEZ','JOSE FRANCISCO','5086411','','04165917934','04165917934','jofra.velasquez@hotmail.com','Clinica San Felix','001','001','San Felix','','01','025','34829'),
 ('0000001032','GALLEGOS NUÑEZ','IVAN','3662964','','02129511845','04166095161','ivangallegos57@hotmail.com','','001','001','CARACAS','','01','022','15745'),
 ('0000001033','MEDAGJA','NATALIA','21481221','','-','04142031278','NATYMEDAGAJA@HOTMAIL.COM','-','001','001','CARACAS','','01','022','21481221'),
 ('0000001034','RIVAS LIRA','MAYRA ALEJANDRA','13426709 ','','04163134059','04163134059','-','','006','001','Caracas','','04','025','61640'),
 ('0000001035','BARRETO MORANDI','CORINA JOSEFINA','6232782','','04168855343','04168855343','-','Cardilógico Infantil','006','001','Caracas','','04','025','6232782'),
 ('0000001036','DE GOUVEIA ACEVEDO','MARÍA LUCILIA','6122008','','04126238110','04126238110','gouveia10@cantv.net','Hosp. J.M. de Los Rios','001','001','Caracas','','01','025','6122008'),
 ('0000001037','DELGADO','MARGARITA','6900822','','04166094194','04166094194','margaritadelgado@hotmail.com','hospital ','051','001','valencia','','01','007','37179'),
 ('0000001038','PECORA','GIUSEPPINA','9214492','','04168351010','04168351010','pinapecora@hotmail.com','hospital metropolitano del norte','050','001','Valencia','','01','007','40243'),
 ('0000001039','ORTIZ','KATIUSKA','6977900','','04140205870','04129162525','katyortiz@hotmail.com','Hospital Universitario de Caracas','007','001','Caracas','','03','022',''),
 ('0000001040','REGOLI','XIOMARA','14384592','','04143303621','04143303621','xiomararegoli@yahoo.com','Hospital Universitario de Caracas','006','001','Caracas','','04','022',''),
 ('0000001041','JIMENEZ','RAFAEL','18831927','','(0424) 6870072','(0424) 6870072','rafaeljimenez270487@hotmail.com','FUND. VENEZOLANA DE HIPERTENSION ARTERIAL','007','001','MARACAIBO','','03','021','18831927'),
 ('0000001042','GRATEROL','XIOMARA','7603261','','(0414) 0651547','(0414) 0651547','mariasgraterol@hotmail.com','HOSPITALIZACION FALCON','007','001','MARACAIBO','','03','021','7603261'),
 ('0000001043','VIERA','CARLOS','10413458','','(0416) 2224487','(0416) 2224487','carlosviera@hotmail.com','POLICLINICA AMADO','007','001','MARACAIBO','','03','021','10413458'),
 ('0000001044','GONZALEZ','MARCOS','13244368','','(0414) 6100681','(0414) 6100681','marcosaugusto911@hotmail.com','FUNDACION VENEZOLANA DE HIPERTENSION ARTERIAL','007','001','MARACAIBO','','03','021','13244368'),
 ('0000001045','MOLINA','LUIS','5050989','','(0416) 7616479','(0416) 7616479','edwinlobom@hotmail.com','HOSPITALIZACION FALCON','007','001','MARACAIBO','','03','021','5050898'),
 ('0000001046','CORREA','TRINY','10081060','','02122125500','04142691257','-','','001','001','Maracaibo','','01','021','000031'),
 ('0000001047','ROJAS','JULIO','7483220','','02122125500','04143665820','marilyn_gonzalez@merck.com','','001','001','Maracaibo','','01','021','000032'),
 ('0000001048','GRIBORIO','GUILLERMO','3644123','','02122125500','04143665820','marilyn_gonzalez@merck.com','','001','001','Maracaibo','','01','021','000033'),
 ('0000001049','URDANETA','IVAN','9764875','','02122125500','04143665820','marilyn_gonzalez@merck.com','','001','001','Maracaibo','','01','021','000034'),
 ('0000001050','TUDARES','MAGALY JOSEFINA','7838666','','02122125500','04143665820','marilyn_gonzalez@merck.com','','001','001','CABIMAS','','01','021','000035'),
 ('0000001051','BIASINO','JOSE','5069826','','02122125500','04143665820','marilyn_gonzalez@merck.com','','001','001','Maracaibo','','01','021','000036'),
 ('0000001052','VILLALOBOS','NEURO','8506327','','02122125500','04143665820','marilyn_gonzalez@merck.com','','050','001','Maracaibo','','01','021','000037'),
 ('0000001053','QUIJADA','LISSETH','10209489','','02122125500','04143665820','marilyn_gonzalez@merck.com','','001','001','Maracaico','','01','021','000038'),
 ('0000001054','FERRER','ALDEMARO','10604006','','02122125500','04143665820','marilyn_gonzalez@merck.com','','001','001','Maracaibo','','01','021','000039'),
 ('0000001055','BADUY','FERNANDO','10338389','','02122125500','04143665820','marilyn_gonzalez@merck.com','','001','001','Caracas','','01','013','000040'),
 ('0000001056','ASCANIO','CARLOS','3658060','','0416 608 85 70','0416 608 85 70','ascaniocarlos@cantv.net','Urológico San Román','001','001','Caracas','','01','013','000041'),
 ('0000001057','MADERA','CARLOS','9649260','','02122125500','04143665820','marilyn_gonzalez@merck.com','','050','001','Caracas','','01','013','000042'),
 ('0000001058','GARCIA','SANDRA','9971544','','02122125500','04143665820','marilyn_gonzalez@merck.com','','050','001','Caracas','','01','013','000043'),
 ('0000001059','TALAVERA','OSCAR','4236612','','02122125500','04143665820','marilyn_gonzalez@merck.com','','001','001','Caracas','','01','013','000044'),
 ('0000001060','ALVAREZ','LUIS MANUEL','82281455','','02122125500','0416-6299852','luisman1963@hotmail.com','CARDIOVEN CHACAO','001','001','Caracas','','01','013','000045'),
 ('0000001061','GUTIERREZ','DANIEL','3364567','','02122125500','04143665820','marilyn_gonzalez@merck.com','','001','001','Caracas','','01','013','000046'),
 ('0000001062','LARA VEITIA','HEIDY','11412043','','02122125500','04143665820','hlmarint@yahoo.com','Caracas','001','001','Caracas','','01','013','000047'),
 ('0000001063','SOTO-ROSA','SERGIO','3406192','','02122125500','04143665820','gloriamarina.alvarez.ga@bayer-ag.de','','001','001','Caracas','','01','013','000048'),
 ('0000001064','GUERRERO C.','GUSTAVO A.','4357306','','02122125500','04143665820','drguerrero@hotmail.com','','001','001','Pto Ordaz','','01','006','000049'),
 ('0000001065','TORRES','WILFRIDO','4711565','','02122125500','04143665820','marilyn_gonzalez@merck.com','','001','001','Maturin','','01','002','000050'),
 ('0000001066','VALENTINI MASSIANI','ANTONIO','1867871','','02122125500','04143665820','marilyn_gonzalez@merck.com','','001','001','El tigre','','01','006','000051'),
 ('0000001067','VALENTINI PUCCHI','ANTONIO','8478154','','02122125500','04143665820','marilyn_gonzalez@merck.com','','001','001','El tigre','','01','006','000052'),
 ('0000001068','GARCIA','NYLSON','5540160','','02122125500','0416-6856236','-','','001','001','Ciudad Bolivar','','01','006','000053'),
 ('0000001069','LEON','JORGE LUIS','7048359','','02122125500','04143665820','marilyn_gonzalez@merck.com','','001','001','Apure','','01','003','000054'),
 ('0000001070','PEREZ GARCIA','RAFAEL','4240804','','0414-3465161','0414-3465161','rapega@cantv.net','','001','001','San Juan de los Morr','','01','024','18893'),
 ('0000001071','GONZALEZ','YVAN','8488663','','02122125500','04143665820','marilyn_gonzalez@merck.com','','001','001','Maracay','','01','004','000056'),
 ('0000001072','BUJANDA','ENRIQUE','4868197','','02122125500','04143665820','marilyn_gonzalez@merck.com','','001','001','Valencia','','01','007','000057'),
 ('0000001073','ROBERTIZ','EGLYS','3832899','','02122125500','04143665820','marilyn_gonzalez@merck.com','','001','001','Valencia','','01','007','000058'),
 ('0000001075','HERNANDEZ','ZORAIDA','7002952','','02122125500','04143665820','marilyn_gonzalez@merck.com','','001','001','Valencia','','01','007','000060'),
 ('0000001076','DEL VALLE','OSCAR','4137147','','02122125500','04143665820','marilyn_gonzalez@merck.com','','001','001','Valencia','','01','007','000061'),
 ('0000001077','MAHMUD','ARNALDO','7233006','','02122125500','0414357015','Fatima.villanueva@vivax.com.ve','','001','001','Valencia','','01','007','000062'),
 ('0000001078','MEDINA','IRMA','3683401','','02122125500','0414-2539556','imedina60@hotmail.com','','050','001','Caracas','','01','022','39286'),
 ('0000001079','PEREZ','GLADYS','7909636','','02122125500','04143665820','marilyn_gonzalez@merck.com','','001','001','Caracas','','01','022','000064'),
 ('0000001080','AGUERO','ALBERTO','4071737','','02122125500','04143665820','marilyn_gonzalez@merck.com','','050','001','Barquisimeto','','01','011','000065'),
 ('0000001081','CHIRINOS','JUAN','14175206','','02122125500','04143665820','marilyn_gonzalez@merck.com','','001','001','Barquisiemto','','01','011','000066'),
 ('0000001082','YANEZ','OSMAN','9578431','','02122125500','04143665820','marilyn_gonzalez@merck.com','','001','001','El Tocuyo','','01','011','000067'),
 ('0000001083','YANEZ','IRLANDA','4171586','','02122125500','04143665820','marilyn_gonzalez@merck.com','','001','001','Barquisimeto','','01','011','000068'),
 ('0000001084','RUIZ','RAQUEL','8546308','','02122125500','04143665820','marilyn_gonzalez@merck.com','','001','001','Barquisimeto','','01','011','000069'),
 ('0000001085','GALUE','RENE','5785018','','02122125500','04143665820','marilyn_gonzalez@merck.com','','001','001','Barquisimeto','','01','011','000070'),
 ('0000001086','NUÑEZ PAUL','LILLO','4525699','','02122125500','04143665820','marilyn_gonzalez@merck.com','','001','001','San Felipe','','01','020','000071'),
 ('0000001087','CHIDIAC','MIGUEL','7332324','','02122125500','04143665820','marilyn_gonzalez@merck.com','','001','001','Barquisimeto','','01','011','000072'),
 ('0000001088','GONZALEZ ','VALENTIN','8558906','','02122125500','04143665820','marilyn_gonzalez@merck.com','','001','001','Acarigua','','01','016','000073'),
 ('0000001089','ARAQUE','EVELIO','7548207','','02122125500','04143665820','marilyn_gonzalez@merck.com','','001','001','Acarigua','','01','016','000074'),
 ('0000001090','GOMEZ','CARMEN COROMOTO','4241242','','02122125500','04143665820','marilyn_gonzalez@merck.com','','001','001','Barinas','','01','005','000075'),
 ('0000001091','MONTESINOS FLORES','CARMEN','7072443','','02122125500','04149546369','cemontesinos@gmail.com','','001','001','Barinas','','01','005','000076'),
 ('0000001092','EL KHOURY','BASSEM','8351410','','02122125500','04143665820','marilyn_gonzalez@merck.com','','050','001','Maturin','','01','006','000077'),
 ('0000001093','ZUÑIGA','HERNANDO','15165496','','02122125500','04143665820','marilyn_gonzalez@merck.com','','050','001','Caracas','','01','013','000078'),
 ('0000001094','ARRIETA','WILFREDO','5062981','','02122125500','04143665820','marilyn_gonzalez@merck.com','','050','001','Maracaibo','','01','021','000079'),
 ('0000001095','NAVA','MARIA','4154463','','02122125500','04143665820','marilyn_gonzalez@merck.com','','050','001','Maracaibo','','01','021','000080'),
 ('0000001096','MORALES','EDITH','5851151','','02122125500','04143665820','marilyn_gonzalez@merck.com','','050','001','Maracaibo','','01','021','000081'),
 ('0000001097','HERNANDEZ','MARTIN','7763791','','02122125500','04143665820','marilyn_gonzalez@merck.com','','050','001','Maracaibo','','01','021','000082'),
 ('0000001098','IRIARTE','JOSE LUIS','3931957','','02122125500','04143665820','marilyn_gonzalez@merck.com','','001','001','Maracaibo','','01','021','000083'),
 ('0000001099','AÑEZ','NURIS','14026090','','02122125500','04143665820','marilyn_gonzalez@merck.com','','050','001','Maracaibo','','01','021','000084'),
 ('0000001100','CHIRGUITA','ALETZAIDA','15282145','','02122125500','04143665820','marilyn_gonzalez@merck.com','','050','001','Maracaibo','','01','021','000085'),
 ('0000001101','MARCANO','HECTOR','531457','','0212-2673344','0414-3271043','martha.pena@astrazeneca.com','','001','001','CARACAS','','01','013','25323'),
 ('0000001102','PONTE','CARLOS','9864673','','02122673344','04143297843','pontemachado@cantv.net','','001','001','CARACAS','','01','013','31380'),
 ('0000001103','CASTILLO R','ALEXARYS M','5435957','','02122673344','04143537152','marien.paredes@aziel.net','','001','001','BARQUISIMETO','','01','011','30265'),
 ('0000001104','GONZALEZ','MARIA TERESA ','9700082','','0414-610-4902','0414-610-4902','mari_ateza@hotmail.com','','050','001','Caracas','','01','025','41682'),
 ('0000001105','MESA ROMERO ','RAFAEL ADOLFO','4591719','','02617401411','04146117514','RMESAR@CANTV.NET','','001','001','MARACAIBO','','01','021','27952'),
 ('0000001106','MARQUEZ LUGO','MARY CARMEN','10414889','','04246414117','10414889','marymarquez@hotmail.com','','001','001','Maracaibo','','01','025','54504'),
 ('0000001107','LOPEZ','MANUEL ','7586111','','4166563742','4166563742','enmanuel_y@hotmail.com','','001','001','Barquisimeto','','01','025','41918'),
 ('0000001108','GRAND  ZEA','NOHIRIA JOSEFINA','7572441','','02122673344','04146883535 ','nohy7@hotmail.com','','001','001','PUNTO FIJO','','01','010','43299'),
 ('0000001109','GARCIA','MERLYN','3752748','','04166640358','04149896161','ogarcia@zuoz.com','','001','001','MARACAIBO','','01','021','21444'),
 ('0000001110','HERNANDEZ','CARLOS','2865158','','04166180995','04149896161','ogarcia@zuoz.com','','001','001','MARACAIBO','','01','021','6943'),
 ('0000001111','CARDENAS','ELIZABETH','4160626','','04149896161','02124090226','ogarcia@zuoz.com','','001','001','MARACAIBO','','01','021','28526'),
 ('0000001112','KERTZNUS','YULI','2753788','','02122026366','04143201341','ykertznus@gmail.com','HOSPITAL CLINICA CARACAS','001','001','Caracas','','01','013','00047'),
 ('0000001113','SEDAN ','JENNIFER','11281881','','04141260445','04141260445','PAKANKA@HOTMAIL.COM','','001','001','CARACAS','','01','022','81881'),
 ('0000001114','SOTO NAVARRO','LEONARDO','4146746','','-','-','-','-','001','001','-','','01','025','22283'),
 ('0000001115','ARIAS MARINO','ULISES','1881127','','-','-','-','-','001','001','-','','01','025','9580'),
 ('0000001116','HERRERA ','YUSMARY','15039971','','-','-','-','-','007','001','-','','03','025',''),
 ('0000001117','REBOLLEDO MONTILLA','MARIA ZORAIDA','8162585','','-','04140133447','-','-','001','001','-','','01','025','41746'),
 ('0000001118','RODRIGUEZ MEDINA','RABINDRANATH JOSE','12062819','','-','-','-','-','001','001','-','','01','025','49218'),
 ('0000001119','FRANCHI','EDGAR','5854484','','-','-','-','-','001','001','-','','01','025','39470'),
 ('0000001120','ACEVEDO RAMOS','DORISAIDA','5396009','','04147678414','04147678414','doriacev1@hotmail.com','-','001','001','MATURIN','','01','014','3932'),
 ('0000001121','RON SANZ','GRISEL JUDITH','6523647','','-','-','-','-','001','001','-','','01','025','34377'),
 ('0000001122','ALVAREZ CORDERO','MANUEL PASTOR','2961835','','-','-','-','-','001','001','-','','01','025','14486'),
 ('0000001123','MARCANO ACEVEDO','DOIRISDEL TERESA','22621036','','-','-','-','-','004','001','-','','03','025',''),
 ('0000001124','GUIDA LANNI','MAXIMO','5372247','','-','-','-','-','001','001','-','','01','025','23878'),
 ('0000001125','LOPEZ ','JOSE','7931084','','-','0414 6295165','CCV ALFREDO LOPEZ@HOTMAIL.COM','','001','001','MARACAIBO','','01','021','444432'),
 ('0000001126','RON PARRA','JOSE ANTONIO','5333280','','0414-2344838','0414-2344838','jarpsail@yahoo.com','-','001','001','Caracas','','01','025','31598'),
 ('0000001127','D\'EMPAIRE','GABRIEL','3301293','-','-','04143238496','-','-','001','001','-','','01','025','14031'),
 ('0000001128','PERAZA','FELIX','00122294','','-','04164705113','-','-','004','001','','','01','025','-'),
 ('0000001129','COLAN','JUAN','4129442','','04166217140','04166217140','JUANCOLAN@GMAIL.COM','-','001','001','CARACAS','','01','022','15658'),
 ('0000001130','HERNANDEZ','PAULO','7758647','','04146154705','04146154705','paulohernandezmontiel@yahoo.com','-','001','001','-','','01','025','43864'),
 ('0000001131','ITALO','APRUZZESE','7730323','','04146245920','04146245920','iapruzzese@yahoo.com','-','001','001','-','','01','025','30790'),
 ('0000001132','BAPTISTA','GUSTAVO','7889523','','04146108364','04146108364','gubaptista@hotmail.com','-','001','001','-','','01','025','39500'),
 ('0000001133','GARCIA','LUIS','1962919','','04166610174','04166610174','luis1962919@gmail.com','-','001','001','-','','01','025','7545'),
 ('0000001134','','','0001','','','','','','--','001','','','01','025',''),
 ('0000001135','AGREDA','WILFREDO','5291963','','-','04149973962','WILFREDO.KUMVOTO@GIMAIL.COM','','001','001','TUCUPITA','','01','001','28702'),
 ('0000001136','GONZALEZ DUARTE ','XIOMARA ','4816491','','04126902623','04126902623','-','','001','001','guarico ','','01','024','320944'),
 ('0000001137','RUIZ DE S. ','ANA MARIA DEL V.','10031829','','04148131726','04148131726','-','','051','001','merida ','','01','012','10031829'),
 ('0000001138','RIVERO','CALLES','9851824','','-','-','-','-','001','001','-','','01','025','52364'),
 ('0000001139','LOPEZ','MARIA','18241776','','-','-','-','-','004','001','-','','03','025',''),
 ('0000001140','MILLAN DE ORTA','RUTH JOSEFINA','4349383','','-','-','-','-','001','001','-','','01','025','14020'),
 ('0000001141','LOPEZ','RONALD','516265','','-','04146175958','ROLOPEZERR@GIMAEL','','001','001','ARUBA','','01','025','30232'),
 ('0000001142','AGUILERA','ORLANDO','19557916','','0414-0183645','0414-0183645','aguileranene@yahoo.com.ar','RESCARVEN','001','001','CARACAS','','01','013','57916'),
 ('0000001143','MOROCOIMA','IVAN','9142465','','04140599712','04140599712','ivanmoro63@gmail.com','','001','001','MARACACAIBO','','01','021','42465'),
 ('0000001144','DOLADO','JAVIER','6845726','','-','-','-','-','001','001','-','','01','025','s6845726'),
 ('0000001145','GARCIA','FREDDY','3388671','','04166475290','04166475290','fgarciah@cantv.net','CIUDAD HOSPITALARIA ENRIQUE TEJERA','001','001','VALENCIA','','01','007','88671'),
 ('0000001146','NICOLA','VIRGILIO','9328956','','-','-','-','-','001','001','-','','01','025','28956'),
 ('0000001147','HIDALGO','PEDRO','1596199','','-','-','-','-','001','001','-','','01','025','96199'),
 ('0000001148','PLUCHINO','SALVATORE','3252088','','-','-','-','-','001','001','-','','01','025','no3252088'),
 ('0000001149','NUÑEZ','JOSE','3683760','','-','-','-','-','001','001','-','','01','025','83760'),
 ('0000001150','GONZALEZ','MAILLIW','15041815','','-','-','-','-','001','001','-','','01','025','41815'),
 ('0000001151','GONZALEZ','ORLGLAD','17376555','','-','-','-','-','001','001','-','','01','025','76555'),
 ('0000001152','BELANDRIA GARCES','MARIA','16371811','','-','-','-','-','001','001','-','','01','025','71811'),
 ('0000001153','SIFONTES ','IRENE','8366103','','-','04263619460','-','','005','001','MATURIN','','03','014',''),
 ('0000001154','REYES','MERILYS','5164591','','-','-','-','-','001','001','-','','01','025','30023'),
 ('0000001155','BERRA','MARLA','7952610','','-','04128757073','-','','005','001','MATURIN','','03','014',''),
 ('0000001156','ROJAS','ELSY ','4221450','','-','041466814634','ELSYROJAS@CANTV.NET','','001','001','BARCELONA','','01','002','27182'),
 ('0000001157','JIMENEZ','ALVARO','11165919','','-','-','-','-','001','001','-','','01','025','65919'),
 ('0000001158','FIGARELLA','GILBERTO','8887900','','-','04148545652','-','','001','001','CIUDADAD BOLIVAR','','01','006','no8887900'),
 ('0000001159','MORENO','ORLANDO','6851208','','-','-','-','','001','001','-','','01','025','-'),
 ('0000001160','BOHORQUEZ','CORONA','346608','','02763551918','04143763475','ABCGOAT2000@YAHOO.COM','','001','001','SAN CRISTOBAL','','01','018','12497'),
 ('0000001161','LARA BOADA','GUILLERMO JOSE','13773493','','-(0212) 4061111','04243066228','guillermolara2005@hotmail.com','Hosp.Militar \"Dr. Carlos Arvelo\"','006','001','CARACAS','','04','022','67494'),
 ('0000001162','DUEÑES RUIZ','JEAN CARLOS','14921056','','-','0416-6960290','jeancarlos.dueñez@hotmail.com','Hosp.Militar Dr. CARLOS ARVELO','006','001','CARACAS','','04','022','67406'),
 ('0000001163','AURIS','FLORES DE FINIZOLA','0002233','','-','-','-','-','001','001','-','','01','025','3424'),
 ('0000001164','FERNANDEZ','MIGUEL ANGEL','5308823','','04166280992','04166280992','-','-','001','001','-','','01','025','30183'),
 ('0000001165','PERALTA','IRIS','4703224','','--','-','-','-','001','001','-','','01','025','00081'),
 ('0000001166','ACOSTA','ROSIRIS','10234358','','-','04144982282','ROMMA2-@GIMAIL.COM','','006','001','VALENCIA','','04','007','56622'),
 ('0000001167','CLAVERO','JESUS','5162584','','-','-','----','-','001','001','--','','01','025','0081'),
 ('0000001168','PEREZ VASSALLA','DANIEL OSCAR','12569248','','0244-6638808','0416-6431200','perez172@hotmail.com','','050','001','-','','01','025','26506'),
 ('0000001169','ALAÑA','ALEJANDRO','7892963','','-','04166325002','ALEJANDRO66@CANTV.NET','','050','001','MARACAIBO','','01','021','41552'),
 ('0000001170','LOPEZ GOMEZ ','LUIS ','2799338','','04142340886','04142340886','lelg@telcel.net.ve','','001','001','CARACAS','','01','022','10162'),
 ('0000001171','GONZALEZ','EDUARDO','10214747','','04266630358','04266630358','carlosalfredogon@yahoo.es','','001','001','MARACAIBO','','01','021','56871'),
 ('0000001172','SERRANO','YULCANIA','84407160','','-','-','-','-','001','001','-','','04','025','07160'),
 ('0000001173','MARTINEZ','EGLIS','13750403','','2578631','-','-','','005','001','CARACAS','','03','022',''),
 ('0000001174','CASTELLO','ENDER','10086283','','-','-','-','-','001','001','-','','01','025','00079'),
 ('0000001175','MOROCOIMA','IVAN','8458962','','04140599712','04140599712','-','-','001','001','-','','01','025','no8458962'),
 ('0000001176','ROSALES','ALIDA','7153445','','0416-6474187','0416-6474187','rosalesalida@hotmail.com','','001','001','VALENCIA','','01','007','53445'),
 ('0000001177','PEÑALOZA','CARLA','16085583','','3428130','-','-','','007','001','GUATIRE','','03','013',''),
 ('0000001178','ROMHAIN','JORGE','8895145','','04148936049','04148936049','jrw2005@hotmail.com','-','001','001','CIUDAD BOLIVAR','','01','006','48953'),
 ('0000001179','RICHIUSA','ROBERTO','9510210','','04166399204','04166399204','-','-','001','001','-','','01','025','no9510210'),
 ('0000001180','CEDANO RAMIREZ','BERNARDA ','84402533','','-','-','-','-','050','001','-','','01','025','84402'),
 ('0000001181','NAVAS','YISMER','17965319','','-','04241612459','-','','007','001','CARACAS','','03','022',''),
 ('0000001182','AMAIR MIANI','PABLO JOSE','2997413','','5086428','04142498173','p_amair@yahoo.com','','011','001','CARACAS','','01','022','7413'),
 ('0000001183','ALVAREZ','ARELYS','10363930','','04127601727','04127601727','arelys1971@hotmail.com','-','001','001','MARACAY','','01','004','no10363930'),
 ('0000001184','STRAZIOTA DE PEREZ','INGRID','13284066','','-','-','-','-','001','001','-','','01','025','13284066'),
 ('0000001185','PEREZ GONZALEZ','JUAN','2096484','','-','-','-','-','001','001','-','','01','025','2096484'),
 ('0000001186','PORTILLO','SERGIO','5817298','','-','-','-','-','001','001','-','','01','025','no5817298'),
 ('0000001187','CADENAS','CARMEN','9175274','','0424-7165134','0424-7165134','zulicads@gmail.com','','001','001','VALERA','','01','025','36440'),
 ('0000001188','CRESPO','JOSE LUIS','5711922','','-','-','-','-','001','001','-','','01','025','no5711922'),
 ('0000001190','LAGUNA','LUISA','5587575','','-','-','-','-','001','001','-','','01','025','no5587575'),
 ('0000001191','RODRIGUEZ','DELIA','6377699','','0414 3021884','0414 3021884','diliaroda@hotmail.com','','001','001','Caracas','','01','025','36240'),
 ('0000001192','SUAREZ','JUAN','18305253','','-','04162522223','-','','004','001','CORO','','03','010',''),
 ('0000001193','ARELLANO','ALEXANDER','17350492','','-','04165648852','ALEXANDERARELLANO@HOTMAIL.COM','','004','001','CORO','','03','010',''),
 ('0000001194','FINIZOLA FLORES ','BARTOLOME','17625372','','-','04145103368','-','','004','001','BARQUISIMETO ','','03','025',''),
 ('0000001195','URDANETA DE SUAREZ','GERITZA','7602619','','-','-','-','-','001','001','-','','01','025','0087'),
 ('0000001196','GIL JIMENEZ','ZAIDA','9260275','','-','04149739281','ZAIGILJI@HOTMAIL.COM','','050','001','BARINAS','','01','005','49525'),
 ('0000001197','FARIA ','LAURA','4524519','','-','-','-','','001','001','Maracaibo','','01','021','999991111'),
 ('0000001198','VARGAS','BRAULIO','14020425','','04265193361','04265193361','-','-','006','001','-','','04','025','20425'),
 ('0000001199','FERNANDEZ BAUTISTA ','IHARA','84406774','','04241810945','-','ihasra@hotmail.com','-','006','001','Caracas ','','04','022','no84406774'),
 ('0000001200','MUJICA K. ','LORENA','14021149','','04166066137','04141013015','LOKRI@HOTMAIL.COM','','006','001','-','','04','025','64207'),
 ('0000001201','FABIANO','DOMENICO','6146096','','04143212709','-','-','','001','001','maracaibo','','01','021','21245'),
 ('0000001202','VILLEGAS  DE S. ','NILDA J. ','9516009','','04242305970','-','-','-','006','001','-','','04','025','43302'),
 ('0000001203','CASTELLANOS','YURUANI','9238780','','-','02124424863','YURUCASTELLANOS@HOTMAIL.COM','','050','001','CARACAS','','01','022','42845'),
 ('0000001204','ISTURIZ','REBECCA','11412145','','-','-','-','-','001','001','','','01','025','53806'),
 ('0000001205','PAZ','ANA','7974979','','-','04143610478','ANYMAURO@CANTV.NET','','001','001','MARACAIBO','','01','021','38709'),
 ('0000001206','VELIZ NATERA','MARIELA','16064007','','-','04145320155','MARIELAVELIZ82@HOTMAIL.COM','','004','001','MERIDA','','03','012',''),
 ('0000001207','MONZON','MARIA ','9472001','','-','04147440240','ADRIANAMONZON90@HOTMAIL.COM','','050','001','VALENCIA','','01','007','47980'),
 ('0000001208','FERRER PIRELA','ENRIQUE JAVIER','17821943','','02617937068','-','-','','051','001','Maracaibo','','01','021','no 1782194'),
 ('0000001209','MOLERO YORDI','ANTONIETA','17682407','','-','-','-','-','051','001','Maracaibo','','01','021','no-1768240'),
 ('0000001210','DE D\'EMPAIRE','MARIA EUGENIA','3156401','','-','-','-','-','050','001','-','','01','025','546'),
 ('0000001211','LUZARDO','ANDRES','17414660','','-','04148672996','MARACUCHO@HOTMAIL.COM','','004','001','MARACIBO','','03','021',''),
 ('0000001212','BARBOZA GUADAGNINI','LORENA MATILDE','17835829','','0261-7429240','-','-','-','051','001','Maracaibo','','01','021','no-1783582'),
 ('0000001213','GODOY VASQUEZ ','BETZAIDA ','17203331','','04246258242','04246258242','BET_AND@HOTMAIL.COM','','004','001','BARINAS','','03','005','098'),
 ('0000001214','GARCIA RODRIGUEZ','RAMON ARTURO','8906397','','-','-','-','-','001','001','-','','01','025','no8906397'),
 ('0000001215','RIVAS','MARIBEL','9896466','','-','04148666911','MARIBILRIVAS@CANTV.NET','','007','001','MATURIN','','03','014',''),
 ('0000001216','VILLALOBOS','RUBEN','5559696','','-','04147599869','-','','050','001','SAN CARLOS','','01','021','41180'),
 ('0000001217','CUADROS','CARMEN','4549502','','-','-','-','','051','001','ZULIA','','01','025','24700'),
 ('0000001218','ROMERO','IVAN','0079789423','79789423','-','0414-2300173','-','','001','001','','','01','025','NO79789423'),
 ('0000001219','HERNANDEZ','EDGAR','4520198','','02617920876','04246206601','-','-','001','001','-','','01','025','no4520198'),
 ('0000001220','PINTO','ANA MERCEDES','13447558','','-','0416-9067893','-','-','001','001','-','','01','025','13447558'),
 ('0000001221','PALENCIA','YELITZA','9688369','','-','04243138433','-','','005','001','MARACAY','','03','004',''),
 ('0000001222','ARIAS','DAYANA','14436608','','-','04243733724','DAYAARIAS14@HOTMAIL.COM','','005','001','VILLA DE CURA','','03','004',''),
 ('0000001223','RIERA','ORLANDO','3585798','','-','04248425704','-','','001','001','VALENCIA','','01','006','20728'),
 ('0000001224','LESBIA','REVEROL','1687417','','-','-','-','-','001','001','-','','01','025','6847'),
 ('0000001225','YEPEZ DE BORZELLINO','MARIA','4071542','','04143511497','-','-','-','001','001','-','','01','025','12641'),
 ('0000001226','RODRIGUEZ ','ARTURO','4050442','','-','0414-7891520','cardarturorodriguez@hotmail.com','','001','001','-','','01','015','19039'),
 ('0000001227','GONZALEZ','YOLANDA','3774239','','04168622698','04168622698','yoyacardiomar@cantv.net','','001','001','MARACAIBO','','01','025','16517'),
 ('0000001228','ARAPE','MARIA','7675369','','-','-','-','-','001','001','-','','01','025','30180'),
 ('0000001229','CASTELLANO RINCON','MARILIN','17996909','','-','0424-6434772','marilinc2003@hotmail.com','','004','001','Ciudad Ojeda','','03','021',''),
 ('0000001230','RAMIREZ ROJAS','SUSAN','11311222','','02122381155','04122492458','-','-','001','001','-','','01','025','57540'),
 ('0000001231','COLETTI QUINTERO','SOLEDAD','7010096','','-','-','-','-','001','001','-','','01','025','38075'),
 ('0000001232','FERNANDEZ BAEZ','BETINA ISABEL','6514566','','04143065113','04143065113','-','-','001','001','-','','01','025','47747'),
 ('0000001233','LUQUE','JOSE','5825580','','02129764900','04265464065','lgodoy_drlve@yahoo.es','','001','001','MARACAY','','01','004','29794'),
 ('0000001234','CARRASQUERO','LEWIS','11764920','','-','-','-','-','001','001','-','','01','025','61469'),
 ('0000001235','BERMUDEZ GUTIERREZ','TOMASA','6184414','','02122381155','04241501149','-','-','001','001','-','','01','025','no6184414'),
 ('0000001236','PORTILLO ACOSTA','BOLIVAR LUIS','114169','','-','0416-5617078','-','-','001','001','-','','01','025','114169'),
 ('0000001237','CABRERA LEANDRO','ELIDA RAMONA','6800419','','04122601206','-','-','-','001','001','Caracas','','01','022','39114'),
 ('0000001238','CASTRO MONTENEGRO ','SIMON ANDRES','18063810','','04141671424','04141671424','SIMONCASTROMONTENEGRO@GMAIL.COM','','006','001','MARACAIBO','','04','021','18063810'),
 ('0000001239','LEON PETERS','JOCELYN','15665942','','04241510363','04241510363','-','-','001','001','2381155','','01','025','73870'),
 ('0000001240','LANGHAMER','ERIC','5310756','','02122381155','04241501128','-','-','001','001','-','','01','025','25547'),
 ('0000001241','RODRIGUEZ ALVAREZ','HUMBERTO JOSE','2897808','','0212-9534172','0414-3622895','hra0711@hotmail.com','','001','001','CARACAS','','01','022','4538'),
 ('0000001242','FINIZOLA CELLI','BARTOLOME','3315012','','-','-','-','-','001','001','-','','01','025','45'),
 ('0000001243','VETANCOURT VELAZQUEZ','EDWIN','10396868','','-','-','-','-','001','001','Maracaibo','','01','021','61762'),
 ('0000001244','CASTELLANOS','TIRSO','7969456','','-','-','-','-','001','001','-','','01','025','84'),
 ('0000001245','YANEZ ALVAREZ','INDIRA','14028347','','0241-8721749','0414-4237928','ijya@hotmail.com','','006','001','VALENCIA','','04','007','62336'),
 ('0000001246','VADEL MONTERO','YELITZA','8604859','','0212-8615664','0414-2375457','yelitvadel@hotmail.com','','007','001','CARACAS','','03','022','120'),
 ('0000001247','DIB','HACIBE','8781086','','-','-','-','-','001','001','-','','01','025','39146'),
 ('0000001248','SANCHEZ ','RAMON ','4526811','','4147290491','4147290491','sancheztramond@gmail.com','','001','001','Valera','','01','025','20543'),
 ('0000001249','VALERA TOVAR ','NESTOR GERARDO','7457197','','-','-','-','-','050','001','-','','01','025','38096'),
 ('0000001250','ACQUATELLA','HARRY','984448','','0212-5521886','0412-5521886','ACQUATELLAHARRY@HOTMAIL.COM','','001','001','CARACAS','','01','022','4316'),
 ('0000001251','MARULANDA','MARINES','7140843','','02418597492','04143401630','mmarulanda@cantv.net','','012','001','VALENCIA','','01','007','25056'),
 ('0000001252','SOTO','BELKIS','4744613','','-','-','-','-','001','001','-','','01','025','9384'),
 ('0000001253','HERNANDEZ','NELLY','5560292','','-','-','-','-','001','001','-','','01','025','34767'),
 ('0000001254','LAVIERA DE GOMEZ','MAGALYS','3776850','','-','-','-','-','001','001','-','','01','025','19821'),
 ('0000001255','ESCALONA GALUES','MILEIDA','10452371','','-','04141098284','MIESPI@HOTMAIL.COM','','001','001','CARACAS','','01','022','62646'),
 ('0000001256','PEREZ PAZ','MARIANGELA CAROLINA','18381434','','-','-','-','-','004','001','-','','03','025',''),
 ('0000001257','PETIT ORTUÑEZ','DESSIREE LORENA','17134108','','-','-','-','-','004','001','-','','03','025',''),
 ('0000001258','OCHOA PULGAR','ANDREA PATRICIA','25803533','','-','-','-','-','004','001','-','','03','025',''),
 ('0000001259','RODRIGUEZ OQUENDO','MARGIORI CELESTE','17413217','','-','-','-','-','004','001','-','','03','025',''),
 ('0000001260','HENRIQUEZ MIRANDONA','KRISTIAN RAFAEL','16809928','','-','-','-','-','004','001','-','','03','025',''),
 ('0000001261','ADRIANZA','MARTHA','4173287','','-','-','-','-','001','001','-','','01','025','no4173287'),
 ('0000001262','LABRADOR','MARIALEYCNAN','17290675','','-','04145125999','DRAMARIALE@HOTMAIL.COM','','004','001','BARQUISIMETO','','03','011',''),
 ('0000001263','JIMENEZ','LIBIA','16736864','','-','04169558385','LIBIAJIMENEZ_1673@HOTMAIL.COM','','004','001','BARQUISIMETO','','03','011',''),
 ('0000001264','LEON BRITO','GREITYS','16735539','','02534910731','04167543137','GREITYSLEON_1673@HOTMAIL.COM','','004','001','BARQUISIMETO','','03','011',''),
 ('0000001265','MAVARES','ELEYDI','14777541','','0414','-','-','-','001','001','','','01','025','7188'),
 ('0000001266','SANCHEZ','MILTON','7790180','','-','-','-','-','001','001','-','','01','025','41283'),
 ('0000001267','PALACIO','MARCOS','14360225','','-','-','-','-','001','001','-','','01','025','69630'),
 ('0000001268','URDANETA','MAYELA','7889721','','41440471191','41440471191','mayeuu@hotmail.com','-','001','001','Maracay','','01','025','38715'),
 ('0000001269','MARQUES','JUAN','6425986','','04141308941','04141308941','juan_alberto.marques@novartis.com','-','001','001','CARACAS','','01','022','26299');
INSERT INTO `gevtparticipantes` (`codpar`,`apepar`,`nompar`,`cedpar`,`paspar`,`telhab`,`telcel`,`emapar`,`lugtra`,`codesp`,`codpai`,`nomciu`,`codaso`,`codtippar`,`codest`,`codmsms`) VALUES 
 ('0000001270','POCATERRA','FANNY','3263982','','-','04163624723','FANNYPOCATERRAH@YAHOO.ES','','050','001','MARACAIBO','','01','021','14962'),
 ('0000001271','HERNANDEZ','YURMINIA','8524780','','02617491629','04163624723','-','','050','001','PUERTO ORDAZ','','01','006','41197'),
 ('0000001272','SOLTERO PEREZ','IVAN','3152104','','04143805908','04143805908','solteroivan@yahoo.com','-','001','001','LOS TEQUES','','01','013','10323'),
 ('0000001273','ROSA ALEMAN','FRANCISCO','22072009','','-','-','-','-','001','001','-','','01','025','22072009'),
 ('0000001274','ALMARZA','HECTOR','706044','','-','-','-','-','001','001','-','','01','025','22373'),
 ('0000001275','LOPEZ GRILLO','LUIS','222222','','-','-','-','-','001','001','-','','01','025','222'),
 ('0000001276','NASSER BERMUDEZ','CHADI ZEID','12187452','','-','-','-','-','006','001','-','','04','025','61222'),
 ('0000001277','PIMENTEL','ISABEL','5852608','','-','-','--','-','001','001','-','','01','025','2608'),
 ('0000001278','FINOL','RUTH','4752554','','-','-','-','-','001','001','-','','01','025','2554'),
 ('0000001279','VILLASMIL','FERNANDO','1534127','','-','04162320248','FERNADOVILLASMIL@HOTMAIL.COM','','001','001','MARACAY','','01','004','15012'),
 ('0000001280','ALVARADO','EDGAR','3927045','','-','-','-','-','001','001','-','','01','025','3262'),
 ('0000001281','ALVARADO','BEATRIZ','4989071','','-','-','-','-','004','001','-','','01','025','44327'),
 ('0000001282','PEREZ DE HERNANDEZ','MARIA LUISA','4171171','','-','-','-','-','006','001','-','','04','025','18945'),
 ('0000001283','FIGUEREDO','ADAYZA','5277873','','-','-','-','-','050','001','CARACAS','','01','022','26037'),
 ('0000001284','ROMAN','AIDA','2883505','','-','-','-','-','004','001','-','','03','025',''),
 ('0000001285','ACUÑA FERNANDEZ','MANUEL ','7533927','','04142774751','04142774751','makuna@interlink.net.ve','-','001','001','CARACAS','','01','022','31203'),
 ('0000001286','CAMPOS JORDAN','NELLYS CAROLINA','11803468','','04241935093','04241935093','nejok4@yahoo.es','','001','001','CARACAS','','01','022','57453'),
 ('0000001287','FERNANDEZ','JOSE LUIS','13979442','','-','04164005510','FERTUFER_4@HOTMAIL.COM','','007','001','EL LLANITO','','03','022',''),
 ('0000001288','ORIA MADURO','YMERIA MARUJA','6594035','','-','-','-','-','050','001','-','','01','025','32954'),
 ('0000001289','SALAZAR ROJAS','LEONARDO ALBERTO','79838485','','-','-','-','','001','037','Bogota','','01','025','NO 7983848'),
 ('0000001290','RIVERA','JOSE ANTONIO','7805105','','-','-','-','--','001','001','-','','01','025','38598'),
 ('0000001291','ALFIERI','ANNA','5302975','','04126290562','04126290562','annabalfieri@hotmail.com','','001','001','CARACAS','','01','022','85045'),
 ('0000001292','BRICEÑO ZOPPI','LUIS','5216870','','-','-','-','','051','001','Caracas','','01','022','no 5216870'),
 ('0000001293','MEDINA','EDGARDO','10429091','','02617322688','04146137538','-','','007','001','MARACAIBO','','03','021',''),
 ('0000001294','MOYA','ARELYS','12326149','','-','04146336270','ARELYSMABELLA@YAHOO.COM','','007','001','MARACAIBO','','03','021',''),
 ('0000001295','FINIZOLA','ROSA MARIA','13036076','','02514428837','04145217010','-','-','001','001','-','','01','025','63934'),
 ('0000001296','GUERRERO','JUAN','B246916','','-','04129052728','-','','001','074','-','','01','025','-'),
 ('0000001297','ORTEGA ROJAS','EDWIN ALEXANDER','13069950','','02742712455','04247331590','ortedwin@gmail.com','-','001','001','-','','01','025','65356'),
 ('0000001298','CALDERAS','CARLOS','6559806','','04166291814','04166291814','cdcalderas@gmail.com','-','001','001','-','','01','025','no6559806'),
 ('0000001299','CHACIN SUAREZ','AUDRY','18394186','','-','04146460696','-','','004','001','Maracaibo','','03','021','no-1839418'),
 ('0000001300','VALDERRAMA','OMAR','15342960','','-','04163108637','-','-','007','001','Caracas','','03','022','no 1534296'),
 ('0000001301','DOMINGUEZ','ROBERT','13087363','','-','04140287380','-','-','007','001','Caracas','','03','022','NO-1308736'),
 ('0000001302','SANCHEZ','VERONICA','11473578','','04146843273','04129248059','-','-','051','001','-','','01','025','60156'),
 ('0000001303','FLORES DELGADO','MARIA TERESA','16348283','','-','-','-','-','006','001','-','','04','025','4133'),
 ('0000001304','ZAPATA','AMALIA','15558986','','-','-','-','-','006','001','-','','04','025','4181'),
 ('0000001305','SOTO','ADALBERTO','3453392','','02617433861','04165037166','torrepromotoraparaiso@hotmail.com','-','001','001','MARACAIBO','','01','021','17484'),
 ('0000001306','OCHOA','VICCEMY MARIA','9602331','','-','-','-','-','001','001','-','','01','025','47493'),
 ('0000001307','MACIAS FERNANDEZ','PEDRO ALCIDES','8722634','','02122359520','04164132714','-','-','006','001','-','','04','025',''),
 ('0000001308','MONARI','JAIRO JUAN','7197158','','-','0414-4628655','-','-','001','001','-','','01','025','32048'),
 ('0000001309','SULBARAN ZAMBRANO','MARIA GABRIELA','15492381','','-','04140487578','MAGASUZA@HOTMAIL.COM','','006','001','ARAURE','','04','016',''),
 ('0000001310','RIVERA OROZCO','HUMBERTO ENRIQUE','1071938','','-','-','--','-','001','001','-','','01','025','3543'),
 ('0000001311','GUTIERREZ','CELIO TERCERO','9784874','','-','04146335387','CELIO69_4@HOTMAIL.COM','','007','001','MARACAIBO','','03','021',''),
 ('0000001312','LOPEZ','JOSE ABELARDO','6274414','','04166317422','04141719755','jabelopezv@cantv.net','-','001','001','Caracas','','01','025','no6274414'),
 ('0000001313','ROMERO VECCHIONE','EDUARDO ','2982012','','-','-','-','-','001','001','-','','01','025','4748'),
 ('0000001314','GONZALEZ MONTIEL','IVONNE ISOLINA','7934656','','-','04246234886','-','','007','001','MARACAIBO','','03','021',''),
 ('0000001315','VALERO','KATTYUSKA','7964540','','-','-','-','-','001','001','MARACAIBO','','01','021','41650'),
 ('0000001316','FERNANDEZ LUGO','CECILIA','3933188','','04125083667','04125083667','-','-','050','001','-','','01','025','22063'),
 ('0000001317','PATIÑO','JOSE VICENTE','5704158','','04166206504','04166206504','-','-','001','001','-','','01','025','no5704158'),
 ('0000001318','DELGADO GUERRA','SOHAIL MARINA','15311386','','-','04265660510','SOHAILDG@HOTMAIL.COM','','006','001','PUNTO FIJO','','04','010',''),
 ('0000001319','ATTIZZANI','GUILHERME','000659526','','-','-','-','-','001','027','-','','01','025','9526'),
 ('0000001320','ALDANA','RAYMA','5355133','','-','04166650111','-','-','050','001','-','','01','025','35492'),
 ('0000001321','´D\'ARMATA','SALVADOR','7361425','','-','0414-5251205','-','','001','001','BARQUISIMETO','','01','011','34647'),
 ('0000001322','MARQUEZ','BELKYS','10447860','','-','04146262761','-','-','012','001','MARACAIBO','','01','025','5239'),
 ('0000001323','MIRANDA','MARIANELA','5177721','','04143618335','04143618335','marianelamiranda@gmail.com','-','001','001','CORO','','01','010','23571'),
 ('0000001324','ARENDS SALDIVIA',' EUSEBIO ANTONIO','3314722','','02542317740','0414-5186403','earends1@hotmail.com','-','001','001','BARQUISIMETO','','01','011','14500'),
 ('0000001325','ACOSTA MONTENEGRO','OSWALDO','17089381','','-','-','-','-','004','001','-','','03','025',''),
 ('0000001326','URBINA','LILIAN','5169398','','-','-','-','-','001','001','-','','01','025','43862'),
 ('0000001327','LINARES VIVAS','JEANNETTE','12352816','','-','04124410517','-','','001','001','VALENCIA','','01','007','65818'),
 ('0000001328','SEQUERA DE FINIZOLA','MARLYN','13368932','','02514428837','04145091312','MARLYNSEQUERANDD@YAHOO.COM','','050','001','BARQUISIMETO','','01','011','68404'),
 ('0000001329','VILLALOBOS','MAGALY','3569663','','-','-','-','-','050','001','-','','01','025','15026'),
 ('0000001330','GONZALEZ HERRERA','BERENICE CAROLINA','10328912','','-','-','rabe_aguilar@hotmail.com','-','001','001','-','','01','025','49952'),
 ('0000001331','NIETO','RAMFIS','9552275','','-','04145288362','-','','050','001','BARQUISIMETO','','01','011','37808'),
 ('0000001332','AGUILAR VASQUEZ','RAMON JOSE','4342242','','04145277217','04145277217','rabe_aguilar@hotmail.com','-','001','001','BARQUISIMETO','','01','011','2242'),
 ('0000001333','MENDEZ','REINA','3972805','','-','04166301699','reinamendez2000@yahoo.com','','010','001','CARACAS','','01','022','15365'),
 ('0000001334','ANGELATS','KATHERINA','15281784','','-','-','-','-','001','001','-','','01','025','00004'),
 ('0000001335','CARDOZO','LORENA','9781687','','-','-','-','-','001','001','-','','01','025','52656'),
 ('0000001336','MATHEUS','ALVARO','4020722','','-','0416699911','MATHEUSALVARO@HOTMAIL.COM','','001','001','CARACAS','','01','022','NO420722'),
 ('0000001337','ESPINOSA MEJIA','RAUL ANTONIO','4083875','','-','04166056384','espvar@cantv.ne','CENTRO MEDICO','001','001','CARACAS','','01','022','17233'),
 ('0000001338','PEREZ  ALTUVE','CARLOS','12239903','','-','04145758500','-','','001','001','BARQUISIMETO','','01','011','66613'),
 ('0000001339','AÑEZ','NESTOR','2882262','','-','-','-','-','050','001','-','','01','025','00076'),
 ('0000001340','VASQUEZ','ISRAEL','7125599','','-','-','-','-','001','001','-','','01','025','56665'),
 ('0000001341','MOSCA','WALTER','5421419','','021237114614','04166133914','WMOSCA@GMAIL.COM','','001','001','CARACAS','','01','022','9008'),
 ('0000001342','NUÑEZ MEDINA','TULIO JOSE','8715423','','04165751511','04165751511','tuliojose_nm@hotmail.com','','001','001','MERIDA','','01','012','48123'),
 ('0000001343','MATHEUS','JOSE B.','4994817','','02617575743','04166629553','-','-','050','001','-','','01','025','40180'),
 ('0000001344','HERRERA','JOSE ALEJANDRO','12672882','','-','04147927838','JIOSEALEHP@YAHOO.COM','','006','001','-','','04','025','73612'),
 ('0000001345','ARANGUREN MENDEZ','JUAN ADELKIN','7795477','','04146184257','04146184257','juan_adelkin@hotmail.com','-','050','001','-','','01','025','35590'),
 ('0000001346','PULGAR','MARCO ANTONIO','4522637','','04166610621','04146865643','marco_pulgar@hotmail.com','-','050','001','-','','01','025','no4522637'),
 ('0000001347','CHAMI','JORGE','7970546','','04146117002','04146117002','JORGECHAMI@HOTMAIL.COM','-','001','001','MARACAIBO','','01','021','43620'),
 ('0000001348','FERNANDEZ RATTO CIARLO','LEANDRO JOSE','4355202','','-','-','-','-','050','001','-','','01','025','20192'),
 ('0000001349','VIVAS','OLGA','4175865','','-','-','-','-','050','001','-','','01','025','28827'),
 ('0000001350','FUENMAYOR','IVAN','2158571','','-','-','-','-','001','001','-','','01','025','8411'),
 ('0000001351','MACHADO','DAYANA','17238705','','04146382068','04146382068','-','','050','001','-','','01','025','no17238705'),
 ('0000001352','MACHADO','HEBERTO','16135737','','04166343058','04166343058','hebertojg@hotmail.com','-','050','001','-','','01','025','no16135737'),
 ('0000001353','PINEDA','CARLOS','18319260','','04141651988','04141651988','-','-','050','001','-','','01','025','no18319260'),
 ('0000001354','RODRIGUEZ','DALIA','18394172','','04141651988','04141651988','-','-','050','001','-','','01','025','no18394172'),
 ('0000001355','PEREZ AGREDA ','JESUS ALBERTO','816798','','-','-','--','-','001','001','-','','01','025','no816798'),
 ('0000001356','BORZELLINO ','CALOGERINO','1033036','','-','-','-','-','001','001','-','','01','025','no1033036'),
 ('0000001357','PEREZ D\'EMPAIRE ','PABLO A. ','12999275','','2125742228','04141395342','-','','050','001','-','','01','025','no12999275'),
 ('0000001358','MACHADO','IVAN','1069540','','-','-','-','-','001','001','-','','01','025','no1069540'),
 ('0000001359','FUGUET','HUGO','2789079','','04128365208','04128365208','pmghfs@cantv.net','-','001','001','Caracas','','01','025','no2789079'),
 ('0000001360','ZERPA','CARLOS','947300','','-','-','-','-','001','001','-','','01','025','no947300'),
 ('0000001361','BOSCH','FERNANDO','848287','','-','-','-','-','001','001','-','','01','025','no848287'),
 ('0000001362','FLORES','YRIS','1100140','','-','-','-','-','001','001','-','','01','025','no1100140'),
 ('0000001363','BENAHIN','BRISEIDA','1101042','','-','-','-','-','001','001','-','','01','025','no1101042'),
 ('0000001364','TOVAR','MAGALY','1097310','','-','-','-','-','001','001','-','','01','025','no1097310'),
 ('0000001365','RODRIGUEZ','MIGDALIS','1097311','','-','-','-','-','001','001','-','','01','025','no1097311'),
 ('0000001366','BORZELLINO','DIEGO','001131289','','-','-','-','-','001','001','-','','01','025','no1131289'),
 ('0000001367','HAMANA','LETICIA','1097323','','-','-','-','-','001','001','-','','01','025','no1097323'),
 ('0000001368','MENDOZA OVIEDO','CARLOS','3189926','','04168365208','04168365208','mendo@cantv.net','-','001','001','Caracas','','01','022','no3189926'),
 ('0000001369','ORTEGA','YAMELY','4887663','','0414-2867315','0414-2867315','-','','050','001','Caracas','','01','022','57432'),
 ('0000001370','GUAIMARE','CARLOS','4772876','','04147770727','04147770727','-','-','001','001','Cumana','','01','017','no4772876'),
 ('0000001371','COLINA','FREDD','1589652','','04146387727','04146387727','-','-','001','001','MARACAIBO','','01','021','no1589652'),
 ('0000001372','VALEZQUEZ','ALBERTO','5822524','','04143431608','04143431608','-','-','001','001','MARACAIBO','','01','021','no5822524'),
 ('0000001373','PEÑA','JAVIER','9718642','','04149655630','04149655630','-','-','001','001','MARACAIBO','','01','021','no9718642'),
 ('0000001374','CARRASQUERO','JHON','7867907','','04246942891','04246942891','-','-','001','001','MARACAIBO','','01','021','no7867907'),
 ('0000001375','LAGUNA','EDGARDO F.','4374320','','04166278436','04166278436','-','-','001','001','MARACAIBO','','01','021','no4374320'),
 ('0000001376','SOTO','ALBERTO','5826723','','01416272058','01416272058','-','-','001','001','MARACAIBO','','01','021','no5826723'),
 ('0000001377','QUIÑONEZ','HENRY','4015736','','04146743318','04146743318','-','-','001','001','MARACAIBO','','01','021','no4015736'),
 ('0000001378','CALLE','ASDRULEDNY','9581824','','04146970171','04146970171','-','-','001','001','MARACAIBO','','01','021','no9581824'),
 ('0000001379','RONDON','ERNESTO','4308006','','-','-','-','-','001','001','MARACAIBO','','01','021','no4308006'),
 ('0000001380','ANDRADE','FRANCISCO','4994195','','-','-','-','-','001','001','MARACAIBO','','01','021','no4994195'),
 ('0000001381','PARATI','GIANFRANCO','00110000','','04142856706','-','-','-','001','087','Milan','','01','025','no110000'),
 ('0000001382','TURMERO','GUSTAVO','4055509','','04165867040','04165867040','-','-','001','001','Puerto Ordaz','','01','006','no4055509'),
 ('0000001383','PICON VALERA','CESAR AUGUSTO','7257704','','04168486242','04168486242','cjgp68@hotmail.com','-','001','001','Valencia','','01','007','no7257704'),
 ('0000001384','FIGUERA','SIXTO','8444849','','02934163137','04241510358','sixtofiguera@hotmail.com','','001','001','CUMANA','','01','002','0001'),
 ('0000001385','RAMIREZ','NESTOR','8468486','','04162823594','04162823594','ramireznestor@hotmail.com','','001','001','ANACO','','01','002','0006'),
 ('0000001386','GOTOPO','HECTOR','3504174','','04166851993','04166851993','hectorgotopo@gmail.com','','001','001','MATURIN','','01','014','0007'),
 ('0000001387','FERNANDEZ','PEDRO','9905188','','04164923360','04164923360','pedrofm27@gmail.com','','001','001','PUERTO ORDAZ','','01','006','0010'),
 ('0000001388','CAFFRONI','JUAN','11102368','','04148829922','04148829922','caffroni@gmail.com','','001','001','VALENCIA','','01','007','0011'),
 ('0000001389','RAMIREZ','LUIS','4133005','','04144209965','04144209965','dr.luisramirez@gmail.com','','001','001','VALENCIA','','01','007','0012'),
 ('0000001390','MELET','JORGE','8590672','','04128809772','04128809772','caminantedelvientonorte@gmail.com','','001','001','VALENCIA','','01','007','0013'),
 ('0000001391','ALMARZA','HECTOR','4706044','','04146614767','04146614767','almarzahector@gmail.com','','001','001','MARACAIBO','','01','021','0019'),
 ('0000001392','ROCHA GALLARDO','LUIS','4966652','','02512517489','04163551134','rochaluis0@gmail.com','','001','001','BARQUISIMETO','','01','011','0022'),
 ('0000001393','NAJAS CAZZAC','ELIAS JOSE','3839262','','0414-3374759','0414-3374759','elianajas@cantv.net','','001','001','','','01','022','0026'),
 ('0000001394','GARCIAS','MARCOS','6146488','','04166367071','04166367071','camymar@cantv.net','','001','001','','','01','022','0027'),
 ('0000001395','ZAMBRANO','BEATRIZ','4033955','','0414-3246311','0414-3246311','zambrano.beatriz@hotmail.com','','001','001','','','01','022','0028'),
 ('0000001396','TOVAR','EDDA','3184034','','0416-2098307','0416-2098307','eddatovar@cantv.net','','001','001','','','01','022','0029'),
 ('0000001397','PALACIOS','JOSE MIGUEL','9282491','','0414-2776716','0414-2776716','jmpalaciosve@hotmail.com','','001','001','','','01','022','0030'),
 ('0000001398','RODRIGUEZ','RODOLFO','4116194','','0414-3208214','0414-3208214','rodolfo.jrq@hotmail.com','','001','001','','','01','022','0031'),
 ('0000001399','PASSARIELLO','EDUARDO','5224213','','0416-6231994','0416-6231994','epassariello@gmail.com','CLINICA AVILA','050','001','CARACAS','','01','013','0032'),
 ('0000001400','ESCALONA','ERIKA','7057802','','0414-3259187','0414-3259187','erikaescq@hotmail.com','SALUD CHACAO','050','001','CARACAS','','01','013','0033'),
 ('0000001401','BARAZARTE','JOSE','4929462','','0414-1231944','0414-1231944','barjose33@hotmail.com','','050','001','CLINICA AVILA','','01','013','0034'),
 ('0000001402','BRAVO','RITA','5883022','','0416-6311252','0416-6311252','ritabravo@yahoo.com','CTRO. ORTOPEDICO Y PODOLOGICO','050','001','CARACAS','','01','022','0035'),
 ('0000001403','LOBIG ','ADRIANA','5423346','','0414-3083217','0414-3083217','adrianalobig19@hotmail.com','SERV MEDICO UCV','050','001','CARACAS','','01','022','0036'),
 ('0000001404','DAUBETERRE','FE MARIA','3672799','','0414-2253953','0414-2253953','femaria04@hotmail.com','SERV MEDICO UCV','050','001','CARACAS','','01','022','0037'),
 ('0000001405','VELASQUEZ','ALFREDO','3248718','','0416-6281601','0416-6281601','alfre3248@cantv.net','CLINICA VISTA ALEGRE','050','001','CARACAS','','01','022','0038'),
 ('0000001406','MELENDEZ','ADOLFO','3414704','','0414-2566603','0414-2566603','adolfome@hotmail.com','IPASME','050','001','CARACAS','','01','022','0039'),
 ('0000001407','MARCHAN','MARIA','10534835','','0414-1291415','0414-1291415','mariamar89@hotmail.com','CLINICA RAZETTI','001','001','CARACAS','','01','022','0040'),
 ('0000001408','PEREZ','LICENCIO','635167','','04143202357','04143202357','vicenciopo@gmail.com','CLINICA LOIRA','001','001','CARACAS','','01','022','0041'),
 ('0000001409','CARDIER M ','MARISABEL','6280187','','04143289917','04143289917','marisabelcardier@cantv.net','INSTITUTO MEDICO LA FLORESTA','001','001','CARACAS','','01','013','0042'),
 ('0000001410','DE CASTRO','CARLOS ALBERTO','5310682','','04141120417','04141120417','cdecastro@cantv.net','SALUD CHACAO','050','001','CARACAS','','01','013','0043'),
 ('0000001411','GUERRERO','MARIA LOURDES','4485071','','0414-2454152','0414-2454152','docmarialourdes@gmail.com','IDET','001','001','CARACAS','','01','022','0044'),
 ('0000001412','COLMENARES','JEANETE','9432894','','0414-2410750','0414-2410750','jeaneteve@yahoo.com','CLINICA AVILA','001','001','CARACAS','','01','013','0045'),
 ('0000001413','ANTEPARA','NORKA','3508111','','0414-3278675','0414-3278675','norka.antepara@gmail.com','HOSPITAL CLINICA CARACAS','001','001','CARACAS','','01','022','0046'),
 ('0000001414','CASAL HEREDIA','HUMBERTO','1121930','','0414-3248110','0414-3248110','humbertocasal@gmail.com','HOSPITAL CLINICA CARACAS','001','001','CARACAS','','01','022','0047'),
 ('0000001415','PRINCS DE ORTIZ','CONCHITA','3726617','','04143349411','04143349411','conchitaprincz@hotmail.com','','001','001','CARACAS','','01','025','0048'),
 ('0000001416','BARRIOS','MARIA','8975782','','04249606192','04249606192','marialuzbarrios@hotmail.com','','001','001','PUERTO ORDAZ','','01','006','0049'),
 ('0000001417','SOSA','LUIS','7277649','','0414-3233553','0414-3233553','LUISOSA46@GMAIL.COM','','050','001','CARACAS','','01','022','10210'),
 ('0000001418','IZAQUIRRE','LEONARDO','7549640','','0414-2411181','0414-2411181','LEOIZA80@GMAIL.COM','','001','001','CARACAS','','01','025','35458'),
 ('0000001419','SEIJAS','JOSÉ ANDRES','1757916','','0412-3211286','0412-3211286','jaos@cantv.net','','001','001','Caracas','','01','025','111111'),
 ('0000001420','VARGAS','WILLIANS','5885094','','0412-6112649','0412-6112649','willfra1403@hotmail.com','','001','001','CARACAS','','01','025','0050'),
 ('0000001421','GOUVEIA','JOSE LUIS','5575790','','0414-3268089','0414-3268089','jlgouveiaz@cantv.net','','001','001','CARACAS','','01','025','0051'),
 ('0000001422','PLAJA','JOAQUIN JOSE','3177802','','0414-1291199','0414-1291199','ana.guevara.servier@gmail.com','','001','001','CARACAS','','01','025','0052'),
 ('0000001423','URDANETA','GONZALO','2766138','','0414-3145602','0414-3145602','jjgguu@gmail.com','','001','001','CARACAS','','01','025','0053'),
 ('0000001424','SAMPOL','CARLOS A.','5887092','','0414-3304513','0414-3304513','drheart@cantv.net','','001','001','CARACAS','','01','025','0054'),
 ('0000001425','ORTA','JORGE','476453','','0416-7135848','0416-7135848','jeol49@hotmail.com','','001','001','CARACAS','','01','025','0055'),
 ('0000001426','RAMIREZ','ORLANDO','2289103','','0414-2422332','0414-2422332','jorc10@yahoo.com','','001','001','CARACAS','','01','025','0056'),
 ('0000001427','ANDUJAR','JORGE','8933249','','0416-6284135','0416-6284135','jorgeandujar@hotmail.com','','001','001','CARACAS','','01','025','0057'),
 ('0000001428','CASTILLO','EGLEE','9828023','','0414-4189546','0414-4189546','-','','001','001','Valencia','','01','007','11'),
 ('0000001429','PEREZ','DANILO','2916581','','0414-5303566','0414-5303566','-','','001','001','CARORA','','01','025','12'),
 ('0000001430','OLMOS','LEOPOLDO','7543049','','0414-5605823','0414-5605823','-','','001','001','SAN FELIPE','','01','020','2JIP'),
 ('0000001431','LUGO','ADALBERTO','7694197','','0414-6374878','0414-6374878','-','','001','001','MARACAIBO','','01','021','HJD1'),
 ('0000001432','AMARISTA','FELIX','2766095','','0414-7927519','0414-7927519','-','','001','001','PORLAMAR','','01','015','nº2766095'),
 ('0000001433','RIVAS','LUIS','5198692','','0414-3455501','0414-3455501','LUISRIVAS225@HOTMAIL.COM','','001','001','CARACAS','','01','022','nº5198692'),
 ('0000001434','CHAZZIM','GERARDO','7004100','','0416-6480747','0416-6480747','GERARDOCHAZZIM@GMAIL.COM','','001','001','VALENCIA','','01','007','25780'),
 ('0000001435','HIDALGO USECHE','PEDRO','7827132','','0414-6255978','0414-6255978','PEDROHIDALGO@INTERCABLE.NET.VE','','001','001','MARACAIBO','','01','025','34600'),
 ('0000001436','RAMIREZ','BORIS','7237143','','0416-6296750','0416-6296750','borisricardo@yahoo.com','','001','001','CARACAS','','01','025','0060'),
 ('0000001437','ALMIRAL','ALEJANDRO','23162977','','04165154459','04165154459','alealmirall@hotmail.com','','001','001','BARQUISIMETO','','01','011','0061'),
 ('0000001438','ALVARADO','ARMANDO',' 3932063','','02122673344','04241407002','monica.disciullo@astrazeneca.com','','001','001','MARACAIBO','','01','021','10000'),
 ('0000001439','ALBORNOZ','LUDIS',' 5055644','','02122673344','414-6301133','LUDISA@AIMENT.COM','','001','001','MARACAIBO','','01','021','10001'),
 ('0000001440','CARRASQUERO','MARTIN',' 7867894','','02122673344','416-2523498','MARTIN19@CANTV.NET','','001','001','MARACAIBO','','01','021','10002'),
 ('0000001441','VELARDE','MARTIN',' 7,553,680','','02122673344','0424-615-89-50','martinvel19@hotmail.com','','001','001','MARACAIBO','','01','021','10003'),
 ('0000001442','ACOSTA','RAUL',' 4,519,720','','02122673344','0414-361-28-51','acostars@yahoo.com','','001','001','MARACAIBO','','01','021','10004'),
 ('0000001443','ORTIZ','FREDYS',' 7527382','','02122673344','424-6368252','FREDYSORTIZ@HOTMAIL.COM','','001','001','CORO','','01','010','10005'),
 ('0000001444','ORREGO','JORGE',' 1801348','','02122673344','414-6822477','N-T','','001','001','CORO','','01','010','10006'),
 ('0000001445','PIÑA RIVERO','ALIRIO JOSE',' 3776624','','02122673344','414-6066217','N-T','','001','001','MARACAIBO','','01','021','10007'),
 ('0000001446','IRIARTE GARCIA','JOSE LUIS',' 3931957','','02122673344','04241407002','joseliriarteg@hotmail.com','','001','001','MARACAIBO','','01','021','10008'),
 ('0000001447','SIERRA ','ESTEBAN ENRIQUE',' 1045208','','02122673344','414-5897451','N-T','','001','001','MARACAIBO','','01','021','10009'),
 ('0000001448','ROSAS','LUIS',' 3751255','','02122673344','0414-0828098','luis_h_rosas@hotmail.com','','001','001','VALERA','','01','012','10010'),
 ('0000001449','ALBARRACÍN','ANA',' 3073349','','02122673344','0276-3435358','draalbarracin@hotmail.com','','001','001','TACHIRA','','01','018','10011'),
 ('0000001450','DORANTE','RAFAEL',' 9545921','','02122673344','0416-3751185','doranterafael@hotmail.com','','001','001','TACHIRA','','01','018','10012'),
 ('0000001451','ALCEGA','SOFIA',' 9327814','','02122673344','414-7292864','414-7292864','','001','001','VALERA','','01','012','10013'),
 ('0000001452','ROJO','SANDRA',' 8045626','','02122673344','424-7172073','sandrarojom@hotmail.com','','001','001','MERIDA','','01','012','10014'),
 ('0000001453','SULBARAN ','RAFAEL',' 1203805','','02122673344','414-7291144','sulbaranquintero@hotmail.com','','001','001','VALERA','','01','012','10015'),
 ('0000001454','CHACÓN','JESÚS A.',' 9211149','','02122673344','414-7101100','armandochacon67@hotmail.com','','001','001','TACHIRA','','01','018','10016'),
 ('0000001455','ACOSTA','LUIS',' 6397562','','02122673344','416-6959049','loulobster@hotmail.com','','001','001','PORLAMAR','','01','015','10017'),
 ('0000001456','BAPTISTA','AMARILYS',' 7883692','','02122673344','414-8206171','amarilys.baptista@gmail.com','','001','001','CUMANA','','01','002','10018'),
 ('0000001457','BUCCE','ROSALI',' 1190484','','02122673344','04241407002','rosabuc@hotmail.com','','001','001','BARCELONA','','01','002','10019'),
 ('0000001458','RODRIGUEZ','EDITH',' 5696212','','02122673344','0414-2529483','edithisabel1960@yahoo.es','','001','001','CUMANA','','01','002','10020'),
 ('0000001459','WEHBE','KALED',' 1661756','','02122673344','414-3863676','N-T','','001','001','Puerto Ordaz','','01','006','10021'),
 ('0000001460','FIGARELLA','GILBERTO',' 8887900','','02122673344','414-8545652','gilfigarella@cantv.net','','001','001','Bolivar','','01','006','10022'),
 ('0000001461','MADRID','XIMENA',' 1057233','','02122673344','414-5251275','ximenamadrid@yahoo.com','','001','001','PTO.ORDAZ','','01','006','10023'),
 ('0000001462','CAMEJO','NABRUSKA',' 7736437','','02122673344','414-7651841','nabruskacamejo@gmail.com','','001','001','maturin','','01','014','10024'),
 ('0000001463','HENRIQUEZ','AGUSTIN',' 4456787 ','','02122673344','04143482672','N-T','','001','001','VALENCIA','','01','007','10025'),
 ('0000001464','DE ABREU','JOSE RICARDO',' 7189631','','02122673344','414-4556727','N-T','','001','001','CAGUA','','01','007','10026'),
 ('0000001465','CATALIOTI','FRANCO',' 4072182','','02122673344','416-8708935','N-T','','001','001','SAN JUAN DE LOS MORR','','01','024','10027'),
 ('0000001466','ORTEGA','ROSA MARIA',' 1018741','','02122673344','0424-4125050  ','N-T','','001','001','VALENCIA','','01','007','10028'),
 ('0000001467','ALFONZO','MANUEL FELIPE','2752074','','02122673344','416-6430414','N-T','','001','001','VALENCIA','','01','007','10029'),
 ('0000001468','GOMEZ','EDUARDO J.',' 4867903','','02122673344','414-4315118','N-T','','001','001','VALENCIA','','01','007','10030'),
 ('0000001469','PARADA','HENRY',' 3752540','','02122673344','414-5670049','hpf2@intercable.net.ve','','001','001','BARINAS','','01','005','10031'),
 ('0000001470','RAMIREZ','EBER',' 3403774','','02122673344','0251 2548011','hramirez@intercable.net.ve','','001','001','BARIQUISIMETO','','01','011','10032'),
 ('0000001471','LUNA','MARICARMEN',' 7415649','','02122673344','416-6504145','m_luna_c@yahoo.es','','001','001','BARQUISIMETO','','01','011','10033'),
 ('0000001472','INFANTE','EDUARDO',' 7323121','','02122673344','04166511450','einfantei001@hotmail.com','','001','001','BARQUISIMETO','','01','011','10034'),
 ('0000001473','REYES','JESUS',' 7507288','','02122673344','04166540164','jesusalejandro123@gmail.com','','001','001','SAN FELIPE','','01','011','10035'),
 ('0000001474','SUBERO','LUCIA',' 1300418','','02122673344','426-5133608','luciaksuberob@hotmail.com','','001','001','CARACAS','','01','013','10036'),
 ('0000001475','ARAB','GRACIELA',' 1240311','','02122673344','414-2194802','grace2977@hotmail.com','','001','001','CARACAS','','01','013','10037'),
 ('0000001476','GUTIERREZ','DANIEL',' 3364567','','02122673344','414-2504688','doctorbeisbol@gmail.com','','001','001','CARACAS','','01','013','10038'),
 ('0000001477','TALAVERA','OSCAR',' 4236612','','02122673344','N-T','talavera@cantv.net','','001','001','CARACAS','','01','013','10039'),
 ('0000001478','MORA','EDMUNDO',' 648003 ','','02122673344','414-3192215','edmundomora@cantv.net','','001','001','CARACAS','','01','013','10040'),
 ('0000001479','ALMEIDA','VICTOR',' 4115048','','02122673344','414-3230563','victoralmeida28@hotmail.com','','001','001','CARACAS','','01','013','10041'),
 ('0000001480','TORO','GLADYS',' 4365657','','02122673344','414-1296970','gttr17@gmail.com','','001','001','CARACAS','','01','013','10042'),
 ('0000001481','MATA','CARLOS',' 6964532','','02122673344','416-6307508','cardiologiadda@gmail.com','','001','001','CARACAS','','01','013','10043'),
 ('0000001482','SOJO','JAVIER',' 1009599','','02122673344','416-6392528','sojosojo@gmail.com','','001','001','CARACAS','','01','013','10044'),
 ('0000001483','PEREZ PADILLA','GLADYS',' 7909636','','02122673344','414-1347119','yoleibaperez@hotmail.com','','001','001','CARACAS','','01','013','10045'),
 ('0000001484','ZAMBRANO','BEATRIZ',' 4033955','','212-9432777','n-t','zambrano.beatriz@hotmail.com','','001','001','caracas','','01','013','10046'),
 ('0000001485','ARRIA','ARRIA',' 2154056','','02122673344','414-1950516','n-t','','001','001','caracas','','01','013','10047'),
 ('0000001486','MAYORGA','JULIAN',' 1479669','','02122673344','416-6209895','N-T','','001','001','caracas','','01','013','10048'),
 ('0000001487','SIRIT','ULISES',' 2786572','','02122673344','414-2603816','drulisessirit@yahoo.com','','001','001','caracas','','01','013','10049'),
 ('0000001488','COLLET','HENRY',' 4085067','','02122673344','0414.210.05.23','henrycollet@urv-collet.com','','001','001','CARACAS','','01','013','10050'),
 ('0000001489','OTERO','KARIN',' 5005973','','0212.276.27.33','N-T','kotero@umiavila.com','','001','001','CARACAS','','01','013','10051'),
 ('0000001490','MUÑOZ','FELIPE',' 1725108','','0212.362.01.90','n-t','femudo@gmail.com','','001','001','caracas','','01','013','10052'),
 ('0000001491','GONCALVEZ','NACARY',' 1308891','','02122673344','0412.327.43.89','nacary1105@hotmail.com','','001','001','CARACAS','','01','013','10053'),
 ('0000001492','VEGLIANTE','DENISE',' 2979393','','02122673344','0416.628.34.57','denisevegliante@hotmail.com','','001','001','caracas','','01','013','10054'),
 ('0000001493','AZUAJE','OLGA',' 8553884','','02122673344','0424.136.36.16','oba61@hotmail.com','','001','001','caracas','','01','013','10055'),
 ('0000001494','TOVAR','SIMON',' 5272161','','02122673344','N-T','N-T','','001','001','CARACAS','','01','013','10056'),
 ('0000001495','COLMENAREZ','ARISTIDES','10116536','','02122673344','0414/3027025','arisleonar@gmail.com','','001','001','CARACAS','','01','013','10057'),
 ('0000001496','MORENO','YASMIN','13592270','','02122673344','0424/2650525','yasminamr@gamil.com','','001','001','caracas','','01','013','10058'),
 ('0000001497','CATALDO','MARIA TERESA','6135441','','02122673344','0416-6245715',' mariatcataldoo@gmail.com','','001','001','CARACAS','','01','013','10059'),
 ('0000001498','CASTILLO','GUSTAVO','4461053','','04144119564','04144119564','gustavocastillo@hotmail.com','','001','001','Valencia','','01','025','*4461053'),
 ('0000001499','BORZELLINO','DIEGO','7355567','','0414-3511499','0414-3511499','dborzellino@cantv.net','','001','001','Barquisimeto','','01','025','*7355567'),
 ('0000001500','MANDASEN','YOSEIDA','11418087','','04249249751','04249249751','joseidams8@hotmail.com','','006','001','CIUDAD BOLIVAR','','04','006',''),
 ('0000001501','RODRIGUEZ','YBRAHIM',' 5470852','','02122673344','424-4998389','N-T','','001','001','VALENCIA','','01','007','10060'),
 ('0000001502','CIRCELLI LOBOS','MARIA',' 5444907','','02122673344','412-5382175','N-T','','001','001','VALENCIA','','01','007','10061'),
 ('0000001503','ARIAS CASTELLANOS','JOSÉ',' 6466434','','02122673344','0412 2447677 ','jgac2203@gmail.com','','001','001','CARACAS','','01','013','10062'),
 ('0000001504','ANTEPARA','NORKA',' 3508111','','02122673344','0414.327.86.75 ','norkantepara@gmail.com','','001','001','CARACAS','','01','013','10063'),
 ('0000001505','CARRERA','CARLOS','5429696 ','','02122673344','n-t','n-t','','001','001','Caracas','','01','013','10064'),
 ('0000001506','ALVAREZ CALLES','ADRIANA CAROLINA','18530359','','02124835042','04143032575','adrian_alvarez15@hotmail.com','','007','001','CARACAS','','03','022',''),
 ('0000001507','AGUILAR ','ELIBETH','12397677','','02122669622','02122669622','mercedes.guedez@vem.com.ve','','004','001','CARACAS','','03','022',''),
 ('0000001508','BERMÚDEZ','ANDRES ','9219761','','0414-1770810','0414-1770810','aber640@gamil.com','','001','001','Mérida','','01','025','*9219761'),
 ('0000001509','RODRIGUEZ GUERRA','FRANCISCO JAVIER','17633791','','04166851020','04166851020','franciscorg@msn.com','HULA MERIDA','004','001','MERIDA','','01','012',''),
 ('0000001510','MONTILLA','JORGE LUIS','7645659','','0414-7237754','0414-7237754','jolumon_@hotmail.com','','051','001','VALERA','','01','025','39255'),
 ('0000001511','CONTRERAS ','JOSE LEONARDO ','933875','','0414-1573299','0414-1573299','-','','001','001','SAN CRISTOBAL','','01','025','*933875'),
 ('0000001512','NAIM','BRAJIM ','3859631','','0414-5335785','0414-5335785','brajim@hotmail.com','','001','001','Barquisimeto','','01','025','15155'),
 ('0000001513','SULBRAN','MANUEL ','8901362','','0416-6608844','0416-6608844','manuels42@hotmail.com','','001','001','MARACAIBO','','01','021','*8901362'),
 ('0000001514','DEL VALLE','OSCAR ','4135147','','0414-3400918','0414-3400918','oscardelvallehalabi@hotmail.com','','001','001','VALENCIA','','01','007','13.657'),
 ('0000001515','CIRCELLI','MARIA CARMELINA ','5444907','','4125382175','4125382175','mari.circe@hotmail.com','','001','001','Pto.Cabello','','01','007','30355'),
 ('0000001516','ARCAY BAQUERO','MIGUEL ','3585355','','4144371605','4144371605','-','','001','001','Valencia','','01','007','18915'),
 ('0000001517','DE PABLOS','LENNY ','12996778','','0416-7406157','0416-7406157','lenny2178@hotmail.com','','050','001','Valencia','','01','025','62322'),
 ('0000001518','REIGOSA','JORGE ','7014858','','4144990225','4144990225','giorgioreigosa@gmail.com','','050','001','Valencia','','01','007','31175'),
 ('0000001519','BARROSO','ANA ','8352014','','4167484975','4167484975','anabarrosot@yahoo.es','','050','001','Valencia','','01','007','43074'),
 ('0000001520',' FERNANDEZ','JUAN','13824507','','04169275914','04169275914','juan95@hotmail.com','','050','001','Caracas','','01','025','25724'),
 ('0000001521','HUNG','ROSMARI ','10790553','','0426-9100096','0426-9100096','-','','050','001','CARACAS','','01','025','56070'),
 ('0000001522','LIENDO','VERONICA ','6522118','','0416 618 21 26','0416 618 21 26','vlomed@cantv.net','','050','001','Caracas','','01','025','26885'),
 ('0000001523','YANEZ','MARCOS ','5018255','','0414-337-23-13','0414-337-23-13','-','','001','001','caracas','','01','025','28530'),
 ('0000001524','LLAVANERA','MARIELA ','6113963','','-','-','-','','050','001','GUARENAS','','01','025','43152'),
 ('0000001525','SHEURMANN','GOURI ','16045242','','0414 208 81 71','0414 208 81 71','-','','050','001','CARACAS','','01','025','76606'),
 ('0000001526','ROJAS','BELEN ','6250610','','0412.572.29.34','0412.572.29.34','belenlrp@hotmail.com','','050','001','Caracas','','01','025','25893'),
 ('0000001527','MONSALVE','FANNY ','6324807','','0414 285 83 57','0414 285 83 57','-','','050','001','caracas','','01','025','40857'),
 ('0000001528','HERNANDEZ','KETHY ','4974433','','0416 637 12 72','0416 637 12 72','-','','050','001','Caracas','','01','025','32493'),
 ('0000001529','GALLARDO','YAJAIRA ','7300762','','04241672976','04241672976','yaigallardo@yahoo.com','','050','001','Caracas','','01','025','34399'),
 ('0000001530','MAYORA','ELEISA ','5617001','','0416-6235903','0416-6235903','elesmon@hotmail.com','','001','001','Los teques','','01','025','26910'),
 ('0000001531','MAYORCA','HILDEMAR ','2940884','','0412-6235903','0412-6235903','elesmon@hotmail.com','','050','001','Los Teques','','01','025','10443'),
 ('0000001532','SANCHEZ','RUTH ','10877773','','0416-8006062','0416-8006062','ruthsanchezri@hotmail.com','','050','001','Caracas','','01','025','54288'),
 ('0000001533','OCANDO','RIMALI ','10378414','','0416-6206379','0416-6206379','roamdes@hotmail.com','','050','001','Caracas','','01','025','53162'),
 ('0000001534','SIVIRA','PEDRO ','10478089','','0416-6114011','0416-6114011','fostnrsivira@hotmail.com','','050','001','Caracas','','01','025','56244'),
 ('0000001535','ALVAREZ','MIDDI ','7563305','','0412-2647081','0412-2647081','-','','050','001','Caracas','','01','025','57845'),
 ('0000001536','HERNÁNDEZ','ALEXANDER ','10378976','','0414-2552814','0414-2552814','-','','001','001','Caracas','','01','025','49141'),
 ('0000001537','GIMENEZ','LUIS ','14165774','','0414-2202713','0414-2202713','drlegb@gmail.com','','050','001','Caracas','','01','025','66227'),
 ('0000001538','HERNÁNDEZ','ESTILVIA ','7097065','','0424-1303536','0424-1303536','estilvilla@hotmail.com','','050','001','Caracas','','01','025','45142'),
 ('0000001539','SOSA','CARMEN ','8667504','','0414-2167230','0414-2167230','krmensosa@hotmail.com','','050','001','Caracas','','01','025','54550'),
 ('0000001540','MONTESINOS','YURUANY ','5220256','','0414-1056048','0414-1056048','ydcmontesinos@hotmail.com','','050','001','CARACAS','','01','025','27051'),
 ('0000001541','PEÑUELA','TULIO ','9344530','','0414-1570304','0414-1570304','tulio1425@yahoo.com','','001','001','Caracas','','01','025','62900'),
 ('0000001542','SALAZAR','VIRGINIA ','6820047','','0414-3363634','0414-3363634','vass68@hotmail.com','','050','001','Caracas','','01','025','37434'),
 ('0000001543','MARCANO','RIGOBERTO ','6928764','','0412-2555522','0412-2555522','rigobertomarcano@hotmail.com','','001','001','Caracas','','01','025','39098'),
 ('0000001544','GUEDEZ','HEMBER ','5960231','','0416-6257027','0416-6257027','emberguedez@gmail.com','','001','001','Caracas','','01','025','60281'),
 ('0000001545','DA COSTA','NESTOR','6052822','','0414-1309191','0414-1309191','-','','001','001','Caracas','','01','025','30638'),
 ('0000001546','GIMENEZ','PEDRO ','5247398','','0414-2303437','0414-2303437','-','','050','001','Caracas','','01','025','28161'),
 ('0000001547','MENDEZ','LISBETH ','13523225','','0426-9105200','0426-9105200','-','','001','001','Caracas','','01','025','67988'),
 ('0000001548','ESTRADA','DARLENE ','12037693','','0414-0228706','0414-0228706','-','','001','001','CARACAS','','01','025','*12037693'),
 ('0000001549','GONCALVEZ','YOSSELIN ','14097746','','0414-2030009','0414-2030009','-','','001','001','CARACAS','','01','025','*14097746'),
 ('0000001550','PULGAR','TULIO ','11805736','','0416-6214854','0416-6214854','tpulgar@hotmail.com','','001','001','caracas','','01','025','60608'),
 ('0000001551','RANGEL','ROSA ','8797243','','0416-7222531','0416-7222531','-','','001','001','CARACAS','','01','025','43545'),
 ('0000001552','GONZALEZ','HILARION ','8490940','','0416-6821242','0416-6821242','hilarion_gonzalez@hotmail.com','','050','001','Anaco','','01','025','36762'),
 ('0000001553','MOISES ','RONA ','8908905','','0414-8964677','0414-8964677','ronamb@cantv.net','','050','001','Pto. Ordaz','','01','025','41783'),
 ('0000001554','MARIN','CARLOS ','8942517','','0426-3952566','0426-3952566','-','','050','001','PTO. ORDAZ','','01','025','42301'),
 ('0000001555','CALDERON','PATRICIA ','15372136','','0426-5942774','0426-5942774','patqialexcv@hotmail.com','','006','001','BOLiVAR','','04','025','68507'),
 ('0000001556','MARQUEZ HURTADO','PILAR ','14769146','','0416-3901017','0416-3901017','pilarmh@hotmail.com','','006','001','BOLIVAR','','04','025','68338'),
 ('0000001557','JIMENEZ','ALVARO ','11165916','','0414-3278675','0414-3278675','aljimbn@yahoo.com','','001','001','Caracas','','01','025','53796'),
 ('0000001558','TRUJILLO','JORGE','3663763','','0414-3175199','0414-3175199','-','','001','001','Caracas','','01','025','10849'),
 ('0000001559','LA CRUZ','LUIS ','6025725','','0412-2928717','0412-2928717','luislacruz@gmail.com','','050','001','Caracas','','01','025','30332'),
 ('0000001560','RODRIGUEZ','FRED ','6364903','','0416-7211620','0416-7211620','-','','050','001','Caracas','','01','025','15108'),
 ('0000001561','RODRIGUEZ','LUIS','4252393','','02124613821','04141077108','lrodriguez@biogalenic.com.ve','Biogalenic','001','001','CARACAS','','01','022','18798'),
 ('0000001562','VELOSO','MAURICIO','12459954','','02124613821','04265362896','mveloso@biogalenic.com.ve','Biogalenic','001','001','Caracas','','01','022','66974221'),
 ('0000001563','MATHEUS ','HECTOR','741848','','4146354325','4146354325','hmatheus2002@yahoo.es','','001','001','','','01','010','6342'),
 ('0000001564','HERNANDEZ','ADRIANA','7951499','','02124613821','04142488825','ahernandez@biogalenic.com.ve','','001','001','Caracas','','01','022','-'),
 ('0000001565','URBANO ','CARLOS','5483391','','4166834381','4166834381','urbanocd@pdvsa.com','','001','001','El Tigre','','01','002','23241'),
 ('0000001566','RIVERO','GILBETO','3711357','','02124613821','04265362903','grivero@biogalenic.com.ve','','001','001','Caracas','','01','022','-'),
 ('0000001567','ALFONZO','JACKELINE','5172078','','4147290252','4147290252','jackeline_alfonzo@hotmail.com','','001','001','Valera','','01','025','25274'),
 ('0000001568','HUNG','ANTONIO','7627115','','xx','xx','hungmerida@hotmail.com','','001','001','','','01','012','33745'),
 ('0000001569','ARMAS ','BARBARA','7333836','','4145128702','4145128702','barbara.armas@hotmail.com','','001','001','Carora','','01','025','34397'),
 ('0000001570','MORENO','MARCOS','8023781','','4164411616','4164411616','marcos_moreno6@hotmail.com','','001','001','Valencia','','01','025','39524'),
 ('0000001571','MARQUEZ ','ALEJANDRO','11742696','','4167058536','4167058536','amarquezr@gmail.com','','001','001','CARACAS','','01','025','58929'),
 ('0000001572','MONTILLA','ALVARO','1442193','','4142434344','4142434344','montillalvaro@gmail.com','','001','001','CARACAS','','01','025','13297'),
 ('0000001573','PACHECO','SAMANTHA','12293554','','02122078846','04142443961','samypacheco@gmail.com','','007','001','Caracas','','03','013',''),
 ('0000001574','RUIZ CASTELLÓN','MARIANELA','1261132','1261132','02122078846','04143076483','mruizcastellon@yahoo.es','','001','001','Caracas','','01','013','1261132'),
 ('0000001575','OROPEZA','MARIA TERESA','5475329','','4142960343','4142960343','Atencionmedicamtoca@gmail.com ','','001','001','','','01','025','24932'),
 ('0000001576','HERNANDEZ','EDDY BENITO','3744536','','4265611921','4265611921','eddybenitoh@gmail.com ','','001','001','','','01','025','14352'),
 ('0000001577','PULIDO','TIBAYRE','14333205','','0414-7466987','0414-7466987','tibayreelena@gmail.com','HULA','006','001','MERIDA','','04','012','XXXX'),
 ('0000001578','MINDIOLA','NERVIS','15702878','','0414-6997853','0414-6997853','dramemy@hotmail.com','HULA','012','001','MERIDA','','01','012','XXXXX'),
 ('0000001579','NUCCIO','JOSE CARMELO','14969628','','0414-8539375','0414-8539375','josecar2000@hotmail.com','HULA','006','001','MERIDA','','04','012','XXXXXX'),
 ('0000001580','GUEVARA GONZALEZ','MARY LUZ','8759719','','02392181621','04164950488','mlmachillanda@cantv.net','Hosp. Universitario de Caracas','007','001','SANTA LUCIA','','01','013',''),
 ('0000001581','RODRÍGUEZ','LIGIA','7981390','','02122108340','04167545358','ligiaelvirarodriguez@hotmail.com','','001','001','Barquisimeto','','01','025','46047'),
 ('0000001582','VÁSQUEZ','JORGE','5767876','','02122108340','04143356239','jorgevasquezmorales@gmail.com','','012','001','Caracas','','01','025','40919'),
 ('0000001583','MARROCO','LORETTA','9755901','','02122108340','04146376812','marrocoloretta@hotmail.com','','012','001','Caracas','','01','025','49648'),
 ('0000001584','BOLÍVAR','OSWALDO','7073195','','02122108340','04167050857','eglee.ojeda@sandoz.com','','012','001','Caracas','','01','025','65197'),
 ('0000001585','MEDINA','MARÍA JOSÉ','7739751','','02122108340','04126202151','eglee.ojeda@sandoz.com','','012','001','Caracas','','01','025','75452'),
 ('0000001586','SANSON','RICARDO','7893542','','02122108340','04166270920','rcksanson2005@hotmail.com','','001','001','Caracas','','01','025','24179'),
 ('0000001587','RANGEL','JUDITH','6185093','','02122108340','04141717370','judithrang@hotmail.com','','012','001','Caracas','','01','025','57508'),
 ('0000001588','ESPINOZA','GUSTAVO','9810760','','02122108340','04143362554','gustavo.espinoza@gmail.com','','001','001','Caracas','','01','025','12643'),
 ('0000001589','CABRERA','MARELYSSE','5450631','','02122108340','04166740632','marelyssecabrera@yahoo.com','','012','001','Caracas','','01','025','26311'),
 ('0000001590','DE CALISTRI','MANOLY ','10101699','','0416-6762392','0416-6762392','manolycal@hotmail.com','','050','001','-','','01','025','18456'),
 ('0000001591','ARROYO','JUAN','9882033','','02122108340','04166333420','juanmariaarroyo@cantv.net','','012','001','Caracas','','01','025','50631'),
 ('0000001592','SUN PHARMA 1','SUN PHARMA 1','10380204','','02129793631','04241156893','mespinoza1011@gmail.com','Caracas','006','001','Caracas','','04','025',''),
 ('0000001593','MAESTRE','MABEL','10940907','','04123107502','04123107502','mmaestre@cantv.net','','001','001','','','01','014','0001'),
 ('0000001594','NAZZOURE ','MAYIDA','8924390','','04123107502','04123107502','MNAZZOURE@CANTV.NET','','001','001','','','01','014','0102'),
 ('0000001595','PARRA','RAFAEL','10053048','','04123107502','04123107502','RAPARRA@CANTV.NET','','001','001','GUANARE','','01','016','0103'),
 ('0000001596','MANJAREZ ','CESAR','8047875','','04123107502','04123107502','CMANJAREZ@CANTV.NET','','001','001','EL VIGIA','','01','025','0104'),
 ('0000001597','ARRIECHE','JOSE SEGUNDO','3536179','','04123107502','04123107502','jarrieche@cantv.net','','001','001','BARQUISIMETO','','01','025','0105'),
 ('0000001598','PADRON','JUAN CARLOS','8958626','','04123107502','04123107502','JPADRON@CANTV.NET','','001','001','PUERTO ORDAZ','','01','025','0106'),
 ('0000001599','LICCIONI','GUSTAVO','4220510','','02812762906','04148060067','LICCIONI@CANTV.NET','','001','001','PUERTO LA CRUZ','','01','002','28667'),
 ('0000001600','ACUÑA','JOSE GREGORIO','8400329','','04123107502','04123107502','JACUÑA@CANTV.NET','','001','001','PUERTO LA CRUZ','','01','025','46543'),
 ('0000001601','ROJAS','JOSE MANUEL','15529324','','02122108340','04244283361','ROJASJOSEM@CANTV.NET','','001','001','VALENCIA','','01','025','69488'),
 ('0000001602','DELGADO ','REINA ','6990693','','04147088408','04147088408','reindadelgadom70@hotmail.com','','001','001','San Cristobal ','','01','018','51031'),
 ('0000001603','VELASCO ','JUAN NIKOLAY','13735399','','04147399630','04147399630 ','k3nva@yahoo.com','','001','001','San Cristobal ','','01','018','60458'),
 ('0000001604','ARVELAIZ BALZA ','MARITZA EVELING','12897283','','04140926760','04140926760','maritzaeveling@hotmail.com','','001','001','LECHERIAS','','01','025','59861'),
 ('0000001605','FLORES','YRIS','7366138','','02127816879','4143526191','yrisf@hotmail.com','ASCARDIO','001','001','BARQUISIMETO','','01','011','50032'),
 ('0000001606','GUTIERREZ SANCHEZ','XIOMARA EMILIA','5291801','','0416-0691454','0416-0691454','xiogutierrez@hotmail.com','CENTRO MEDICO DE OCCIDENTE','001','001','MARACAIBO','','01','021','30818'),
 ('0000001607','YEPEZ DE DELGADO','NORAIMA JOSEFINA','3878489','','0416-6506984','0416-6506984','noraimayepez@hotmail.com','CENTRO CLINICO MARCIAL DE LOS RIOS','001','001','BARQUISIMETO','','01','011','26040'),
 ('0000001608','FEO','ALEJANDRO','3751932','','0414 1210855','0414 212 08 55','cmljefedeemergencia@cantv.net','Clínica Loira','001','001','Caracas','','01','022','23768'),
 ('0000001609','NIEVES CARRASCO','TEODULO RAFAEL','10765420','','0414-5260791','0414-5260791','teonieves@hotmail.com','','012','001','EL TOCUYO','','01','011','55761'),
 ('0000001610','ALCALA','CLAUDIA','11175227','','0416-8842941','0416-8842941','roalcala72@hotmail.com','C.M. TOTAL PISO 1','001','001','PUERTO LA CRUZ','','01','002','5010'),
 ('0000001611','HURTADO','ISOLINA','7656720','','0414-7851411','0414-7851411','isolina720@cantve.net','GRUPO MEDICO SAGRAFRAN','001','001','PUERTO LA CRUZ','','01','002','5223'),
 ('0000001612','VELAZQUEZ',' ISABEL D.','8324452','','0416-780.38.89','0416-780.38.89','draisavelasquez@hotmail.com','IPASME','001','001','BARCELONA','','01','002','48588'),
 ('0000001613','CHANG CHENG','LUIS FRANCISCO','4509628','','0212-9764900','0212-9764900','DR@DRREDDYS.COM','POLICLINICA CARONI','012','001','CARACAS','','01','022','0023802'),
 ('0000001614','TRUJILLO MANTELLIN','JORGE L','3663753','','02129764900','02129764900','DR@DRREDDYS.COM','CLINICA POPULAR DE CATIA','001','001','CARACAS','','01','022','0015844'),
 ('0000001615','MAESTRE M','JESUS','6106133','','02129764900','02129764900','DR@DRREDDYS.COM','VAV PAEZ FRENTE A MAC DONALS EL PARAISO','001','001','CARACAS','','01','022','37333'),
 ('0000001616','MILLAN CUETO','ANGEL JOSE','2883423','','02129764900','02129764900','DR@DRREDDYS.COM','CLINICA VISTALEGRE','001','001','CARACAS','','01','022','0008748'),
 ('0000001617','CARPIO LUJAN','PABLO JOSE','3820929','','0212 9764900','0212 9764900','DR@DRREDDYS.COM','CLINICA GLAMAR MACUTO','012','001','CARACAS','','01','022','0016696'),
 ('0000001618','ALFARO ARISMENDI','JORGE ELIESER','613365','','02129764900','02129764900','DR@DRREDDYS.COM','CLINICA ALFA MAIQUETÍA','001','001','MAIQUETIA','','01','022','0012857'),
 ('0000001619','CORTES','HENRY','6332881','','02129764900','02129764900','DR@DRREDDYS.COM','IPASME LA GUAIRA','001','001','MAIQUETIA','','01','022','6.332.881'),
 ('0000001620','JIMENEZ','GUSTAVO','5381435','','02129764900','02129764900','DR@DRREDDYS.COM','LA GUAIRA','001','001','LA GUAIRA','','01','022','30094'),
 ('0000001621','PEREIRA','NIURKA','958963','','02122673344','04241407002','niurkapereira@yahoo.com, ','','001','001','CARACAS','','01','025','47021'),
 ('0000001622','MORENO','JOEL','8003774','','04166933217','04166933217','joelmoreno@cantv.net','','001','001','','','01','017','1234'),
 ('0000001623','MARRERO','CARLOS','12400632','','02812863911','04148063558','cammpe@gmail.com','','001','001','BARCELONA','','01','002','1235'),
 ('0000001624','SANCHEZ','MARIA VIRGINIA','16410692','','04247040039','04247040039','vickylla@hotmail.com','','006','001','','','04','025',''),
 ('0000001626','ACUÑA','CLAUDIA','14200114','','04265188287','04265188287','gloriamarina.alvarez.ag@bayer-ag.de','','012','001','CARACAS','','01','022','12348'),
 ('0000001627','RAMIREZ','ORIANA','16971894','','04241523398','04241523398','loriamarina.alvarez.ga@bayer-ag.de','','012','001','CARACAS','','01','022','1239'),
 ('0000001628','RODRIGUEZ','FRANCISCO','123456','','04129252852','04129252852','gloriamarina.alvarez.ga@bayer-ag.de','LEOPOLDO AGUERREVERE','012','001','CARACAS','','01','022','9123'),
 ('0000001629','RAMIEREZ','JOHNNY','6053562','','04129782907','04129782907','gloriamarina.alvarez.ga@bayer-ag.de','TORRRE MEDICA TERRA','001','001','CARACAS','','01','013','9234'),
 ('0000001630','FERNANDEZ','LUIS','2948046','','04163090667','04163090667','gloriamarina.alvarez.ga@bayer-ag.de','CABISOFAC','001','001','CARACAS','','01','022','93456'),
 ('0000001631','ASPEN 3','ASPEN 3','10380201','','212 979 3631','0424 115 68 93','mespinoza1011@gmail.com','','050','001','Caracas','','01','025','0000005'),
 ('0000001632','SUNPHARMA 5','SUN PHARMA 5','0010001000','','0212 979 3631','0424 115 68 93','mespinoza1011@gmail.com','','051','001','','','01','025','000000007'),
 ('0000001633','SUN PHARMA 7','SUN PHARMA 7','000000006','000000009','0212-979 3631','0424 115 68 93','mespinoza1011@gmail.com','','006','001','Caracas','','04','025','00000008'),
 ('0000001634','BERBIN MUÑOZ','ROSDELY DEL CARMEN','19743257','','04128549417','04128549417','rosdely2002@hotmail.com','','004','001','PUERTO CABELLO','','03','007',''),
 ('0000001635','PEREZ ','ELIZABETH','10334564','','04142810484','04142810484','elipesen@gamil.com','','050','001','Caracas','','01','025','00564'),
 ('0000001636','PERDOMO','MARIA MILAGROS','3632456','','04143325877','04143325877','perdomo.maria@hotmail.com','','050','001','Caracas','','01','025','00456'),
 ('0000001637','PERDOMO','PEDRO','13941779','','02122619508','02122619508','pgmadical@cantv.net','','050','001','Caracas','','01','025','00779'),
 ('0000001638','DE HERNANDEZ','MA. IGNACIA','3174020','','04143016797','04143016797','mariaignaciah@cantv.net','','001','001','caracas','','01','025','00317'),
 ('0000001639','QUINTERO','CARLOS','8678822','','04143802086','04143802086','carlosquintero@hotmail.com','','012','001','Caracas','','01','025','822'),
 ('0000001640','ALFARO','JORGE','641365','','04143224205','04143224205','cardioalfaro-arismendiqhotmail.com','','001','001','Caracas','','01','025','365'),
 ('0000001641','OSPINO','NESTOR','18202601','','04241806147','04241806147','nestorospino90@hotmail.com','','001','001','Caracas','','01','025','601'),
 ('0000001642','ZAGHLOUL','HANNA','8321848','','04148205320','04148205320','zaghloul@cantv.net','','001','001','Barcelona','','01','025','848'),
 ('0000001643','BRICEÑO','CECILIA','5350301','','02122352821','04242737579','gloriamarina.alvarez.ga@bayer-ag.de','','012','001','','','01','025','9874'),
 ('0000001644','TINEDO','MIRYANETH','7401201','','04241078456','04241078456','miryanethtinedo@hotmail.com','','001','001','Barquisimeto','','01','011','740'),
 ('0000001645','SIRIT','SORAYA','5585177','','04123107502','04123107502','SSIRIT@CANTV.NET','','001','001','PUNTO FIJO','','01','025','0110'),
 ('0000001646','VERA','LIGIA','10868955','','0412 970 10 71','0412 970 10 71','veraligia@hotmail.com','Caracas','001','001','Caracas','','01','022','50554'),
 ('0000001647','GONZALÉZ','ADOLFO','70773737','','0412 236 37 33','0412 236 37 33','bigcayman@gmail.com','Caracas','012','001','Caracas','','01','022','43043'),
 ('0000001648','GÓMEZ','IRAIDA','7106606','','0414 217 58 08','0414 217 58 08','igomez@yahoo.com','Caracas','001','001','Caracas','','01','022','54971'),
 ('0000001649','PARRA FINOL','ALEXANDER','4741301','','0414 366 97 13','0414 366 97 13','parrafinol@gmail.com','Caracas','001','001','Caracas','','01','025','19286'),
 ('0000001650','MAR DOMINGO ','ILSE','6545653','','0416 633 18 10','0416 633 18 10','marcodomingo@cantv.net','Caracas','012','001','Caracas','','01','022','26835'),
 ('0000001651','CROQUER','FRANCISCO','2960195','','0414 321 08 18','0414 321 08 18','croquer@telcel.net.ve','Clínica Atias','012','001','Caracas','','01','022','8031'),
 ('0000001652','ANEZ','MANUEL ANTONIO ','8399890','','04168955452','06168955452','manuel_anez_marcano@hotmail.com','','001','001','Porlamar ','','01','025','36247'),
 ('0000001653','TOMASSI ','JESUS FELIX','10047852','','04141068647','04141068647','jftomasi@hotmail.com','','009','001','PUERTO ORDAZ','','01','006','50698'),
 ('0000001654','VIDAL','JUAN JOSE','10334133','','02869550337','04247545135','drjuanvidal@gmail.com','','009','001','PUERTO ORDAZ','','01','006','57435'),
 ('0000001655','GOMEZ','JESUS ALFONSO','15640942','','02129035435','02129035438','compras2@biotech.com.ve','','001','001','MERIDA','','01','012','6543'),
 ('0000001656','VALENCIA VERA','JOHANNA','42142741','','02129035435','02129035438','compras2@biotech.com.ve','','001','001','MERIDA','','01','012','6542'),
 ('0000001657','MAYORGA ','JUAN CARLOS','15654626','','02129035435','02129035438','compras2@biotech.com.ve','','001','001','MERIDA','','01','012','6541'),
 ('0000001658','BARRERO','CARLOS','33333333','','0212633060','0212633060','info@sac.org.ar','','001','010','BUENOS AIRES','','01','025','33333333'),
 ('0000001659','URINA TRIANA','MANUEL','444444444','','02122633060','02122633060','asispresidencia@scc.org.co','','001','037','BOGOTA','','01','025','4444'),
 ('0000001660','LANAS ZANETTI','FERNANDO','6666666','','02122633060','02122633060','flanas@ufro.cl','','001','035','TOMUCO','','01','025','6666666'),
 ('0000001661','RUIZ MORI','ENRIQUE','7777777','','02122633060','02122633060','peru@sopecard.org','','001','126','LIMA','','01','025','7777777'),
 ('0000001662','MACIAS CORNEJO','WASHINGTON RICARDO','8888888','','02122633060','02122633060','wasegjjr@hotmail.com','','001','047','PORTO VIEJO','','01','025','8888888'),
 ('0000001663','LAYERLE','BERNARDO','9999999','','02122633060','02122633060','SUC@ADINEET.COM.UY','','001','164','MONTEVIDEO','','01','025','9999999'),
 ('0000001664','ROJAS DURE','VICTOR','11111111','','02122633060','02122633060','secretariacardio@spc.org.py','','001','125','LA ASUNCION','','01','025','11111111'),
 ('0000001665','MACAYA MIGUEL','CARLOS','AB879377','AB879377','02122633060','02122633060','cmacaya.hcsc@salud.madrid.org','','001','173','LERIDA','','01','025','AB879377'),
 ('0000001666','GONZALEZ MORENO','JUAN BAUTISTA','15798943','15798943','02122633060','02122633060','gonzalezmorenojuan@sscardio.org','','001','164','MONTEVIDEO','','01','025','15798943'),
 ('0000001667','DONES','WISTREMUNDO','1333333','215155642','02122633060','02122633060','wistre@hotmail.com','','001','129','SAN JUAN','','01','025','1333333'),
 ('0000001668','PIÑEIRO','DANIEL JOSE','7837729M','7837729M','02122633060','02122633060','djpineiro@gmail.com','','001','010','BUENOS AIRES','','01','025','7837729M'),
 ('0000001669','PALACIOS URDANETA','IGOR','2111583','2111583','0016177268424','0017817298761','ipalacios@partners.org','','001','051','MASACHUSSETS','','01','025','2111583'),
 ('0000001670','NAEIJE','ROBERT','2444444','2444444','02122633060','02122633060','rnaeije@pop.ulb.ac.be','','001','018','BRUSELAS','','01','025','2444444'),
 ('0000001671','MARTINEZ SANCHEZ','CARLOS','3444444','3444444','02122633060','02122633060','carlos.martinez@cardiologia.mx','','001','109','CIUDAD DE MEXICO','','01','025','3444444'),
 ('0000001672','PEÑA DUQUE','MARCO','51111111','511111111','02122633060','02122633060','marco-penmar@cardiologia.org.mx','','001','109','CIUDAD DE MEXICO','','01','025','51111111'),
 ('0000001673','BARRAGAN','RODOLFO','6555555','6555555','02122633060','02122633060','rodobar@yahoo,com','','001','109','CIUDAD DE MEXICO','','01','025','6555555'),
 ('0000001674','LACY','MARIA DEL CARMEN','71111111','71111111','02122633060','02122633060','carlos.martinez@cardiologia.org.mx','','001','109','CIUDAD DE MEXICO','','01','025','71111111'),
 ('0000001675','RESTREPO ','GUSTAVO','9222222','9222222','02122633060','02122633060','gustavorestrepomd@une.net.co','','001','037','BOGOTA','','01','025','9222222'),
 ('0000001676','ALBUQUERQUE','ANIBAL','89999999','89999999','02122633060','02122633060','anibal.albuquerque@gmail.com','','001','128','LISBOA','','01','025','89999999'),
 ('0000001677','ALVEZ DA COSTA','FERNANDO','10000000','10000000','02122633060','02122633060','sbcgeral@cardiol.br','','001','027','SAO PAULO','','01','025','10000000'),
 ('0000001678','WAGNER','PATRICK','2000000','2000000','02122633060','02122633060','pwagner2310@yahoo.es','','001','126','LIMA','','01','025','2000000'),
 ('0000001679','BRAND','VANESSA','16491036','','0212-2354755','0424-1367188','vanessabrand@hotmail.com','CARDIO RITMO, C.A.','005','001','CARACAS','','03','022','16491036'),
 ('0000001680','ROJAS','JOSE','14720040','','0212-2354755','0414-3096940','joseyurgeny@hotmail.com','CARDIO RITMO, C.A.','007','001','CARACAS','','03','022','14720040'),
 ('0000001681','LOPEZ','STEVEN','15198315','','0212-2354755','0424-1365427','stevenlopezp@mail.com','CARDIO RITMO, C.A.','007','001','CARACAS','','03','022','15198315'),
 ('0000001682','GONZALEZ','MONICA','13528726','','0212-2354755','0414-2630653','mgonzalez@cardioritmo.com','CARDIO RITMO, C..A.','007','001','CARACAS','','03','022','13528726'),
 ('0000001683','RODRIGUEZ','MARIA FERNANDA','16141493','','0212-2354755','0414-8100142','mfernanda28@hotmail.com','CARDIO RITMO,C.A..','007','001','CARDIO RITMO, C..A.','','03','022','16141493'),
 ('0000001684','PALACIOS','JOSHEIDY','15167186','','0212-232821','0414-3728665','jpalacios@cardioritmo.com','CARDIO RITMO,.C.A..','005','001','CARACAS','','03','022','15167186'),
 ('0000001685','SUKERMAN','EFRAIN','1377559','','0241-8561205','0414-4218790','esukerma@hotmail.com','CENTRO MEDICO GUERRA MENDEZ','001','001','VALENCIA','','01','007','8679'),
 ('0000001686','ALVAREZ','EDINOVSKY','10147319','','04147466152','04147466152','EDINOVSKYAL@YAHOO.COM','','012','001','MERIDA','','01','025','0001'),
 ('0000001687','GUAIPO','ANTONIO','10832410','','04247209378','04247209378','aguaipof@yahoo.com','','001','001','merida','','01','025','77002'),
 ('0000001688','RODRIGUEZ','YENNY','14787573','','04147467724','04147467724','yennyadali@gmail.com','','001','001','merida','','01','025','77003'),
 ('0000001689','BASTIDAS','ISAAC','9230266','','04147074465','04147074465','isaacba@hotmail.com','','001','001','tachira','','01','025','77004'),
 ('0000001690','ARAQUE','DAVID','3940487','','04247192656','04247192656','daraque39@hotmail.com','','008','001','tachira','','01','025','777004'),
 ('0000001691','CONTRERAS','MIGUEL','6101468','','04147976869','04147976869','miguelac@c-com.net.ve','','001','001','porlamar','','01','025','777005'),
 ('0000001692','ROSAS BELLORIN','RAFAEL','1327737','','04148403276','04148403276','rosasrafael2001@yahoo.es','','001','001','cumana','','01','025','777006'),
 ('0000001693','ABREU','JOSE RICARDO','5433259','','04144556727','04144556727','JRDEABREU@CANTV.NET','','001','001','MARACAY','','01','025','777007'),
 ('0000001694','HERNANDEZ BRITO','MANUEL','8828496','','04166404229','04166404229','LITOH@HTOMAIL.COM','','001','001','VALENCIA','','01','025','777008'),
 ('0000001695','DAVALOS','LUSI','9506786','','04165470418','04165470418','LUISENRIQUEDAVALOS@YAHOO.COM','','001','001','VALENCIA','','01','025','777009'),
 ('0000001696','GONZALEZ','VALENTIN','8658906','','04145576524','04145576524','VALENTINCARDIO@GMAIL.COM','','001','001','ACARIGUA','','01','025','777010'),
 ('0000001697','MILANES FERNANDEZ','JULIO CESAR','6270083','','04166127489','04166127489','MILUL@HOTMAIL.COM','','001','001','CARACAS','','01','025','777011'),
 ('0000001698','LOZADA ','YAJAIRA','3977588','','04143210343','04143210343','YAJITA@CANTV.NET','','001','001','CARACAS','','01','025','777012'),
 ('0000001699','FERNANDEZ','ANTONIO','2940685','','04143210343','04143210343','YAJITA@CANTV.NET','','001','001','CARACAS','','01','025','777013'),
 ('0000001700','RAMIREZ OSUNA','LUIS ALBERTO','6441493','','X','X','LUISRAMIREZOSUNA@HOTMAIL.COM','','001','001','CARACAS','','01','025','777014'),
 ('0000001701','LUNAR','LUIS','8476952','','04123105006','04123105006','LUNAR2263@LIVE.COM','','012','001','CARACAS','','01','025','777015'),
 ('0000001702','RODRIGUEZ','RUTH MORELA','5519693','','X','X','RUTHRODRIGUEZ73@HOTMAIL.COM','','012','001','CARACAS','','01','025','777016'),
 ('0000001703','ZIEGLER','WILLIAM','13152145','','04165464247','04165464247','WEZIDU@GMAIL.COM','','012','001','CARACAS','','01','025','777017'),
 ('0000001704','IONESCU','EUGUENIO','14116175','','04146451339','04146451339','DREUGUENIOIONESCU@YAHOO.ES','','001','001','CARACAS','','01','025','777018'),
 ('0000001705','FERMIN','CARLOS','11894727','','04143396515','04143396515','DRMARIN73@HOTMAIL.COM','','012','001','CARACAS','','01','025','777019');
INSERT INTO `gevtparticipantes` (`codpar`,`apepar`,`nompar`,`cedpar`,`paspar`,`telhab`,`telcel`,`emapar`,`lugtra`,`codesp`,`codpai`,`nomciu`,`codaso`,`codtippar`,`codest`,`codmsms`) VALUES 
 ('0000001706','QUIJADA','WILMARY','13826838','','04164232104','04164232104','WILMARYQUIJADA@HOTMAIL.COM','','012','001','CARACAS','','01','025','777020'),
 ('0000001707','ESPINOZA','HILDEMARI','15542413','','0212-4728471','0000000000000','00000@HOTMAIL.COM','Hosp. MIGUEL PEREZ CARREÑO','006','001','CARACAS','','04','022','71585'),
 ('0000001708','ROMERO','LUIS','14941533','','4728471','0000000000','0000000@hotmail.com','Hosp. MIGUEL PEREZ CARREÑO','006','001','CARACAS','','04','022','70083'),
 ('0000001709','ESPIN','ISMARIEL','10872004','','04142542272','04142542272','A_B_CINES@YAHOO.COM','','001','001','CARACAS','','01','025','777021'),
 ('0000001710','MARTIN','IVAN','10788976','','04122420397','04122420397','IVANLMARTINV@GMAIL.COM','','001','001','CARACAS','','01','025','777022'),
 ('0000001711','RUIZ','LIGMAR','13545206','','04143919906','X','LARR27@HOTMAIL.COM','','012','001','CARACAS','','01','025','777023'),
 ('0000001712','GALAVIS','MONICA','6208187','','04265205955','04265205955','MONICAGALAVIZ@GMAIL.COM','','012','001','CARACAS','','01','025','777024'),
 ('0000001713','GONZALEZ ','MELISSA','13801788','','04241007372','04241007372','MELISSASOFIA@GMAIL.COM','','006','001','CARACAS','','04','022','64206'),
 ('0000001714','ALBA ','RAFAEL ','0550027802','','04242833927','04242833927','rafaelalba@hotmail.com','','006','001','CARACAS','','04','022','239 - 05 '),
 ('0000001715','MIELNICK','PABLO ','4576508','','04142070148','04142070148','pablomielnik@hotmail.com ','','006','001','CARACAS','','04','022','20533'),
 ('0000001716','RODRIGUEZ','RAFAEL ','11166940','','04142375975','04142375975','rdrr72@gmail.com','','006','001','Caracas','','04','022','57583'),
 ('0000001717','HERRERA ','GUSTAVO ','10759162','','04144777728','04144777728','herreragustavo@hotmail.com','','006','001','CARACAS','','04','022','59364'),
 ('0000001718','ROJAS','NATHALIE','8274200','','04242466463','04242466463','nathalierojas-@hotmail.com','','006','001','Caracas','','04','025','68959'),
 ('0000001719','MALAVÉ','MARIANGEL','12577792','','04242466463','04242466463','enigma_vida@hotmail.com','Caracas','006','001','Caracas','','04','022','69890'),
 ('0000001720','GIANNONI','MICHELANGELO','6050268','','04242466463','04242466463','mgiannoni@hotmail.com','Caracas','001','001','Caracas','','01','022','10174'),
 ('0000001721','MUJICA','JESUS','11079016','','no','04141571887','jesusrafaelmujica@cantv.net','UNICARDIO','001','001','ACARIGUA','','01','016','NO'),
 ('0000001722','GRANATTI','JOSE','4079247','','0','04166851567','josegranatti@hotmail.com','no','009','001','CIUDAD BOLIVAR','','01','006','4079'),
 ('0000001723','FUNG ','MI SIN','8886929','','0','04148531136','misinfundevelaz@hotmail.com','no','001','001','CIUDAD BOLIVAR','','01','006','8886'),
 ('0000001724','RUIZ ','MIRLA','8968129','','0','04167871212','migajo@latinmail.com','no','001','001','PUERTO ORDAZ','','01','006','8968'),
 ('0000001725','SIMONS','IVON','5326087','','NO','NO','laura.sorate.novartis.com','no','001','001','MARACAIBO','','01','021','5326'),
 ('0000001726','MORON ','FANNY','9515066','','NO','04146809170','fannymoron@cantv.net','no','001','001','CORO','','01','010','9515'),
 ('0000001727','STERLICCHI','DANIEL','8024681','','0','04245698872','laura.sorate@novartis.com','','001','001','ACARIGUA','','01','019','8024'),
 ('0000001728','DE LA SIERRA','ALEX','12389','12389','0','04129334065','laura.sorate@novartis.com','','001','001','NO','','01','025','12389'),
 ('0000001729',' GEORGE','LUIS','6555594','','0416-5553268','0416-5553268','a_urbanejah@yahoo.com','','001','001','CARACAS','','01','013','6.555.594'),
 ('0000001730','MATHEUS','MARIELA ','3189991','','0414-2659729','0414-2659729','marielamatheus@yahoo.com','','001','001','CARACAS','','01','025','3.189.991'),
 ('0000001731','GONZALEZ GARCES','MARITZA ','4173220','','0414-6990605','0414-6990605','Penelope','','001','001','PUNTO FIJO','','01','010','4.173.220'),
 ('0000001732','DUGARTE','MIRIAM ','5892231','','0414-4209464','0414-4209464','miriamdu99@yahoo.com','','001','001','VALENCIA','','01','007','5.892.231'),
 ('0000001734',' AGUILERA','RAMON','5236845','','0416-6108870','0416-6108870','antonioaguilera63@hotmail.com','','001','001','CARACAS','','01','013','5.236.845'),
 ('0000001735','SANDOVAL S','REGULO ALBERTO ','7936224','','0414-7304588','0414-7304588','regulosando@hotmail.com','','001','001','VALERA','','01','019','7.936.224'),
 ('0000001736','DAMELIO ','REGULO ','7553263','','0416-6617158','0416-6617158','regulod@hotmail.com','','001','001','MARACAIBO','','01','021','7.553.263'),
 ('0000001737','CARABALLO   ','LISBETH ','9304687','','4143007851','4143007851','Lissbith@hotmail.com','','007','001','CARACAS','','03','013','9304687'),
 ('0000001738',' MAITAS','LEONARDO','4486191','','0416-6860619','0416-6860619','LENID@MOVISTAR.NET.VE','','001','001','MATURIN','','01','014','4.486.191'),
 ('0000001739',' LOZADA','YOLEIMA','13328266','','0424-5072838','0424-5072838','yoleimalozada@gmail.com','','006','001','BARQUISIMETO','','04','025',''),
 ('0000001740',' BERRA','ONEIDA','5487671','','4249740706','4249740706','danis1994@hotmail.com','','001','001','ORIENTE','','01','006','5.487.671'),
 ('0000001741',' BUSTILLOS','NEGLIS','2862447','','0416-6436251','0416-6436251','neglisbustillo@hotmail.com','','001','001','VALENCIA','','01','007','2.862.447'),
 ('0000001742','ROMERO LOFIEGO','MONICA','11880981','','0416-1202524','0416-1202524','medicinelofiego@hotmail.com','','001','001','BARQUISIMETO','','01','011','11.880.981'),
 ('0000001743','ACOSTA','EDUARDO ','10087163','','0416-2628918','0416-2628918','acoeduardo@gmail.com','','001','001','MARACAIBO','','01','021','10087163'),
 ('0000001744','MAVIL FERRER GONZAL','LINDA ','14801820','','0416-5028117','0416-5028117','lindamavilferrer@gmail.com','','001','001','MERIDA','','01','012','14801820'),
 ('0000001745','GUZMAN','RICARDO','8219372','','414-2309517','414-2309517','rguzmanh263@hotmail.com','','001','001','LA GUAIRA','','01','013','8.219.372'),
 ('0000001746','MARQUEZ','JOSÉ','4701214','','0416-6056770','0416-6056770','marjoni@hotmail.com','','001','001','CARACAS','','01','013','4.701.214'),
 ('0000001748','PEREZ','JORGE ','8476633','','0416-2022438','0416-2022438','jorgeperez174@hotmail.com','','001','001','CARACAS','','01','013','8.476.633'),
 ('0000001749','SEGOVIA','FELIX ','10628610','','0414-1965810','0414-1965810','flxsgv@hotmail.com	','','006','001','BARQUISIMETO','','04','025',''),
 ('0000001750','VILLASMIL','JENNY','15718866','','(0212) 4727734','(0212) 4727734','jennyvillasmili@hotmail.com','Hosp. Miguel Pérez Carreño','006','001','CARACAS','','04','022','69171'),
 ('0000001751','D´AVILA','ANDRE','C2687363','C2687363','08006374624','08006374624','-','MOUNT SINAI MEDICAL CENTER','009','051','NEW YORK','','01','-',''),
 ('0000001752','BELEIRO JORIS','MARIA DE LOS ANGELES','6558868','','04143002245','04143002245','mabeleiro@gmail.com','','008','001','CARACAS','','01','022','6558868'),
 ('0000001753','BRINES DUARTE','REINALDO','3021656','','04141855491','04141855491','elisa.ferrer@farma.com.ve','','001','001','CIUDAD BOLIVAR','','01','006','3021656'),
 ('0000001754','DALENCE','WALTER','3823135','','04168236184','04168236184','walterdalence@gmail.com','','001','001','CARACAS','','01','022','3823135'),
 ('0000001755','LUQUES NARANJO','MILAGROS JOSEFINA','5584230','','04146971258','04146971258','milagrosluqured@hotmail.com','','001','001','PUNTO FIJO','','01','010','5584230'),
 ('0000001756','MAIZ LAGO','RUBEN','5603546','','04145235165','04145235165','rubenjojo@hotmail,.com','','001','001','CARACAS','','01','022','5603546'),
 ('0000001757','OCHOA','REGULO','3641568','','04145235165','04145235165','reguloochoa@cantv.net','','001','001','VALENCIA','','01','007','3641568'),
 ('0000001758','COLELA','EMILIA','5553695','','04143310438','04143310438','antonio.pepe@sanofi-aventis.com','','012','001','CARACAS','','01','022','5553695'),
 ('0000001759','OLETTA','JOSE','10336769','','04143199885','04143199885','sxoletta@hotmail.com','','012','001','CARACAS','','01','022','10336769'),
 ('0000001760','MATEU','MARIA','6824881','','04129983070','04129983070','mcmb01@cantv.net','','001','001','CARACAS','','01','022','6824881'),
 ('0000001761','SALAZAR','ESTHER VIRGINIA ','11466849','','02127932084','04142344627 ','esthersalazar@endotecnica.com ','Endotecnica Equipos Medicos C.A','007','001','CARACAS','','03','022',''),
 ('0000001762','CHAUSTRE','ISMENIA','5969923','','04166102002','04166102002','ichaustre@gmail.com','','001','001','CARACAS','','01','022','5969923'),
 ('0000001763','WHARWOOD ','GRAZY ','12623035','','02127932084','04142552928','grazyw@endotecnica.com','ENDOTECNICA EQUIPOS MEDICOS C.A ','050','001','Caracas ','','01','022','12623035'),
 ('0000001764','BARRETO','BLANCA','5312372','','02123602544','02123602544','juseche40@hotmail.com','','050','001','','','01','025','5312372'),
 ('0000001765','SOTO','ARGELIA','7712227','','0424-2466463','0424-2466463','renehadad@gmail.com,renehadad@hotmail.co','','012','001','Caracas','','01','025','33.309'),
 ('0000001766','GARCIA','KELLY','16268183','','04166214854','04166214854','cvarelasunpharma@gmail.com','','006','001','CARACAS','','04','025',''),
 ('0000001767','TELLERIA','ANA LUCIA','14795963','','04268672042','04268672042','cvarelasunpharma@gmail.com','','006','001','Caracas','','04','025','67500'),
 ('0000001768','MASTRONARDI','JOSE A','4057237','','04164060237','04164060237','cvarelasunpharma@gmail.com','CARACAS','001','001','CARACAS','','01','025','20064'),
 ('0000001769','APONTE','BALTAZAR','4391804','','04143583459','04143583459','cvarelasunpharma@gmail.com','','012','001','CARACAS','','01','025','14513'),
 ('0000001770','GUILLEN','ANNA','10135920','','04242466463','04242466463','cvarelasunpharma@gmail.com','CARACAS','012','001','CARACAS','','01','025','51534'),
 ('0000001771','MEDINA','RUBEN ','4566257','','04144609518','04144609518','rrmedg@cantv.net','','050','001','Turmero','','01','025','16479'),
 ('0000001772',' CATALIOTTI ','FRANCO','4074182','','0416-8708935','0416-8708935','fcataliotti@hotmail.com','','001','001','San Juan de los Morr','','01','024',' 17753'),
 ('0000001773','GONZALEZ ','CRISTINA ',' 1727124','','0416-6400441','0416-6400441','cristinagm07@hotmail.com','','001','001','San Juan de los Morr','','01','024','54067'),
 ('0000001774','FERNANDEZ','CARLOS','14843413','','04142192981','04142192981','FNCARLOSLUIS@HOTMAIL.COM','','012','001','CARACAS','','01','025','77025'),
 ('0000001775','CHIRINOS','BERNARDO','5443952','','04265444232','X','BERJOCHI@HOTMAIL.COM','','001','001','PUERTO CABELLO','','01','025','77026'),
 ('0000001776','PERRET','RICARDO','5541500','','04143272652','X','TITOPERRET@HOTMAIL.COM','','001','001','CARACAS','','01','025','48331'),
 ('0000001777','GONZALEZ COLL','MARIA ISABEL','3803747','','04142725472','x','maricol@hotmail.com','','001','001','caracas','','01','025','77028'),
 ('0000001778','BECERRA','SILKA','6980652','','04145101068','x','silka_becerra@hotmail.com','','001','001','caracas','','01','025','77029'),
 ('0000001779','ROBINSON VASQUEZ','JOSE','4308415','','0412-3273819','0412-3273819','JROBINVM@TELCEL.NET.VE','','001','001','CARACAS','','01','025','20795'),
 ('0000001780','PASOS','LUIS','6098251','','0416-4085242','0416-4085242','luispasosh@gmail.com','','012','001','VALLES DEL TUY','','01','025','30484'),
 ('0000001781','BERROTERAN','NIDIA','4421732','','0416-6181616','0416-6181616','charlottdelgado@gmail.com','','012','001','CARACAS','','01','025','33598'),
 ('0000001782','BAEZ','OMAR','24435248','','0414-3315610','0414-3315610','omarylourdes@gmail.com','','012','001','CARACAS','','01','025','50689'),
 ('0000001783','BEER ADEST','NUSEN','2119960','','0412-6219117','0412-6219117','nbeer60@yahoo.com','','001','001','CARACAS','','01','025','87340'),
 ('0000001784','OCHOA','CESAR','10975440','',' 0412-7361658 ','0412-7361658 ','cesar8am@cantv.net','','001','001','CARACAS','','01','025','53388'),
 ('0000001785','CLEMENTE','JOSE','3225664','','0416-4199733','0416-4199733','joseclemente@gmail.com','','001','001','GUATIRE','','01','025','56321'),
 ('0000001786','PACHON','MONICA','12422604','','0412-9257164','0412-9257164','monicapachon28@hotmail.com','','001','001','GUATIRE','','01','025','44325'),
 ('0000001787','FIGUERA','MARIA SOLEDAD','7241820','','04248237045','04248237045','masfiguer@gmail.com','','001','001','BARCELONA','','01','025','67543'),
 ('0000001788','LAGOS','PEDRO','3996149','','04123502072','04123502072','lagos39@cantv.net','','001','001','PORLAMAR','','01','025','54543'),
 ('0000001789','SOUKI CHMEIT','RAMI','13766286','','0424-5441356','0424-5441356','ramisoukimd@hotmail.com','','006','001','BARQUISIMETO','','04','025','54321'),
 ('0000001790','CASTILLO','STALIN','11034831','','0424-5959100','0424-5959100','stalin castillo@hotmail.com','','006','001','BARQUISIMETO','','04','025','98765'),
 ('0000001791','AL ATRACHE GATRIF','YUSRA','10694438','','0424-5763903','0424-5763903','yusra2007@gmail.com','','006','001','BARQUISIMETO','','04','025','43210'),
 ('0000001792','FREITEZ GIMENEZ','FABIANA','13353837','','0414-5059148','0414-5059148','fabifregim@gmail.com','','006','001','BARQUISIMETO','','04','025','78912'),
 ('0000001793','ALFONSO','HECTOR','12000352','','0416-9634744','0416-9634744','hectorjalfonso@hotmail.com','','006','001','VARGAS','','04','025','111280'),
 ('0000001794','CAMPOS','PEDRO','10878224','','0416-6845503','0416-6845503','condor171heres@yahoo.es','','006','001','BARCELONA','','04','025','64.895'),
 ('0000001795','CASTILLO','DANIELA','15967192','','04164798143','04164798143','decavi_95@hotmail.com','','006','001','BARQUISIMETO','','04','025','45678'),
 ('0000001796','VILLAROEL','DIANA','15313830','','02124622834','04129648596','fireandroses2@hotmail.com','','004','001','CARACAS','','03','022',''),
 ('0000001797','LEON VILLARROEL','DORIS VIVIAN','19671646','','02126816007','04129953291','fireandroses2@hotmail.com','','007','001','CARACAS','','03','022',''),
 ('0000001798','PEREZ','OMIDRES','11007782','','04248199998','04248199998','omidresperez@yahoo.con.ve','','012','001','CUMANA','','01','017','11007782'),
 ('0000001799','GONZALEZ','ILEANA','4487386','','04147463181','04147463181','ileagonmed@hotmail.com','','001','001','Merida','','01','012','SS4487386'),
 ('0000001800','TORRES','OSCAR JANIO','7316926','','04143524297','04143524297','janiointernista@hotmail.com','','001','001','Barquisimeto','','01','011','SS7316926'),
 ('0000001801','MOYA','ANGEL','988887','','02122633060','02122633060','11193amm@comb.es','','001','173','MADRID','','01','025','988887'),
 ('0000001802','TANG','ERIKA','9777777','','02129633060','02129633060','etang@jhsph.edu','','001','051','MINIAPOLIS','','01','025','9777777'),
 ('0000001803','BORTMAN','GUILLERMO','9666666','','02129633060','02129633060','gbortman@fibertel.com.ar','','001','010','BUENOS AIRES','','01','025','9666666'),
 ('0000001804','SINIAWSKI','DANIEL','8555558','','02122633060','02122633060','drsiniawski@gmail.com','','001','010','BUENOS AIRES','','01','025','8555558'),
 ('0000001805','DIEZ','JAVIER','7444447','','02122633060','02122633060','jadimar@unav.es','','001','173','MADRID','','01','025','7444447'),
 ('0000001806','RIDKERT','PAUL','6444446','','02122633060','02122633060','mesanchez@partners.org','','001','051','','','01','025','6444446'),
 ('0000001807','BOURNAS','JHON','3444443','','01210633060','01210633060','jbournas@acc.org','','051','051','WASHINGTON','','01','025','3444443'),
 ('0000001808','CORDOVA','SAMUEL','2333332','','02122633060','02122633060','scordova@med.puc.cl','','001','035','SANTIAGO DE CHILE','','01','025','2333332'),
 ('0000001809','ALFARO','MARIO','3222223','','02122633060','02122633060','alfaro.mario@gmail.com','','001','035','SANTIAGO DE CHILE','','01','025','3222223'),
 ('0000001810','MOLERO','SILVIA','12502321','','04142450816','04142450816','silvia.molero@pfizer.com','','012','001','CARACAS','','01','022','58927'),
 ('0000001811','KHASEN','CESAR','0099999999','','04142856706','04142856706','cesar.khazen@meduniwien.ac.at','','001','001','-','','01','025','0099999999'),
 ('0000001812','BERMEJO','JAVIER','0099999998','','04142856706','04142856706','jbermejot@gmail.com','','001','001','-','','01','025','0099999998'),
 ('0000001813','MARTINEZ','YELITZA','11631138','','04265144242','04265144242','deborahym@hotmail.com','','007','001','CARACAS','','03','022','11631138'),
 ('0000001814','ROMERO','GRACIELA','5423777','','02122633060','02122633060','velololanica@hotmail.com','','007','001','CARACAS','','03','022','5423777'),
 ('0000001815','TORRES','GLADYS','7661672','','02122633060','02122633060','gladys_pedro_211@hotmail.com','','005','001','CARACAS','','03','022','7661672'),
 ('0000001816','SALGADO','LAURA','4555588','4555588','02122633060','02122633060','salgado@fctc.org','','051','074','TEGUCIGALPA','','01','025','4555588'),
 ('0000001817','ARAGONES','ANTONITA','7140128','','0412-4889545','0412-4889545','aaragonesd95@hotmail.com','','012','001','VALENCIA','','01','007','XXXXXXX'),
 ('0000001818','MONCADA','ENRIQUE','5264910','','02432413619','04143447773','chinomoncada@hotmail.com','','001','001','MARACAY','','01','004','5264910'),
 ('0000001819','MEDINA RAVELL','VICTOR','2967191','','02418561204','04169407379','vmedinar@cantv.net','','001','001','VALENCIA','','01','007','2967191'),
 ('0000001820','VASQUEZ','CARLOS','7715569','','02418338046','04144359253','carlos.vasquez@cantv.net','','001','001','VALENCIA','','01','007','7715569'),
 ('0000001821','NOLL','GEORGE','844448','','02122633060','02122633060','karnog@usz.uzh.ch','','001','062','LIVERPOOL','','01','025','844448'),
 ('0000001822','BOSCH','FERNANDO','6914323','','04143275594','04143275594','fbosch@cantv.net','','001','001','CARACAS','','01','022','6914323'),
 ('0000001823','ZERPA','REYES','3402105','','04142490553','04142490553','zerpara@cantv.net','','001','001','CARACAS','','01','022','3402105'),
 ('0000001824','CAPECCHI','MARIA ALEXANDRA','6910940','','04142495439','04142495439','magu1108@cantv.net','','001','001','CARACAS','','01','022','6910940'),
 ('0000001825','YUN ANGARITA','CARLOS','','E065521','005352715635','005352715635','yun.mtz@informed.sld.cu','','001','042','LA HABANA','','01','025','E065521'),
 ('0000001826','FABREGUES','GUILLERMO','','377776','02122633060','02122633060','gfabregues@uolsinectis.com.ar','','001','010','BUENOS AIRES','','01','025','377776'),
 ('0000001827','ABUDULAH','MOUBAYED','9994163','','04142724618','04142724618','icolmenares@nolver.com','','051','001','CARACAS','','01','022','9994163'),
 ('0000001828','BARCELO ','JOSE','2129882','','5750675','5750675','icolmenares@nolver.com','','001','001','CARACAS','','01','025','2129882'),
 ('0000001829','MANTILLA','JOSE','4358417','','04129912271','04129912271','icolmenares@nolver.com','','001','001','CARACAS','','01','022','4358417'),
 ('0000001830','ALAS','NANCY','7263515','','04145908252','04145908252','nanmaracay@hotmail.com','','001','001','CARACAS','','01','022','7263515'),
 ('0000001831','MEJIAS ','ENRIQUE','11041379','','02122633060','02122633060','enriquej@hotmail.com','','001','001','CARACAS','','01','022','11041379'),
 ('0000001832','NAJUN','ALVARO','8733223','','02122633060','02122633060','nahunab@hotmail.com','','001','001','CARACAS','','01','022','8733223'),
 ('0000001833','MONTILLA','MILDRED','4835068','','02122633060','02122633060','mildremontilla@gmail.com','','001','001','CARACAS','','01','022','4835068'),
 ('0000001834','MUÑOZ DORTA','FELIPE','17250108','','04141293030','04141293030','felipemuñozdorta@hotmail.com','','001','001','GUARENAS','','01','013','17250108'),
 ('0000001835','BECERRA LUJAM','NELSON','1896956','','04142143030','04142143030','inoslenracebe@hotmail.com','','001','001','CARACAS','','01','022','1896956'),
 ('0000001836','MIGUEL','GIANASTACIO','3187943','','02129800268','02129800268','mediasfino@gmail.com','','001','001','CARACAS','','01','022','3187943'),
 ('0000001837','BERMUDEZ','JUAN GUILLERMO','5426691','','04143325979','04143325979','drjuan_bermudez@hotmail.com','','001','001','CARACAS','','01','022','5426691'),
 ('0000001838','LEON','GERMAN','4673643','','04143382962','04143382962','genco123@cantv.net','','001','001','CARACAS','','01','022','4673643'),
 ('0000001839','ZUCCHIATTY','GASTONE','6414685','','04142513180','04142513180','drgastonezucchiatty@hotmail.com','','001','001','CARACAS','','01','022','6414685'),
 ('0000001840','HERNANDEZ','IRIS','8500551','','04166600436','04166600436','irismaria_h@hotmail.com','','001','001','MARACAIBO','','01','021','5800551'),
 ('0000001841','HERNANDEZ ','MANUEL','3962093','','04145784232','04145784232','manuelgregorio306@hotmail.com','','001','001','BARINAS','','01','005','3962093'),
 ('0000001842','CORDOVA','YOSMARI','8442031','','04148996845','04148996845','yos_mary15@hotmail.com','','001','001','CARACAS','','01','025','8442031'),
 ('0000001843','NATERA ','MILDRET','6922546','','04149916714','04149916714','mildretnatera21@hotmail.com','','001','001','MATURIN','','01','014','6922546'),
 ('0000001844','DI PASCUALE','LILIANA','6971210','','04145128702','04145128702','miguelch@hotmail.com','','001','001','BARQUISIMETO','','01','011','43942'),
 ('0000001845','LAMAS','OSCAR','7021857','','04144920828','04144920828','olamas21@hotmail.com','','001','001','MARACAY','','01','004','35863'),
 ('0000001846','DOMINGUEZ','CARMEN','15615596','','04243227694','04243227694','carmenbonny@yahoo.com','','001','001','CARACAS','','01','022','70468'),
 ('0000001847','SANMACHE','LUIS','15215874','','04249328057','04249328057','se_nmaluis@hotmail.com','','001','001','CARACAS','','01','022','67302'),
 ('0000001848','OVIEDO ','ANAIS','14926235','','04141460703','04141460703','doctora.oviedo@gmail.com','','001','001','CARACAS','','01','022','70467'),
 ('0000001849','GOTOPO','JORGE','14884256','','04166310033','04166310033','jgotopo@gmail.com','','001','001','CARACAS','','01','022','67040'),
 ('0000001850','CORDOVA GARCIA','LEOPOLDO ALBERTO','15396390','','04166136671','04166136671','lcordova27@hotmail.com','','001','001','CARACAS','','01','022','68521'),
 ('0000001851','MARTINEZ','MILDRED','15844749','','04168026350','04168026350','milymart2001@gmail.com','','001','001','CARACAS','','01','022','71934'),
 ('0000001852','GAMARGO','JESAIDA','844492','','04143181108','04143181108','jgamardoc@hotmail.com','','001','001','CARACAS','','01','022','47210'),
 ('0000001853','PAZ','VIOLETA','14491222','','04145993737','04145993737','violetac_paz@hotmail.com','','001','001','CARACAS','','01','022','65094'),
 ('0000001854','HERRERA','GABRIELA','16938308','','04162989872','04162989872','gabyalejandra27@hotmail.com','','001','001','CARACAS','','01','022','7456'),
 ('0000001855','TOVAR','FLOR','4390728','','04141467787','04141467787','florcetovar@hotmail.com','','001','001','CARACAS','','01','022','24565'),
 ('0000001856','HERNANDEZ','JOSE','13317947','','04126219893','04126219893','ayalalopez2008@cantv.net','','001','001','CARACAS','','01','022','64095'),
 ('0000001857','GRATEROL','GIOVANNY','4171521','','04166206223','04166206223','giograt@cantv.net','','001','001','CARACAS','','01','022','27864'),
 ('0000001858','BORDONES','ORLANDO','5388950','','04141292781','04141292781','orlandobordones@cantv.net','','001','001','CARACAS','','01','022','23964'),
 ('0000001859','NAVAS','TRINA','5964162','','04143169383','04143169383','wilownavasblanco@gmail.com','','001','001','CARACAS','','01','022','36655'),
 ('0000001860','WIENBERGER','JOSE FRANCISCO','82126190','','04164145394','04164145394','popucito@hotmail.com','','001','001','CARACAS','','01','022','68347'),
 ('0000001861','AGUERO','LOICEL','15816593','','04127859335','04127859335','loicel_aguero@hotmail.com','','001','001','CARACAS','','01','022','73414'),
 ('0000001862','BARRIOS ','MAXIMO','11673618','','04164016257','04164016257','maxjosdim@hotmail.com','','001','001','CARACAS','','01','022','50512'),
 ('0000001863','BECERRA ','JOSE','5526279','','04142356543','04142356543','josegnoryi@cantv.net','','001','001','CARACAS','','01','022','35129'),
 ('0000001864','PEREIRA','JOSE','13737677','','04141566380','04141566380','jpfigo@hotmail.com','','001','001','CARACAS','','01','025','68695'),
 ('0000001865','LOPEZ','CRISTINA','13531615','','04129021217','04129021217','cristinalopezsanchez@hotmail.com','','001','001','CARACAS','','01','025','64257'),
 ('0000001866','MARQUEZ','PEDRO','6821578','','0414245862','0414245862','plmarquean@hotmail.com','','001','001','CARACAS','','01','025','37695'),
 ('0000001867','ARIAS ','ISORA','6811074','','04143665820','04143665820','marilyn_gonzalez@merck.com','','001','001','CARACAS','','01','022','6811074'),
 ('0000001868','VILLAREAL ','BLEIDIS','10105637','','04143665820','04143665820','marilyn_gonzalez@merck.com','','001','001','CARACAS','','01','022','10105637'),
 ('0000001869','MALDONADO','PEDRO','12145235','','04143665828','04143665828','marilyn_gonzalez@merck.com','','001','001','CARACAS','','01','022','12145235'),
 ('0000001870','ZINGER','ZIMBUL','4552709','','04143665820','04143665820','marilyn_gonzalez@merck.com','','001','001','CARACAS','','01','022','4552709'),
 ('0000001871','GONZALEZ ','EDDY','5477457','','04143665820','04143665820','marilyn_gonzalez@merck.com','','001','001','CARACAS','','01','022','5447457'),
 ('0000001872','DIAZ','ALFREDO','12505308','','04143665820','04143665820','marilyn_gonzalez@merck.com','','001','001','CARACAS','','01','022','12505308'),
 ('0000001873','ZERPA ','RICHARD','8033988','','04143665820','04143665820','marilyn_gonzalez@merck.com','','001','001','SAN CRISTOBAL','','01','018','8033988'),
 ('0000001874','BELLERA','VICTOR','4452168','','04143665820','04143665820','marilyn_gonzalez@merck.com','','001','001','VALENCIA','','01','007','4452168'),
 ('0000001875','LEON','MOISES','2751305','','04143665820','04143665820','marilyn_gonzalez@merck.com','','001','001','MARACAY','','01','004','2751305'),
 ('0000001876','BENMERGUI','EDGAR','3563864','','04143665820','04143665820','marilyn_gonzalez@merck.com','','001','001','CAGUA','','01','004','3563864'),
 ('0000001877','CEGLIA','ANGELA','6292052','','04143665820','04143665820','marilyn_gonzalez@merck.com','','012','001','CARACAS','','01','022','6292052'),
 ('0000001878','RUKOZ','ZAIDITH','5885394','','04143665820','04143665820','marilyn_gonzalez@merck.com','','012','001','CARACAS','','01','022','5885394'),
 ('0000001879','LA VERDE','SALVATORE','8640979','','04143665820','04143665820','marilyn_gonzalez@merck.com','','001','001','CARACAS','','01','022','8640979'),
 ('0000001880','TORO','FRANKY','11897865','','04143665820','04143665820','marilyn_gonzalez@merck.com','','001','001','CARACAS','','01','022','11897865'),
 ('0000001881','CERRERO ','LUIS EMIRO','9324409','','04143665820','04143665820','marilyn_gonzalez@merck.com','','012','001','CARACAS','','01','022','9324409'),
 ('0000001882','AMBROSINO','FRANCISCO','8870359','','04143665820','04143665820','marilyn_gonzalez@merck.com','','001','001','MATURIN','','01','014','732324'),
 ('0000001883','LEAL','JOSE','7491024','','04143665820','04143665820','marilyn_gonzalez@merck.com','','001','001','CORO','','01','010','7491024'),
 ('0000001884','CABRE','CARMEN','7830938','','04143665820','04143665820','marilyn_gonzalez@merck.com','','012','001','CARACAS','','01','022','7830938'),
 ('0000001885','VERA ','ENRIQUE','8950079','','04242274201','04242274201','enriquesandra@hotmail.com','','001','001','CARACAS','','01','022','8950079'),
 ('0000001886','ARZOLA','ERNESTO','7927146','','04143665820','04143665820','marilyn_gonzalez@merck.com','','012','001','CARACAS','','01','022','7927146'),
 ('0000001887','MONTEDONICO','MARIA','14743059','','04143665820','04143665820','marilyn_gonzalez@merck.com','','012','001','CARACAS','','01','022','14743059'),
 ('0000001888','SEGOVIA','LUIS','669884','','04143665820','04143665820','marilyn_gonzalez@merck.com','','012','001','CARACAS','','01','022','669884'),
 ('0000001889','ARBOLEDA','AMERICO','22019122','','04143665820','04143665820','marilyn_gonzalez@merck.com','','012','001','CARACAS','','01','022','22019122'),
 ('0000001890','UZCATEGUI','ROGUER','7325258','','04143665820','04143665820','marilyn_gonzalez@merck.com','','001','001','CARACAS','','01','022','7325258'),
 ('0000001891','HERNANDEZ','MARIA G.','7822536','','04143665820','04143665820','marilyn_gonzalez@merck.com','','001','001','CARACAS','','01','022','7822536'),
 ('0000001892','LANDAETA TORREALBA','CESAR','9299588','','04147726514','04147726514','cesardlandaetat@gmail.com','','001','001','MATURIN','','01','014','9299588'),
 ('0000001893','RIAÑO','NANCY','9134340','','04142653873','04142653873','nancyriano@hotmail.com','','007','001','CARACAS','','03','022',''),
 ('0000001894','RONDON ','AURISTELA','6031453','','02122633060','02122633060','zaida.cardenas@pfizer.com','','012','001','','','01','025','6031453'),
 ('0000001895','RAMIREZ','ELOY','81343218','','02122633060','02122633060','zaida.cardenas@pfizer.com','','012','001','','','01','025','81343218'),
 ('0000001896','HERNANDEZ','ANADELA','8322264','','04242059464','04242059464','anadelaloto@gmail.com','','050','001','','','01','025','44409'),
 ('0000001897','TRONCONE','MARIA  GABRIELA','13564760','','04142081713','04142081713','mgtroncone@hotmail.com','','012','001','','','01','025','13564760'),
 ('0000001898','IBARRA','JOSE','4251991','','04149124121','04149124121','joseibarrabo@hotmail.com','','012','001','','','01','025','4251991'),
 ('0000001899','ANES','MATILDE','5239133','','04166329075','04166329075','inesfermin@hotmail.com','','012','001','','','01','025','5239133'),
 ('0000001900','REDLICH','RALPH','9961088','','04129705563','04129705563','nktr@yahoo.com','','001','001','','','01','025','9961088'),
 ('0000001901','SANSON','RICARDO','4083035','','04166270920','04166270920','nalua.urbaneja@roche.com','','001','001','','','01','025','4083035'),
 ('0000001902','ROJAS','RUBEN DARIO','5524412','','04142640866','04142640866','rubenrojas_47@hotmail.com','','012','001','','','01','025','5524412'),
 ('0000001903','BAGGIERI','SEBASTIANO','13964934','','04143583734','04143583734','sebastianobaggieri@hotmail.com','','001','001','MARACAY','','01','004','13964934'),
 ('0000001904','FALCON VASQUEZ','BLADIMIRO','3315837','','04145229664','04145229664','bladimirofalcon@hotmail.com','','001','001','BARQUISIMETO','','01','011','3315837'),
 ('0000001905','HERNANDEZ','MARIA','10426554','','04247359044','04247359044','lupehb@gmail.com','','012','001','','','01','025','10426554'),
 ('0000001906','VLASICA','JUAN','0180310','0180310','02122633060','02122633060','peru@sopecard.org','','001','126','LIMA','','01','025','0180310'),
 ('0000001907','CRESPO','MARY CARMEN','11785860','','04241156893','04241156893','mespinoza1011@gmail.com','','012','001','CARACAS','','01','022','64911'),
 ('0000001908','MARIN','ABIGAIL','1325797','','02856545929','04148531279','abigailmarinmd@hotmail.com','','001','001','CIUDAD BOLIVAR','','01','006','1325797'),
 ('0000001909','JACIR','ALFONZO','1849555','','02122837373','04129205122','alfjacir@hotmail.com','','001','001','CARACAS','','01','013','1849555'),
 ('0000001910','HARTMANN','CARLOS','3753776','','04166410972','04166410972','hartmann@cantv.net','','009','001','VALENCIA','','01','007','3753776'),
 ('0000001911','GISBERT','CATALINA','2887281','','04166216201','04166216201','gisbert@cantv.net','','050','001','CARACAS','','01','022','2887281'),
 ('0000001912','SUAREZ','CLAUDIA','3181947','','2577656','2577656','claudia1937@cantv.net','','050','001','CARACAS','','01','022','3181947'),
 ('0000001913','MOLEIRO','FEDERICO','189118','','2570864','2570864','fmoleiro@reaccium.ve','','001','001','CARACAS','','01','022','189118'),
 ('0000001914','RUIZ MANRESA','FRANCISCO','1737573','','9856684','9856684','fruizmanresa@gmail.com','','050','001','CARACAS','','01','022','1737573'),
 ('0000001915','MACHADO ','IVAN','5536868','','04166301255','04166301255','macfercasa@cantv.net','','001','001','CARACAS','','01','022','5536868'),
 ('0000001916','PAEZ','JORGE LUIS','12262189','','04129175500','04129175500','jorgelupaez@hotmail.com','','001','001','CARACAS','','01','022','12262189'),
 ('0000001917','PRIETO','JORGE','1564217','','04166136888','04166136888','jorgeprieto@hotmail.com','','009','001','CARACAS','','01','022','1564217'),
 ('0000001918','CHIQUE','JOSE','8202564','','4080220','04143035873','jjchiqueg@yahoo.com','','050','001','CARACAS','','01','022','8202564'),
 ('0000001919','RUMENOFF','LILA','5135587','','5435587','04145213052','lila.rumenoff@gmail.com','','050','001','BARQUISIMETO','','01','011','5135587'),
 ('0000001920','BAJARES','MARIELA','3414079','','04166217367','04166217367','marielabajares@yahoo.com','','003','001','CARACAS','','01','022','3414079'),
 ('0000001921','DE BASTOS','MARIO','6035681','','04125695737','04125695737','debastosh@gmail.com','','050','001','CARACAS','','01','022','6035681'),
 ('0000001922','PATIÑO','MARIO','8525101','','04142018312','04142018312','mipatino@gmail.com','','012','001','CARACAS','','01','022','8525101'),
 ('0000001923','TAPIA','MARISOL','3914268','','04169133677','04169133677','mtapiaucv@gmail.com','','050','001','CARACAS','','01','022','3914268'),
 ('0000001924','HERRERA','MELINA','11738950','','04164117751','04164117751','melinaherrerav@hotmail.com','','051','001','CARACAS','','01','022','11738950'),
 ('0000001925','HERRERA','NATASHA','3972700','','04241284695','04241284695','natasha@ven.ops-oms.org','','051','001','CARACAS','','01','022','3972700'),
 ('0000001926','MIJARES','MERCEDES','4362938','','04143236444','04143236444','mercedesmijares@hotmail.com','','050','001','CARACAS','','01','022','4362938'),
 ('0000001927','SOTO-ROSA DE VILLORIA','NORA','4356102','','04142430964','04142430964','nora.villoria@gmail.com','','051','001','CARACAS','','01','022','4356102'),
 ('0000001928','CARLINI','RAUL','4088395','','04143300873','04143300873','raul.carlini@gmail.com','','011','001','CARACAS','','01','022','4088395'),
 ('0000001929','MELKON','ROSE','10339763','','04241245267','04269165125','melkonrose@yahoo.es','','051','001','CARACAS','','01','022','10339763'),
 ('0000001930',' DE MARQUIS','MERCEDES','4268587','','02122633060','02122633060','yenson.mayora2@leti.com.ve','','001','001','CARACAS','','01','022','4268587'),
 ('0000001931','ALISTE CERDA','VILMA','11566445','','02122633060','02122633060','yenson.mayora2@leti.com.ve','','001','001','CARACAS','','01','022','11566445'),
 ('0000001932','GIMENEZ DE FREITEZ','MIREYA','3321887','','0255664308','04143550954','fregim@cantv.net','','001','001','ARAURE','','01','016','3321887'),
 ('0000001933','QUIÑONES ','MARIA','8997095','','04166207877','04166207877','mariaeugenia@cantv.net','','001','001','CARACAS','','01','022','48064'),
 ('0000001934','ARREAZA','RAMON','5007103','','04143348742','04143348742','ramonarrrreaza@gmail.com','','001','001','CARACAS','','01','025','27001'),
 ('0000001935','TROMPETERO','FREDDY','4827211','','04168054344','04168054344','trompetero@cantv.net','','001','001','CARACAS','','01','022','22594'),
 ('0000001936','ROSA ALEMAN','FRANCISCO','522105','','04166857233','04166857233','frankrosa29@yahoo.com','','001','001','MATURIN','','01','014','522105'),
 ('0000001937','TORRES','AURA','4552893','','04140519221','04140519221','aurotorres@gmail.com','','012','001','CARACAS','','01','022','4552893'),
 ('0000001938','REYES','BEATRIZ','14127402','','0416541814','0416541814','rvbetty@hotmail.com','','001','001','MARACUAY','','01','004','14127402'),
 ('0000001939','SANCHEZ','TIBISAY','13171143','','04247566997','04247566997','tibisayhs2004@yahoo.com','','001','001','PORLAMAR','','01','015','65567'),
 ('0000001940','MACHACADO','SARA','333333333','','04127903423','04127903423','myriam.angel@hotmail.com','','001','001','MERIDA','','01','012','333333333'),
 ('0000001941','LOPEZ','GLORYS','5176491','','02122633060','02122633060','glorys.talia@hotmail.com','','050','001','CARACAS','','01','022','31903'),
 ('0000001942','PEREZ GONZALEZ','SOLLYMHAR','8743506','','04243232951','04243232951','solmoon_99@hotmail.com','','001','001','MARACAY','','01','004','52729'),
 ('0000001943','NIEVES ','GRICEL','6367746','','04143438989','04143438989','gricelsabina@hotmail.com','','001','001','CARACAS','','01','022','43436'),
 ('0000001944','MAJANO','NELSON','14500035','','04142450816','04142450816','silvia.molero@pfizer.com','','001','001','CARACAS','','01','022','14500035'),
 ('0000001945','ARAB','GRACIELA','12403111','','-','-','grace2977@hotmail.com','','001','001','CARACAS','','01','022','60964'),
 ('0000001946','GALINDO','ATILIO','8243541','','04166278620','04166278620','atgalch@hotmail.com','','006','001','CARACAS','','04','022','8243541'),
 ('0000001947','LOPEZ','EDGAR','8038276','','04141368588','04141368588','edgarlopez@yahoo.com','','001','001','CARACAS','','01','022','8038276'),
 ('0000001948','ARTETA','FEDERICO','3251669','','04168504443','04168504443','fartet@yahoo.com','','010','001','BARQUISIMETO','','01','011','3251669'),
 ('0000001949','LOPEZ','FRANCISCO','3886346','','04143448758','04143448758','lopezmo@gmail.com','','001','001','MARACAY','','01','004','3886346'),
 ('0000001950','ATIENZA','HILDAMARI','5537412','','04141344332','04141344332','hildamari@gmail.com','','001','001','CARACAS','','01','022','5537412'),
 ('0000001951','DONIS GOMEZ','IGOR','6285809','','04166313257','04166313257','igord@telcel.net.ve','','009','001','CARACAS','','01','022','6285809'),
 ('0000001952','PEREZ AGREDA','JESUS','7048548','','02418681569','04144315711','jperezagreda@hotmail.com','','001','001','VALENCIA','','01','007','7048548'),
 ('0000001953','PABON ','LUZ','13667933','','04142215718','04142215718','luzmpabon@gmail.com','','001','001','CARACAS','','01','022','13667933'),
 ('0000001954','MONTES DE OCA','MARIA','5320826','','04143314148','04143314148','montesdeoca.maria@gmail.com','','010','001','CARACAS','','01','022','5320826'),
 ('0000001955','PULIDO ','MOISES','5244602','','04143265966','04143265966','moisespulido@cantv.net','','001','001','CARACAS','','01','022','5244602'),
 ('0000001956','ROIZENTAL','MOISES','7683819','','04166396330','04166396330','mroizental@gmail.com','','001','001','CARACAS','','01','022','7683819'),
 ('0000001957','MAUTONE','NELLY','12864136','','04142397548','04142397548','nelly_mautone@hotmail.com','','006','001','CARACAS','','04','022','12864136'),
 ('0000001958','DELGADO ','JOSE','13112427','','04166218825','04166218825','jose.delgado@ucv.ve','','050','001','CARACAS','','01','022','13112427'),
 ('0000001959','DENIZ','CHRISTIAN','9696923','','04161479599','04161479599','cjdeniz@hotmail.com','','050','001','MARACAY','','01','004','9696923'),
 ('0000001960','COIZA','DARLING','14194078','','04265160788','04265160788','darlingjca@hotmail.com','','051','001','CARACAS','','01','022','14194078'),
 ('0000001961','BORGES RODRIGUEZ','FEDERICO','5534865','','04166210658','04166210658','evelynborges@cantv.net','','001','001','CARACAS','','01','022','5534865'),
 ('0000001962','MARTINEZ','FLORANGEL','12826169','','04165223518','04165223518','martinez.florangel@gamil.com','','001','001','BARQUISIMETO','','01','011','12826169'),
 ('0000001963','BARBOZA','JANNETH','14093097','','04145235899','04145235899','jannethbarboza@yahoo.com','','051','001','BARQUISIMETO','','01','011','14093097'),
 ('0000001964','LOPEZ','LIANKYS','7401072','','04164566601','04164566601','liankys@hotmail.com','','001','001','BARQUISIMETO','','01','011','7401072'),
 ('0000001965','FELDMAN ','LYA','4349016','','04166220379','04166220379','lfeldman@cantv.net','','050','001','CARACAS','','01','022','4349016'),
 ('0000001966','LABARCA','MAYELA','13372861','','04246594803','04246594803','mayelalabarca@yahoo.com','','006','001','MARACAIBO','','04','021','13372861'),
 ('0000001967','HERRERA','MIGUEL','2824296','','04266369826','04266369826','riotocuyo362@hotmail.com','','050','001','BARQUISIMETO','','01','011','2824296'),
 ('0000001968','SOTO ','GREYS','6961203','','04141880511','04141880511','greyssoto@hotmail.com','','050','001','PORLAMAR','','01','015','6961203'),
 ('0000001969','DIAZ','LUIS','685432','','04166932548','04166932548','ladq1@telcel.net.ve','','001','001','CUMANA','','01','017','685432'),
 ('0000001970','CATANHO','RODOLFO','6448495','','02122732255','04122013759','jackeline.rivera@novartis.com','','001','001','CARACAS','','01','022','6448495'),
 ('0000001971','LOPEZ DE IGLESIAS','SANDRA','6544205','','04142551685','04142551685','sanlop_poy@hotmail.com','','001','001','CORO','','01','010','6544205'),
 ('0000001972','OLIVERI','ADRIANA','8774702','','02122732255','04122013759','adroli3@yahoo.es','','001','001','CARACAS','','01','022','8774702'),
 ('0000001973','MIRANDA CADENAS','NORA','5072935','','02122732255','04122013759','norathmiranda@hotmail.com','','001','001','CARACAS','','01','022','5072935'),
 ('0000001974','AVENDAÑO','ANGEL','5531234','','02122732255','04122013759','jackeline.rivera@novartis.com','','001','001','CARACAS','','01','022','5531234'),
 ('0000001975','BENAIM','BRISEIDA','3810656','','04166568238','04166568238','briseidabenaim@cantv.net','','001','001','BARQUISIMETO','','01','011','4359'),
 ('0000001976','CHIRINOS','OSCAR','5268598','','04165474422','04165474422','drchiri@cantv.ne','','001','001','CALABOZO','','01','024','5268598'),
 ('0000001977','MALDONADO ','VILMA','8164429','','04124382005','04124382005','vilmaldonanunez@hotmail.com','','001','001','MARACAY','','01','004','55369'),
 ('0000001978','MATOS','GELLY','14086198','','02122633060','02122633060','gellymatos@hotmail.com','','008','001','CAGUA','','01','004','14086198'),
 ('0000001979','GARCIA','JOSE ANGEL','879547','','04140494834','04140494834','elisa.ferrer@farma.com.ve','','001','001','MARACAY','','01','004','879547'),
 ('0000001980','ARAUJO ANTUNEZ','ADALBERTO','1532332','','04166730842','04166730842','viruso@hotmail.com','','001','001','CARACS','','01','022','1532332'),
 ('0000001981','BOCCARDO','CARLOS JUAN','3023578','','04143174954','04143174954','boccardoca@hotmail.com','','001','001','CARACAS','','01','022','3023578'),
 ('0000001982','VILCHEZ','LISBETH','10706909','','02129764900','04265464065','lgodoy_drlve@yahoo.es','','050','001','CORO','','01','010','10706909'),
 ('0000001983','PIÑA','ANA ZULLY','3830085','','02129764900','04265464065','lgodoy_drlv@yahoo.es','','050','001','CORO','','01','010','3830085'),
 ('0000001984','INFANTA','CARLOS','5615688','','02129764900','04265464065','lgodoy_drlve@yahoo.es','','001','001','MARACAY','','01','004','5615688'),
 ('0000001985','PECORELLI','ANGELO','4568147','','02129764900','04265464065','lgodoy_drlve@yahoo.es','','001','001','MARACAY','','01','004','4568147'),
 ('0000001986','ESPINOSA','VICTOR ANDRES','17744500','','04269056121','04269056121','picandres@hotmail.com','','001','001','-','','01','025','sa17744500'),
 ('0000001987','LOPEZ GRILLO','LUIS','224558','','04141111434 ','04141111434 ','llopezgrillo@hotmail.com','','001','001','-','','01','025','sa224558'),
 ('0000001988','PUIGBO','JUAN JOSE','274781','','04122440596','04122440596','puigbog@gmail.com','','001','001','-','','01','025','sa274781'),
 ('0000001989','FIGUEREDO','JOSE','4221368','','04143365802','04143365802','jfigueredo58@gmail.com','','001','001','-','','01','025','sa4221368'),
 ('0000001990','NAVARRO','LISSETTE','44444444','','04165375862','04165375862','lissettenavarro@yahoo.es','','001','001','-','','01','025','sa44444444'),
 ('0000001991','ACOSTA RODRIGUEZ','ALEJANDRO','18104221','','-','-','-','','001','001','-','','01','025','18104221'),
 ('0000001992','ALMONTE','NEFTALI','14684571','','-','-','neftalialm@gmail.com','','006','001','-','','04','025',''),
 ('0000001993','BIANCO','EDUARDO','10529536','','-','-','-','-','001','037','-','','01','025','10529536'),
 ('0000001994','DORADO','YUL','13559682','','-','-','-','','001','164','-','','01','025','13559682'),
 ('0000001995','FIERRO','LEYNNIS','19721199','','-','-','ciponten@yahoo.com','','051','001','CARACAS','','01','025','19721199'),
 ('0000001996','FLORES DE FINIZOLA','AURIS FILOMENA','3860774','','02514428837','04145270310','coordinacion@ascardio.org','','001','001','BARQUISIMETO','','01','025','3860774'),
 ('0000001997','GRANERO','RICARDO','4165701','','04162519931','0416-251.99.31','ricardogranero@cantv.net','','010','001','BARQUISIMETO','','01','011','4165701'),
 ('0000001998','GELVES LIZBETH','PATRICIA','15167101','','-','-','ciponten@yahoo.com','','051','001','CARACAS','','01','025','15167101'),
 ('0000001999','IRIARTE','YUNI','6848401','','-','-','-','','001','001','BARQUISIMETO','','01','025','6848401'),
 ('0000002000','SAENZ','JAZMIN','3977007','','04142498159','04142498159','jazmin39@hotmail.com','','051','001','-','','01','025','3977007'),
 ('0000002001','LABRADOR','JUSBETH','14503305','','-','-','jusba_06@hotmail.com','','006','001','CARACAS','','04','025','14503305'),
 ('0000002002','LOPEZ','DANIEL','6204385','','04123311156','04123311156','d291265@gmail.com','','001','001','CARACAS','','01','025','6204385'),
 ('0000002003','LEIDENS','MAIRELLYS','13204269','','-','-','-','','001','001','-','','01','025','63976'),
 ('0000002004','','','','','','','','','--','001','','','01','025',''),
 ('0000002005','MALDONADO','KATIUSKA','13984031','','-','-','katy-25@hotmail.com','','006','001','Caracas','','04','025','13984031'),
 ('0000002006','MELENDEZ','TERESA','14645987','14645987','-','04267108619','blancosobrino@gmail.com','-','006','001','Caracas','','04','025','66314'),
 ('0000002007','MOYA','EMELIB','8391291','','1','1','ememoya@hotmail.com','','007','001','Caracas','','03','022',''),
 ('0000002008','PIÑA','PEDRO PABLO','9927906','','-','04122262358','pppz30@gmail.com','','001','001','Caracas','','01','025','48172'),
 ('0000002009','ROA','REEINA','1612273','','-','-','-','-','001','123','Ciudad de Panama','','01','025','1612273'),
 ('0000002010','RAMIREZ','HERNAN','3317582','','1','04145136691','rhernan@cantv.net','','001','001','Barquisimeto','','01','011','48172'),
 ('0000002011','TORREALBA ','CARLOS','5538832','','1','0414-3273607','crtorrealba@cantv.net','','009','001','Caracas','','01','022','5538832'),
 ('0000002012','SUBERO','ALBERTO','20561592','','04123907593','-','-','','051','001','Caracas','','01','025','20561592'),
 ('0000002013','URBINA ROMERO','JULIO ALBERTO','1956858','C1956858','-','-','-','','001','051','-','','01','025','1956858'),
 ('0000002014','VALECILLO','EMILIO','2967561','','04166389230','-','-','','001','001','Caracas','','01','025','2967561'),
 ('0000002015','VEDILEI','ADA','4078461','','-','0414-3387829','avedilei@gmail.com','','050','001','-','','01','025','4078461'),
 ('0000002016','VIVOLO','GIUSEPPINA','6810995','','-','0416-7197531','pina2663@yahoo.com','','001','001','Caracas','','01','022','6810995'),
 ('0000002017','TORO','MARLON','9919846','','-','04164924027','marlontoro@hotmail.com','-','001','001','-','','01','025','9910846'),
 ('0000002018','LOPEZ HIDALGO','MIGUEL','5373900','','-','04143597745','lopezh900@hotmail.com','-','001','001','-','','01','025','5373900'),
 ('0000002020','ACOSTA ','NARCISO JULIO','9878377','','-','04143668176','drjulioacosta@gmail.com','','001','001','-','','01','025','9878377'),
 ('0000002021','DE JESUS ','ALESSANDRA ','18934996','','0','04149064000','NICOCARDIOHOTMAIL.COM','','051','001','','','01','025','46182'),
 ('0000002022','ARCE','JOMARY','16225927','','-','-','yomarcerv-83@hotmail.com','','007','001','-','','03','025','16225927'),
 ('0000002023','GUEVARA','MILAGROS','8857334','','0','04168858922','-','','001','001','','','01','025','8857334'),
 ('0000002024','ARCIA MATOS','DAYANA','18039417','','-','-','arciadayana@hotmail.com','','007','001','-','','03','025','18039417'),
 ('0000002025','FURIOL','GABRIEL','5970819','','-','0416-6953174','gabrielfuriol@cantv.net','','001','001','-','','01','025','5970819'),
 ('0000002026','WANGUEMET','ANA MARINA','5967847','','-','-','-','','001','001','-','','01','025','5967847'),
 ('0000002027','HOLMSTROM','CHRISTIAN','13600545','','-','04129750949','CHRIATIANHOL@GMAIL.COM','','012','001','CARACAS','','01','022','19761'),
 ('0000002028','JIMENEZ','INES','6026120','','-','04165235568','IMENEZ@GMAIL.COM','','001','001','-','','01','025','30538'),
 ('0000002029','BOCCALON','YOHANNA','13783194','','-','-','-','','001','001','-','','01','025','13783194'),
 ('0000002030','CASTELLANOS','YAZIA','14310806','','-','-','-','','001','001','-','','01','025','14310806'),
 ('0000002031','LEON  ','CEDIS VICTOR ','6864896','','-','04161352740','LEONCEDIS@HOTMAIL.COM','','001','001','EL VIGIA','','01','012','6864896'),
 ('0000002032','CORVO','MIGUEL ANGEL','4022853','','-','-','-','','001','001','-','','01','025','4022853'),
 ('0000002033','CEDENO','MIRNA ELENA','6826702','','-','0426-2884855','rsmmedicalcath@hotmail.com','','001','001','-','','01','025','6826702'),
 ('0000002034','MIRANDA','YOBANY','11806603','','-','-','-','','001','001','-','','01','025','11806603'),
 ('0000002035','MIJARES ','SHARON','14427585','','-','-','-','','001','001','-','','01','025','14427585'),
 ('0000002036','BRITOS','JOSE ANGEL','13249039','','-','0414-7679076','-','','001','001','-','','01','025','13249039'),
 ('0000002037','NUCETTE','LILIANA','9784666','','-','04146382658','-','','012','001','MARACAIBO','','01','021','9784666'),
 ('0000002038','RODULFO','ROSANNI','16809412','','-','-','-','','008','001','-','','01','025','16809412'),
 ('0000002039','SANTOS','ALEJANDRO','15576038','','-','-','-','','001','001','-','','01','025','15576038'),
 ('0000002040','SILVA','ROCIO','14442210','','-','04244205836','ZIELINSKI81@HOTMAIL.COM','','012','001','SAN FELIPE','','01','020','14442210'),
 ('0000002041','CONTRERAS ','CARMEN','6909789','','-','0414-1321215','-','','001','001','','','01','025','6909789'),
 ('0000002042','CARRILLO','NELSON','10814388','','-','-','nelsoncarrillo2003@yahoo.es','-','001','001','-','','01','025','10814388'),
 ('0000002043','FERNANDEZ','LUIS JOSE','18405268','','-','0424-1992148','-','-','007','001','-','','03','025','18405268'),
 ('0000002044','CORUJO','MANUEL','11227083','','-','-','-','','001','001','-','','01','025','1122083'),
 ('0000002045','MORALES PEREZ','ILIAIZA','6454036','','-','04245001820','iliaiza@hotmail.com','','006','001','-','','04','025','6454036'),
 ('0000002046','VILLABON','GLORIA','14097082','','-','-','GVILLA@HOTMAIL.COM','','050','001','CARACAS','','01','022','14097082'),
 ('0000002047','FUENTES','JOSE ANGEL','8521044','','-','0414-3278373','-','','001','001','-','','01','025','8521044'),
 ('0000002048','DEIBYS','NORBERTO','4958062','','-','0241-8683272','elecario@hotmail,com','-','001','001','-','','01','025','4958062'),
 ('0000002049','GONZALEZ BEJA','TANIA','10834130','','-','0426-5205439','t.gonzalez@hotmail,com','','001','001','-','','01','025','10834130'),
 ('0000002050','GONZALEZ','YULITZE','11337007','','-','0414-7663191','-','-','001','001','-','','01','025','11337007'),
 ('0000002051','HERNANEZ',' RUTH MARBELIS','6885903','','-','0416-4196439','ruthhernanez@hotmail.com','','001','001','-','','01','025','6885903'),
 ('0000002052','PEREZ CANTO ','GONZALO','14990394','','-','-','-','','003','001','-','','01','025','14990334'),
 ('0000002053','MARIN','LUIS ANTONIO','15114381','','-','0424-9628811','-','','001','001','-','','01','025','15114381'),
 ('0000002054','MARTINEZ HERNANDEZ','ROSELYN','14216583','','-','0412-2743007','-','','001','001','-','','01','025','14216583'),
 ('0000002055','GONZALEZ','CESAR','4507330','','-','04145088832','cesargonzalezgomez@gmail.com','','001','001','-','','01','025','4507330'),
 ('0000002056','PEROZA','YUSLEMY','15863847','','-','0412-5317783','yuslemyperoza@hotmail.com','','001','001','-','','01','025','15863847'),
 ('0000002057','QUINTERO PACHECO','GAUDI','3209382','','-','0414-3012003','gaudiquintero@hotmail.com','','001','001','-','','01','025','3209383'),
 ('0000002058','RAAZ','JAQUELINE','5009476','','-','0414-3302821','-','','001','001','-','','01','025','5009476'),
 ('0000002059','VERGARA UZCATEGUI','CARLOS EDUARDO','18620067','','-','04147451515','carting1@hotmail.com','','004','001','CORO','','03','010',''),
 ('0000002060','MATUTE GUEDEZ','JANNES ANIUSKAR','13605274','','-','04267567112','dleosnari@yahoo,com','','004','001','GUANARE','','03','016',''),
 ('0000002061','CHACIN MALAVE','YOLANDA DEL VALLE','8238543','','-','-','-','','001','001','-','','01','025','8238543'),
 ('0000002062','PINI MATA ','CARLOS FRANCISCO','17074366','','-','04241500893','CPINI@HOSPALMEDICA','','007','001','CARACAS','','03','022','17074366'),
 ('0000002063','MATUTE FERNANDEZ','JESUS ORLANDO','16477635','','-','04121553538','jesorlam@hotmail.com','','004','001','GUANARE','','03','016',''),
 ('0000002064','MELGOZA','CARMEN CECILIA','8311952','','-','0414-8192419','carmenmelgosa1@hotmail.com','','001','001','-','','01','025','8311952'),
 ('0000002065','PESTANA DO ESPIRITO','LUCIANA MARIA ','17926216','','-','04241500887','LPESTANA@HOSPALMEDICA.COM','','007','001','CARACAS','','03','022','17926216'),
 ('0000002066','SALAZAR GONZALEZ ','SADY ARIANGEL','14558343','','-','04142752809','SSALAZAR@HOSPALMEDICA.COM','','007','001','CARACAS','','03','022','14558343'),
 ('0000002067','RUIZ','ERNESTO','12207822','','-','0414-5116672','-','','001','001','-','','01','025','12207822'),
 ('0000002068','SANCHEZ','ELEAZAR','3304601','','-','0414-3406477','fundacircarval@hotmail.com','-','001','001','-','','01','025','3304601'),
 ('0000002069','VEGAS','LUSLLERNYS','17477663','','-','0244-3954473','lusllernysvegas@hotmail.com','','001','001','-','','01','025','17477663'),
 ('0000002070','INFANTE SULBARAN','EDUARDO','19104244','','-','0426-8558535','-','','001','001','BARQUISIMETO','','01','011','19104244'),
 ('0000002071','OBREGON','OSWALDO','4777373','','-','04166278000','ORWALDOOBREGON@GMAIL.COM','','050','001','CARACAS','','01','022','5502'),
 ('0000002072','ACUÑA','YUSELIS','13856077','','-','0414-3505892','-','','001','001','-','','01','025','13856077'),
 ('0000002073','AMARO','MARCIAL','4853196','','-','0416-6528254','marcial550@hotmail.com','','001','001','-','','01','025','4853196'),
 ('0000002074','HERNANDEZ ALVAREZ','ANGELICA B.','18906339','','-','04145693067','abhacachita@hotmail.com','','004','001','BARQUISIMETO','','03','011',''),
 ('0000002075','COLMENARES','MERCEDES','16489327','','-','0414-8000104','-','','007','001','-','','03','025','16489327'),
 ('0000002076','CORDOVA','JESUS','9973442','','-','0414-3794353','jca2670@hotmail.com','','001','001','-','','01','025','9973442'),
 ('0000002077','CRESSA','LUIS','13401438','','-','0414-3380522','icressa@gmail.com','','001','001','-','','01','025','13401438'),
 ('0000002078','IBARRA','IRMA','6513401','','-','0424-2040763','-','','001','001','-','','01','025','6513401'),
 ('0000002079','NARCISI','SHARON','17400859','','-','0414-3177912','sharonnarcisi@gmail.com','','007','001','-','','03','025','17400859'),
 ('0000002080','MAYZ','HUMBERTO','14977897','','-','0426-8815841','hmayz062008@hotmail.com','','007','001','-','','03','025','14977897'),
 ('0000002081','MORENO','FREDDY','9332248','','-','0414-7046775','morenofreddy79@hotmail.com','','001','001','-','','01','025','9332248'),
 ('0000002082','PEREZ HERNANDEZ','GILMER OMAR','24587870','','-','04245588694','gilmerskate46@hotmail.com','','004','001','BARQUISIMETO','','03','011',''),
 ('0000002083','JIMENEZ RAMIREZ','LIA J.','19430943','','-','04245923015','lia_jime12@hotmail.com','','004','001','BARQUISIMETO','','03','011',''),
 ('0000002084','QUIROZ','DORIS','82057084','','-','0414-3177912','sdorispquiroz@gmail.com','','007','001','-','','03','025','82057084'),
 ('0000002085','RIVAS','JENIFER','4453806','','-','0414-4613072','-','','001','001','','','01','025','4453806'),
 ('0000002086','CALVO','MARIA LUISA','4452043','','-','0414-4613072','-','','001','001','','','01','025','4452043'),
 ('0000002087','SEQUEDA','JOSE','6321599','','-','0414-2545847','-','','007','001','-','','03','025','6321599'),
 ('0000002088','SOTO','SAUL','4911062','','-','-','-','','001','001','-','','01','025','4911062'),
 ('0000002089','VASQUEZ','LUIS','7505993','','-','0414-5494321','luis_vasquez000@hotmail,com','','001','001','-','','01','025','7505993'),
 ('0000002090','GREATTY','ONELIA','8340926','','-','-','GREATTYQ@MSN.COM','','001','001','-','','01','025','8340926'),
 ('0000002091','MALAVE CHIRINO','CARMEN','3762959','','-','-','-','','001','001','-','','01','025','3762959'),
 ('0000002092','VASQUEZ','MARINELLY','13668779','','-','0426-8825142','-','','001','001','-','','01','025','13668779'),
 ('0000002093','YANEZ','ADELMIS','7958087','','-','0414-9130416','-','','007','001','-','','03','025','7958087'),
 ('0000002094','MARRERO','LUIS JOSE ','3820440','','-','04141409604','MARREROL@PDVSA.COM','','001','001','LOS TEQUES','','01','013','15394'),
 ('0000002095','ALMONTE','NEPTALI','0114684574','','-','-','-','','001','001','-','','01','025','8761'),
 ('0000002096','SEQUERA','MARISOL','7023786','','-','-','-','','001','001','-','','01','025','7023786'),
 ('0000002097','RODRIGUEZ','DOMINGO ','9542318','','-','-','-','-','001','001','','','01','025','9542318'),
 ('0000002098','DA SILVA','JOSE','7883774','','-','-','-','-','051','001','','','01','025','7883774'),
 ('0000002099','BASTIDAS ','HECTOR','6041487','','-','-','-','','051','001','-','','01','025','6041487'),
 ('0000002100','TOVAR MARTINEZ','JOSE RAFAEL','10303880','','-','-','-','-','001','001','-','','01','025','10303880'),
 ('0000002101','LOPEZ ','HILDEMAR','3629264','','-','-','-','-','051','001','-','','01','025','3629264'),
 ('0000002102','MONASTERIO CEQUEA','YUBIRYS BETZAIA','9860113','','-','0426-5901969','yubirysm@hotmail,com','','001','001','-','','01','006','9860113'),
 ('0000002103','RODRIGUEZ','PEDRO','9149029','','-','04167785458','-','','012','001','-','','01','005','56666'),
 ('0000002104','FERNANDEZ','CARLOS','6401217','','-','-','-','','012','001','-','','01','025','6401217'),
 ('0000002105','TANIT','HUERFANO','11990524','','-','-','-','','012','001','-','','01','025','11990524'),
 ('0000002106','GODOY','NORIS','9269096','','-','-','-','','012','001','-','','01','005','9269096'),
 ('0000002107','MARQUEZ','MARY LUZ','10136849','','-','-','-','','006','001','-','','04','025','10136849'),
 ('0000002108','VALDIVIESO','RAFAEL','6551792','','-','-','-','','012','001','-','','01','025','6551792'),
 ('0000002109','PULIDO MUSHE ','PABLO','2095219','','-','-','PPULIDOQCCS@INTERNET.VE','','001','001','','','01','025','2005219'),
 ('0000002110','PASTOR','MANUEL','2961836','','-','-','-','','001','001','BARQUISIMETO','','01','011','2961836'),
 ('0000002111','DOMINGUEZ','LOBELIA','12708265','','-','-','-','','006','001','-','','04','025','12708265'),
 ('0000002112','SOSA','WALTER','81281398','','-','-','-','','001','001','CARACAS','','01','022','81281398'),
 ('0000002113','GONZALEZ NAVARRO','GRACIELA','10478542','','-','-','-','-','012','001','-','','01','025','56423'),
 ('0000002114','CHIRINO','YEIRAMA','16369839','','-','-','-','','001','001','-','','01','025','16369839'),
 ('0000002115','TERAN G.','JHOAN E.','18654506','','-','04166510089','jhenteran@hotmail.com','','004','001','-','','03','011','18654506'),
 ('0000002116','BARTOLOZZI','CARLOS','12876915','','-','-','-','','001','001','-','','01','025','12876915'),
 ('0000002117','BARTOLOZZI ','LUIS','6985389','','-','-','-','','001','001','-','','01','025','6985389'),
 ('0000002118','BOLANOS ','ANTONIETA','16722840','','-','-','-','','006','001','-','','04','025','16722840'),
 ('0000002119','CEDENO','RAMON','3291503','','-','-','-','','001','001','-','','01','025','3291503'),
 ('0000002120','COLMENAREZ ','HUMBERTO ','12536692','','-','-','-','','006','001','-','','04','025','12536692'),
 ('0000002121','DIAZ ','MARIA ','13687501','','-','-','-','','006','001','-','','04','025','13686501'),
 ('0000002122','DOMINIGUEZ ','CARMEN ','15651596','','-','-','-','-','006','001','-','','04','025','15651596'),
 ('0000002123','GARCIA ','SIEVERS','5326257','','-','-','-','','001','001','-','','01','025','5326257'),
 ('0000002124','GOTOPO','JORGE','14884286','','-','-','-','-','006','001','-','','04','025','14884246'),
 ('0000002125','JAIMES','NORA','5652010','','-','-','-','-','001','001','-','','01','025','5652010'),
 ('0000002126','LLOVERA ','MARCOS','13215770','','-','-','-','','006','001','-','','04','025','13215770'),
 ('0000002127','GRUBER','MARIA','5223283','','-','-','-','','012','001','-','','01','025','5223283'),
 ('0000002128','LANDAETA ','LUISA','4275503','','-','-','-','','012','001','-','','01','025','4275503'),
 ('0000002129','MELENEZ','YUSMELY','13504584','','-','-','-','','006','001','-','','04','025','13504584'),
 ('0000002130','PACHAS ','JUAN','14461417','','-','-','-','','006','001','-','','04','025','14461417'),
 ('0000002131','PEREZ','CESAR','9281502','','-','-','-','','001','001','-','','01','025','9281502'),
 ('0000002132','CURIEL','ROBERTO','741027','','-','-','-','','001','001','-','','01','025','741027'),
 ('0000002133','PACHECO','JUAN CARLOS','8986905','','-','-','-','','008','001','-','','01','025','8986905'),
 ('0000002134','RANGEL ','CARLOS','14146226','','-','-','-','','006','001','-','','04','025','14146226'),
 ('0000002135','MOROS','MARIA','16512090','','-','-','-','','008','001','-','','01','025','16512090'),
 ('0000002136','ROMERO ','MERY','3783518','','-','-','-','-','001','001','-','','01','025','3783578'),
 ('0000002137','ARROYO PAREJO','MAX','4348815','','-','-','-','','012','001','-','','01','025','4348815'),
 ('0000002138','ESPINOZA','ELIZABETH','4357831','','-','-','-','','012','001','-','','01','025','4357831'),
 ('0000002139','ESCOBAR','VICTOR MANUEL','11954522','','-','-','-','-','006','001','-','','04','025','11954522'),
 ('0000002140','PEREZ','GEISER ','14573939','','-','-','-','','006','001','-','','04','025','14573939'),
 ('0000002141','MILLAN ','YULIMAR','8291273','','-','-','-','-','006','001','-','','04','025','8291273'),
 ('0000002142','LOPEZ ','ANIBAL','16114117500044','','-','-','-','-','006','001','-','','04','025','1611411175'),
 ('0000002143','CASTILLO','ESTHER','10384003','','-','-','-','','001','001','-','','01','025','10384003'),
 ('0000002144','RAMOS','MARIA ELENA','9898053','','-','-','-','','001','001','-','','01','025','9898053'),
 ('0000002145','TRUJILLO','LOURDES','4578815','','-','-','-','FHCIL','001','001','-','','01','025','4578815'),
 ('0000002146','MARIO','ELIAS','12484696','','-','-','-','','001','001','-','','01','025','12484699'),
 ('0000002147','PIETRI','CARLOTA','2766164','','-','-','-','-','007','001','-','','03','025','2766164'),
 ('0000002148','PEREZ URDANETA ','ANGELA ADELA','5066396','','-','-','-','','007','001','-','','03','025','5096396'),
 ('0000002149','FERRER','ELIBETH','12307549','','-','-','-','','007','001','-','','03','025','12307549'),
 ('0000002150','ALBA','ISABEL','12484153','','-','04166207940','isalbagra@hotmail.com','','001','001','-','','01','025','12484153'),
 ('0000002151','ACEVEDO','GLADYS','13194679','','-','-','-','','012','001','-','','01','025','13194679'),
 ('0000002152','MIRELA','NILDA','3894721','','-','-','-','','012','001','-','','01','025','3894721'),
 ('0000002153','GONZALEZ','MARLENY','3861139','','-','-','-','','001','001','-','','01','025','3861139'),
 ('0000002154','GONZALEZ ','LUIS','7229906','','-','-','-','','050','001','-','','01','025','7229906'),
 ('0000002155','SANCHEZ OJEDA','INDIRA','11160056','','-','-','-','centro medico san bernardino ','007','001','-','','03','025','11160056'),
 ('0000002156','CATALIOTI QUINTERO','FRANCIA ELVIRA','13990172','','-','-','francia273@hotmail.com','','001','001','-','','01','025','67649'),
 ('0000002157','SANCHEZ ','OSCAR RAFAEL','6057587','','-','-','-','','011','001','-','','01','025','40091'),
 ('0000002158','CARDONA','RICHARD','4276483','','-','-','-','-','007','001','-','','03','025','4276483'),
 ('0000002159','CHACON','FRANCISCO JOSE','17784370','','-','-','-','','004','001','-','','03','025','');
