INSERT INTO `hoja2` (`ID`,`numero`,`razsoc`,`stapattra`,`stapathos`,`stapatinc`,`fecpre`,`cedpar`,`paspar`,`nompar`,`apepar`,`codesp`,`nomesp`,`telhab`,`telcel`,`emapar`,`lugtra`,`nomciu`,`codest`,`nomest`,`codpai`,`nompai`,`nomstavue`,`nomhot`,`codaso`,`stasolsvc`,`miembrosolvente`,`codtippar`,`codeve`,`stainc`,`stafac`,`tippre`,`logusu`,`monevepar`,`codparpar`,`codfac`,`codhot`,`stavue`,`fecvue`,`nomvue`,`viaaco`,`staentmat`,`staimpcer`,`staexo`,`codpat`,`emaper`,`codpar`) VALUES 
 (739,739,'DAIICHI SANKYO VENEZUELA S.A.','S','S','S','2008-06-12 00:00:00',8424215,'','JULIAN','SAUD','041','MEDICINA GENERAL','-','-','-','Cumana','Cumana','025','NO DEFINIDO','001','VENEZUELA','AVION','MARINA BAY','','-','','01','0000000001','N','N','P','123',400,'04','','004','A','0000-00-00 00:00:00','','','N','N','N','0014','ds@daiichisankyo.com',''),
 (740,740,'DAIICHI SANKYO VENEZUELA S.A.','S','S','S','2008-06-12 00:00:00',8476952,'','LUIS','LUNAR','010','INTERNISTA','-','-','-','-','Caracas','025','NO DEFINIDO','001','VENEZUELA','AVION','MARINA BAY','','-','','01','0000000001','N','N','P','123',400,'04','','004','A','0000-00-00 00:00:00','','','N','N','N','0014','ds@daiichisankyo.com',''),
 (741,741,'DAIICHI SANKYO VENEZUELA S.A.','S','S','S','2008-06-12 00:00:00',8649857,'','RAFAEL ROSAS','AVILÈ','001','Cardiologo','-','-','-','Cumana','Cumana','025','NO DEFINIDO','001','VENEZUELA','AVION','MARINA BAY','','-','','01','0000000001','N','N','P','123',400,'04','','004','A','0000-00-00 00:00:00','','','N','N','N','0014','ds@daiichisankyo.com',''),
 (742,742,'DAIICHI SANKYO VENEZUELA S.A.','S','S','S','2008-06-12 00:00:00',8723169,'','LISETE','ARANGUIBEL','001','Cardiologo','4141790678','-','-','Ipas Nacional Pabello Militar Hula','Merida','025','NO DEFINIDO','001','VENEZUELA','AVION','MARINA BAY','','-','','01','0000000001','N','N','P','123',400,'04','','004','A','0000-00-00 00:00:00','','','N','N','N','0014','ds@daiichisankyo.com',''),
 (743,743,'DAIICHI SANKYO VENEZUELA S.A.','S','S','S','2008-06-12 00:00:00',8743506,'','SOLIMHAR','PEREZ','001','Cardiologo','0416-4312000','-','-','LABROSO -Clinica Lugo ','Maracay ','025','NO DEFINIDO','001','VENEZUELA','AVION','MARINA BAY','','-','','01','0000000001','N','N','P','123',400,'04','','004','A','0000-00-00 00:00:00','','','N','N','N','0014','ds@daiichisankyo.com',''),
 (744,744,'DAIICHI SANKYO VENEZUELA S.A.','N','N','S','2008-06-12 00:00:00',8894128,'','MANUEL','ACOSTA','001','Cardiologo','-','-','-','Porlamar','Porlamar','025','NO DEFINIDO','001','VENEZUELA','','','','-','','01','0000000001','N','N','P','123',400,'04','','','-','0000-00-00 00:00:00','','','N','N','N','0014','ds@daiichisankyo.com',''),
 (745,745,'DAIICHI SANKYO VENEZUELA S.A.','S','S','S','2008-06-12 00:00:00',8924390,'','MAYIDA','NAZZOURE','001','Cardiologo','0416 6881073','-','-','Clinica San Pedro Av. Prospero Reverend ','CIUDAD BOLIVAR','025','NO DEFINIDO','001','VENEZUELA','AVION','MARINA BAY','','-','','01','0000000001','N','N','P','123',400,'04','','004','A','0000-00-00 00:00:00','','','N','N','N','0014','ds@daiichisankyo.com',''),
 (746,746,'DAIICHI SANKYO VENEZUELA S.A.','S','S','S','2008-06-12 00:00:00',9218814,'','HENRY','SUAREZ','001','Cardiologo','4147191122','-','-','Clinica Uribante','San Cristobal','025','NO DEFINIDO','001','VENEZUELA','AVION','MARINA BAY','','-','','01','0000000001','N','N','P','123',400,'04','','004','A','0000-00-00 00:00:00','','','N','N','N','0014','ds@daiichisankyo.com',''),
 (747,747,'DAIICHI SANKYO VENEZUELA S.A.','S','S','S','2008-06-12 00:00:00',9269096,'','NORIS','GODOY','001','Cardiologo','4145680220','-','noris_godoy@yahoo.com','HOSPT BARINAS/ CLIN SAN JUAN','BARINAS','005','NO DEFINIDO','001','VENEZUELA','AVION','MARINA BAY','','-','','01','0000000001','N','N','P','123',400,'04','','004','A','0000-00-00 00:00:00','','','N','N','N','0014','ds@daiichisankyo.com',''),
 (748,748,'DAIICHI SANKYO VENEZUELA S.A.','S','S','S','2008-06-12 00:00:00',9344530,'','TULIO','PEÑUELA','046','RESIDENTE DE CARDIOLOGIA','-','-','-','Hospital Pèrez Carreño','Caracas','025','NO DEFINIDO','001','VENEZUELA','AVION','MARGARITA SUITES','','-','','04','0000000001','N','N','P','123',400,'04','','017','A','0000-00-00 00:00:00','','','N','N','N','0014','ds@daiichisankyo.com',''),
 (749,749,'DAIICHI SANKYO VENEZUELA S.A.','S','S','S','2008-06-12 00:00:00',9515066,'','FANNY','MORON','001','Cardiologo','-','-','-','Centro regional cardiovasculas de Coro','Coro','025','NO DEFINIDO','001','VENEZUELA','AVION','MARINA BAY','','-','','01','0000000001','N','N','P','123',400,'04','','004','A','0000-00-00 00:00:00','','','N','N','N','0014','ds@daiichisankyo.com',''),
 (750,750,'DAIICHI SANKYO VENEZUELA S.A.','S','S','S','2008-06-12 00:00:00',9640748,'','FRANCISCO JAVIER','LÓPEZ','001','Cardiologo','0412-7539864','-','-','Ctro. Médico Maracay','Maracay','025','NO DEFINIDO','001','VENEZUELA','AVION','MARINA BAY','','-','','01','0000000001','N','N','P','123',400,'04','','004','A','0000-00-00 00:00:00','','','N','N','N','0014','ds@daiichisankyo.com',''),
 (751,751,'DAIICHI SANKYO VENEZUELA S.A.','S','S','S','2008-06-12 00:00:00',9807158,'','ANGIE','GOITIA','001','Cardiologo','-','-','-','Clinica La Familia','Pto. Fijo','025','NO DEFINIDO','001','VENEZUELA','AVION','MARINA BAY','','-','','01','0000000001','N','N','P','123',400,'04','','004','A','0000-00-00 00:00:00','','','N','N','N','0014','ds@daiichisankyo.com',''),
 (752,752,'DAIICHI SANKYO VENEZUELA S.A.','S','S','S','2008-06-12 00:00:00',9810760,'','GUSTAVO','ESPINOZA','046','RESIDENTE DE CARDIOLOGIA','-','-','-','Hospital Pèrez Carreño','Caracas','025','NO DEFINIDO','001','VENEZUELA','AVION','MARGARITA SUITES','','-','','04','0000000001','N','N','P','123',400,'04','','017','A','0000-00-00 00:00:00','','','N','N','N','0014','ds@daiichisankyo.com',''),
 (753,753,'DAIICHI SANKYO VENEZUELA S.A.','S','S','S','2008-06-12 00:00:00',9927906,'','PEDRO PABLE','PINA','046','RESIDENTE DE CARDIOLOGIA','-','-','-','Hospital Pèrez Carreño','Caracas','025','NO DEFINIDO','001','VENEZUELA','AVION','MARINA BAY','','-','','04','0000000001','N','N','P','123',400,'04','','004','A','0000-00-00 00:00:00','','','N','N','N','0014','ds@daiichisankyo.com',''),
 (754,754,'DAIICHI SANKYO VENEZUELA S.A.','S','S','S','2008-06-12 00:00:00',10230526,'','MARÍA CLARA','GARCÍA','001','Cardiologo','-','-','marieclaire2205@hotmail.com','Clínica Valencia Plaza','Valencia','025','NO DEFINIDO','001','VENEZUELA','AVION','MARINA BAY','','-','','01','0000000001','N','N','P','123',400,'04','','004','A','0000-00-00 00:00:00','','','N','N','N','0014','ds@daiichisankyo.com',''),
 (755,755,'DAIICHI SANKYO VENEZUELA S.A.','S','S','S','2008-06-12 00:00:00',10411300,'','MANUEL','SERRANO','046','RESIDENTE DE CARDIOLOGIA','-','-','-','CACOR. Hosp Gen. Del Sur','Maracaibo ','025','NO DEFINIDO','001','VENEZUELA','AVION','MARGARITA SUITES','','-','','04','0000000001','N','N','P','123',400,'04','','017','A','0000-00-00 00:00:00','','','N','N','N','0014','ds@daiichisankyo.com',''),
 (756,756,'DAIICHI SANKYO VENEZUELA S.A.','S','S','S','2008-06-12 00:00:00',10832410,'','ANTONIO','GUAIPO','001','Cardiologo','4142735142','-','-','Ipas Nacional Centro Medico Atrium','Merida','025','NO DEFINIDO','001','VENEZUELA','AVION','MARINA BAY','','-','','01','0000000001','N','N','P','123',400,'04','','004','A','0000-00-00 00:00:00','','','N','N','N','0014','ds@daiichisankyo.com',''),
 (757,757,'DAIICHI SANKYO VENEZUELA S.A.','S','S','S','2008-06-12 00:00:00',11248296,'','CARLOS','MOGOLLON','001','Cardiologo','-','-','-','-','Caracas','025','NO DEFINIDO','001','VENEZUELA','AVION','MARINA BAY','','-','','01','0000000001','N','N','P','123',400,'04','','004','A','0000-00-00 00:00:00','','','N','N','N','0014','ds@daiichisankyo.com',''),
 (758,758,'DAIICHI SANKYO VENEZUELA S.A.','S','S','S','2008-06-12 00:00:00',11764920,'','LEWIS','CARRASQUERO','046','RESIDENTE DE CARDIOLOGIA','-','-','-','Hospital Pèrez Carreño','Caracas','025','NO DEFINIDO','001','VENEZUELA','AVION','MARGARITA SUITES','','-','','04','0000000001','N','N','P','123',400,'04','','017','A','0000-00-00 00:00:00','','','N','N','N','0014','ds@daiichisankyo.com',''),
 (759,759,'DAIICHI SANKYO VENEZUELA S.A.','S','S','S','2008-06-12 00:00:00',12262189,'','JORGE','PAEZ','046','RESIDENTE DE CARDIOLOGIA','-','-','-','Hospital Pèrez Carreño','Caracas','025','NO DEFINIDO','001','VENEZUELA','AVION','MARINA BAY','','-','','04','0000000001','N','N','P','123',400,'04','','004','A','0000-00-00 00:00:00','','','N','N','N','0014','ds@daiichisankyo.com',''),
 (760,760,'DAIICHI SANKYO VENEZUELA S.A.','S','S','S','2008-06-12 00:00:00',12403111,'','GRACIELA','ARAB','046','RESIDENTE DE CARDIOLOGIA','-','-','-','Hospital Pèrez Carreño','Caracas','025','NO DEFINIDO','001','VENEZUELA','AVION','MARGARITA SUITES','','-','','04','0000000001','N','N','P','123',400,'04','','017','A','0000-00-00 00:00:00','','','N','N','N','0014','ds@daiichisankyo.com',''),
 (761,761,'DAIICHI SANKYO VENEZUELA S.A.','S','S','S','2008-06-12 00:00:00',12404005,'','MARIA EUGENIA','FARIAS','046','RESIDENTE DE CARDIOLOGIA','-','-','-','CACOR. Hosp Gen. Del Sur','Maracaibo ','025','NO DEFINIDO','001','VENEZUELA','AVION','MARGARITA SUITES','','-','','04','0000000001','N','N','P','123',400,'04','','017','A','0000-00-00 00:00:00','','','N','N','N','0014','ds@daiichisankyo.com',''),
 (762,762,'DAIICHI SANKYO VENEZUELA S.A.','S','N','S','2008-06-12 00:00:00',12797078,'','FREDDY','DIAZ','001','Cardiologo','-','-','fredernesto@yahoo,com','-','Caracas','025','NO DEFINIDO','001','VENEZUELA','AVION','','','-','','01','0000000001','N','N','P','123',400,'04','','','A','0000-00-00 00:00:00','','','N','N','N','0014','ds@daiichisankyo.com',''),
 (763,763,'DAIICHI SANKYO VENEZUELA S.A.','S','S','S','2008-06-12 00:00:00',13000592,'','KATMIRY','PAZ','046','RESIDENTE DE CARDIOLOGIA','-','-','-','CACOR. Hosp Gen. Del Sur','Maracaibo ','025','NO DEFINIDO','001','VENEZUELA','AVION','MARGARITA SUITES','','-','','04','0000000001','N','N','P','123',400,'04','','017','A','0000-00-00 00:00:00','','','N','N','N','0014','ds@daiichisankyo.com',''),
 (764,764,'DAIICHI SANKYO VENEZUELA S.A.','S','S','S','2008-06-12 00:00:00',13004180,'','LUCIA','SUBERO','046','RESIDENTE DE CARDIOLOGIA','-','-','-','Hospital Pèrez Carreño','Caracas','025','NO DEFINIDO','001','VENEZUELA','AVION','MARGARITA SUITES','','-','','04','0000000001','N','N','P','123',400,'04','','017','A','0000-00-00 00:00:00','','','N','N','N','0014','ds@daiichisankyo.com',''),
 (765,765,'DAIICHI SANKYO VENEZUELA S.A.','S','S','S','2008-06-12 00:00:00',13014160,'','FRANCISCO','SANCHEZ','046','RESIDENTE DE CARDIOLOGIA','-','-','-','Ser Cardiologia Hospital U delos Andes','Mérida','025','NO DEFINIDO','001','VENEZUELA','AVION','MARGARITA SUITES','','-','','04','0000000001','N','N','P','123',400,'04','','017','A','0000-00-00 00:00:00','','','N','N','N','0014','ds@daiichisankyo.com',''),
 (766,766,'DAIICHI SANKYO VENEZUELA S.A.','S','S','S','2008-06-12 00:00:00',13055022,'','ERI','ROMERO','046','RESIDENTE DE CARDIOLOGIA','-','-','-','Luciani','Caracas','025','NO DEFINIDO','001','VENEZUELA','AVION','MARGARITA SUITES','','-','','04','0000000001','N','N','P','123',400,'04','','017','A','0000-00-00 00:00:00','','','N','N','N','0014','ds@daiichisankyo.com',''),
 (767,767,'DAIICHI SANKYO VENEZUELA S.A.','S','S','S','2008-06-12 00:00:00',13081224,'','ADRIAM','LOSANO','046','RESIDENTE DE CARDIOLOGIA','-','-','-','CACOR. Hosp Gen. Del Sur','Maracaibo ','025','NO DEFINIDO','001','VENEZUELA','AVION','MARGARITA SUITES','','-','','04','0000000001','N','N','P','123',400,'04','','017','A','0000-00-00 00:00:00','','','N','N','N','0014','ds@daiichisankyo.com',''),
 (768,768,'DAIICHI SANKYO VENEZUELA S.A.','S','S','S','2008-06-12 00:00:00',13152145,'','WILIAM','ZIEGLER','046','RESIDENTE DE CARDIOLOGIA','-','-','-','Hospital Pèrez Carreño','Caracas','025','NO DEFINIDO','001','VENEZUELA','AVION','MARGARITA SUITES','','-','','04','0000000001','N','N','P','123',400,'04','','017','A','0000-00-00 00:00:00','','','N','N','N','0014','ds@daiichisankyo.com',''),
 (769,769,'DAIICHI SANKYO VENEZUELA S.A.','S','S','S','2008-06-12 00:00:00',13358033,'','PATRICIA','MILANO','046','RESIDENTE DE CARDIOLOGIA','-','-','-','Luciani','Caracas','025','NO DEFINIDO','001','VENEZUELA','AVION','MARGARITA SUITES','','-','','04','0000000001','N','N','P','123',400,'04','','017','A','0000-00-00 00:00:00','','','N','N','N','0014','ds@daiichisankyo.com',''),
 (770,770,'DAIICHI SANKYO VENEZUELA S.A.','S','S','S','2008-06-12 00:00:00',13735399,'','NICOLA','VELAZCO','046','RESIDENTE DE CARDIOLOGIA','-','-','-','Fundacor San Cristobal','San Cristobal','025','NO DEFINIDO','001','VENEZUELA','AVION','MARGARITA SUITES','','-','','04','0000000001','N','N','P','123',400,'04','','017','A','0000-00-00 00:00:00','','','N','N','N','0014','ds@daiichisankyo.com',''),
 (771,771,'DAIICHI SANKYO VENEZUELA S.A.','S','S','S','2008-06-12 00:00:00',14302544,'','ROSA','COLINA','046','RESIDENTE DE CARDIOLOGIA','-','-','-','Hospital Pèrez Carreño','Caracas','025','NO DEFINIDO','001','VENEZUELA','AVION','MARGARITA SUITES','','-','','04','0000000001','N','N','P','123',400,'04','','017','A','0000-00-00 00:00:00','','','N','N','N','0014','ds@daiichisankyo.com',''),
 (772,772,'DAIICHI SANKYO VENEZUELA S.A.','S','S','S','2008-06-12 00:00:00',14401820,'','LINDA','FERNANDEZ','046','RESIDENTE DE CARDIOLOGIA','-','-','-','Ser Cardiologia Hospital U delos Andes','Mérida','025','NO DEFINIDO','001','VENEZUELA','AVION','MARGARITA SUITES','','-','','04','0000000001','N','N','P','123',400,'04','','017','A','0000-00-00 00:00:00','','','N','N','N','0014','ds@daiichisankyo.com',''),
 (773,773,'DAIICHI SANKYO VENEZUELA S.A.','S','S','S','2008-06-12 00:00:00',14433338,'','MARIANELLA','CASTILLO','046','RESIDENTE DE CARDIOLOGIA','-','-','-','Hospital Pèrez Carreño','Caracas','025','NO DEFINIDO','001','VENEZUELA','AVION','MARGARITA SUITES','','-','','04','0000000001','N','N','P','123',400,'04','','017','A','0000-00-00 00:00:00','','','N','N','N','0014','ds@daiichisankyo.com',''),
 (774,774,'DAIICHI SANKYO VENEZUELA S.A.','S','S','S','2008-06-12 00:00:00',14588830,'','DAYANA','STOKONOVIK','046','RESIDENTE DE CARDIOLOGIA','-','-','-','Ser Cardiologia Hospital U delos Andes','Mérida','025','NO DEFINIDO','001','VENEZUELA','AVION','MARGARITA SUITES','','-','','04','0000000001','N','N','P','123',400,'04','','017','A','0000-00-00 00:00:00','','','N','N','N','0014','ds@daiichisankyo.com',''),
 (775,775,'DAIICHI SANKYO VENEZUELA S.A.','S','S','S','2008-06-12 00:00:00',18202601,'','NESTOR','OSPINO','046','RESIDENTE DE CARDIOLOGIA','-','-','-','Hospital Pèrez Carreño','Caracas','025','NO DEFINIDO','001','VENEZUELA','AVION','MARGARITA SUITES','','-','','04','0000000001','N','N','P','123',400,'04','','017','A','0000-00-00 00:00:00','','','N','N','N','0014','ds@daiichisankyo.com',''),
 (776,776,'DAIICHI SANKYO VENEZUELA S.A.','S','S','S','2008-06-12 00:00:00',82281455,'','LUIS MANUEL','ALVARES','001','Cardiologo','-','-','-','CHACAO EDIF PALMIRA','Caracas','025','NO DEFINIDO','001','VENEZUELA','AVION','MARINA BAY','','-','','01','0000000001','N','N','P','123',400,'04','','004','A','0000-00-00 00:00:00','','','N','N','N','0014','ds@daiichisankyo.com',''),
 (777,777,'ASTRAZENECA','S','S','S','2008-06-13 00:00:00',1176560,'','GONZALO','ALBORNOZ','001','Cardiologo','0212-2673344','4148140097','monica.disciullo@astrazeneca.com','-','PLC','025','NO DEFINIDO','001','VENEZUELA','AVION','BELLA VISTA','','-','','01','0000000001','N','N','P','123',400,'04','','007','A','0000-00-00 00:00:00','','','N','N','N','0008','as@astrazeneca.com',''),
 (778,778,'ASTRAZENECA','S','S','S','2008-06-13 00:00:00',1195529,'','YBRAHIM','RODRIGUEZ','001','Cardiologo','0212-2673344','0414 4180180','monica.disciullo@astrazeneca.com','-','Valencia','025','NO DEFINIDO','001','VENEZUELA','AVION','BELLA VISTA','','-','','01','0000000001','N','N','P','123',400,'04','','007','A','0000-00-00 00:00:00','','','N','N','N','0008','as@astrazeneca.com',''),
 (779,779,'ASTRAZENECA','S','S','S','2008-06-13 00:00:00',1378312,'','JOSÉ FRANCISCO','HURTADO','001','Cardiologo','0212-2673344','4144225189','monica.disciullo@astrazeneca.com','-','-','025','NO DEFINIDO','001','VENEZUELA','AVION','BELLA VISTA','','-','','01','0000000001','N','N','P','123',400,'04','','007','A','0000-00-00 00:00:00','','','N','N','N','0008','as@astrazeneca.com',''),
 (780,780,'ASTRAZENECA','S','S','S','2008-06-13 00:00:00',1759684,'','GUILLERMO','VILLORIA','001','Cardiologo','0212-2673344','04143271701','monica.disciullo@astrazeneca.com','-','CARACAS','025','NO DEFINIDO','001','VENEZUELA','AVION','BELLA VISTA','','-','','01','0000000001','N','N','P','123',400,'04','','007','A','0000-00-00 00:00:00','','','N','N','N','0008','as@astrazeneca.com',''),
 (781,781,'ASTRAZENECA','S','S','S','2008-06-13 00:00:00',2151966,'','PEDRO','MONSALVE','001','Cardiologo','0212-2673344','04143170835','monica.disciullo@astrazeneca.com','-','CARACAS','025','NO DEFINIDO','001','VENEZUELA','AVION','BELLA VISTA','','-','','01','0000000001','N','N','P','123',400,'04','','007','A','0000-00-00 00:00:00','','','N','N','N','0008','as@astrazeneca.com',''),
 (782,782,'ASTRAZENECA','S','S','S','2008-06-13 00:00:00',2330009,'','ASDRUBAL','FERRER','001','Cardiologo','0212-2673344','2869235075','monica.disciullo@astrazeneca.com','-','Pto. Ordaz','025','NO DEFINIDO','001','VENEZUELA','AVION','BELLA VISTA','','-','','01','0000000001','N','N','P','123',400,'04','','007','A','0000-00-00 00:00:00','','','N','N','N','0008','as@astrazeneca.com',''),
 (783,783,'ASTRAZENECA','S','S','S','2008-06-13 00:00:00',2814523,'','ORLANDO','OCHOA','001','Cardiologo','0212-2673344','04145790251','monica.disciullo@astrazeneca.com','-','BARINAS ','005','NO DEFINIDO','001','VENEZUELA','AVION','BELLA VISTA','','-','','01','0000000001','N','N','P','123',400,'04','','007','A','0000-00-00 00:00:00','','','N','N','N','0008','as@astrazeneca.com',''),
 (784,784,'ASTRAZENECA','S','S','S','2008-06-13 00:00:00',3114779,'','ALEX','BARBOZA FINOL','001','Cardiologo','0212-2673344','04143601995','monica.disciullo@astrazeneca.com','-','MARACAIBO','025','NO DEFINIDO','001','VENEZUELA','AVION','BELLA VISTA','','-','','01','0000000001','N','N','P','123',400,'04','','007','A','0000-00-00 00:00:00','','','N','N','N','0008','as@astrazeneca.com',''),
 (785,785,'ASTRAZENECA','S','S','S','2008-06-13 00:00:00',3188507,'','GUSTAVO','ANZOLA','001','Cardiologo','0212-2673344','04143954757','monica.disciullo@astrazeneca.com','-','PORLAMAR','025','NO DEFINIDO','001','VENEZUELA','AUTOBUS','BELLA VISTA','','-','','01','0000000001','N','N','P','123',400,'04','','007','B','0000-00-00 00:00:00','','','N','N','N','0008','as@astrazeneca.com',''),
 (786,786,'ASTRAZENECA','S','S','S','2008-06-13 00:00:00',3315837,'','BLADIMIRO','FALCÓN','001','Cardiologo','0212-2673344','4145229694','monica.disciullo@astrazeneca.com','-','Barquisimeto ','025','NO DEFINIDO','001','VENEZUELA','AVION','BELLA VISTA','','-','','01','0000000001','N','N','P','123',400,'04','','007','A','0000-00-00 00:00:00','','','N','N','N','0008','as@astrazeneca.com',''),
 (787,787,'ASTRAZENECA','S','S','S','2008-06-13 00:00:00',3406081,'','ENRIQUE','CARDOZO','001','Cardiologo','0212-2673344','0416.608.89.08','monica.disciullo@astrazeneca.com','-','Caracas','025','NO DEFINIDO','001','VENEZUELA','AVION','BELLA VISTA','','-','','01','0000000001','N','N','P','123',400,'04','','007','A','0000-00-00 00:00:00','','','N','N','N','0008','as@astrazeneca.com',''),
 (788,788,'ASTRAZENECA','S','S','S','2008-06-13 00:00:00',3432292,'','EDGAR','GODOY','001','Cardiologo','0212-2673344','04147976704','monica.disciullo@astrazeneca.com','-','PORLAMAR','025','NO DEFINIDO','001','VENEZUELA','AUTOBUS','BELLA VISTA','','-','','01','0000000001','N','N','P','123',400,'04','','007','B','0000-00-00 00:00:00','','','N','N','N','0008','as@astrazeneca.com',''),
 (789,789,'ASTRAZENECA','S','S','S','2008-06-13 00:00:00',3489234,'','ROMER','CAMEJO','001','Cardiologo','0212-2673344','04147890213','monica.disciullo@astrazeneca.com','-','PORLAMAR','025','NO DEFINIDO','001','VENEZUELA','AUTOBUS','BELLA VISTA','','-','','01','0000000001','N','N','P','123',400,'04','','007','B','0000-00-00 00:00:00','','','N','N','N','0008','as@astrazeneca.com',''),
 (790,790,'ASTRAZENECA','S','S','S','2008-06-13 00:00:00',3600559,'','JOSÉ MANUEL','ORTEGA','001','Cardiologo','0212-2673344','0414340.26.60/ 0416547.03.93','monica.disciullo@astrazeneca.com','-','-','025','NO DEFINIDO','001','VENEZUELA','AVION','BELLA VISTA','','-','','01','0000000001','N','N','P','123',400,'04','','007','A','0000-00-00 00:00:00','','','N','N','N','0008','as@astrazeneca.com',''),
 (791,791,'ASTRAZENECA','S','S','S','2008-06-13 00:00:00',3644123,'','GUILLERMO','GRIBORIO','001','Cardiologo','0212-2673344','04146439206','monica.disciullo@astrazeneca.com','-','MARACAIBO','025','NO DEFINIDO','001','VENEZUELA','AVION','BELLA VISTA','','-','','01','0000000001','N','N','P','123',400,'04','','007','A','0000-00-00 00:00:00','','','N','N','N','0008','as@astrazeneca.com',''),
 (792,792,'ASTRAZENECA','S','S','S','2008-06-13 00:00:00',3663755,'','JORGE LUIS','TRUJILLO MANTELLINI','001','Cardiologo','0212-2673344','-','monica.disciullo@astrazeneca.com','-','Caracas','025','NO DEFINIDO','001','VENEZUELA','AVION','BELLA VISTA','','-','','01','0000000001','N','N','P','123',400,'04','','007','A','0000-00-00 00:00:00','','','N','N','N','0008','as@astrazeneca.com',''),
 (793,793,'ASTRAZENECA','S','S','S','2008-06-13 00:00:00',3696536,'','MARIO','ROMERO','001','Cardiologo','0212-2673344','4143931300','monica.disciullo@astrazeneca.com','-','CUMANA','025','NO DEFINIDO','001','VENEZUELA','AVION','BELLA VISTA','','-','','01','0000000001','N','N','P','123',400,'04','','007','A','0000-00-00 00:00:00','','','N','N','N','0008','as@astrazeneca.com',''),
 (794,794,'ASTRAZENECA','S','S','S','2008-06-13 00:00:00',3751255,'','DANIEL','TARIBA','001','Cardiologo','0212-2673344','04161481796','monica.disciullo@astrazeneca.com','-','Maracay','025','NO DEFINIDO','001','VENEZUELA','AVION','BELLA VISTA','','-','','01','0000000001','N','N','P','123',400,'04','','007','A','0000-00-00 00:00:00','','','N','N','N','0008','as@astrazeneca.com',''),
 (795,795,'ASTRAZENECA','S','S','S','2008-06-13 00:00:00',3776850,'','MAGALY','LAVIERA','049','TECNICO CARDIOPULMONAR','0212-2673344','4146093535','monica.disciullo@astrazeneca.com','-','MCBO','025','NO DEFINIDO','001','VENEZUELA','AVION','BELLA VISTA','','-','','03','0000000001','N','N','P','123',400,'04','','007','A','0000-00-00 00:00:00','','','N','N','N','0008','as@astrazeneca.com',''),
 (796,796,'ASTRAZENECA','S','S','S','2008-06-13 00:00:00',3797715,'','NANCY','GONZALEZ','049','TECNICO CARDIOPULMONAR','0212-2673344','NO TIENE','monica.disciullo@astrazeneca.com','-','MCBO','025','NO DEFINIDO','001','VENEZUELA','AVION','BELLA VISTA','','-','','03','0000000001','N','N','P','123',400,'04','','007','A','0000-00-00 00:00:00','','','N','N','N','0008','as@astrazeneca.com',''),
 (797,797,'ASTRAZENECA','S','S','S','2008-06-13 00:00:00',3824216,'','JOSE','HERRERA','001','Cardiologo','0212-2673344','04143955911','monica.disciullo@astrazeneca.com','-','PORLAMAR','025','NO DEFINIDO','001','VENEZUELA','AUTOBUS','BELLA VISTA','','-','','01','0000000001','N','N','P','123',400,'04','','007','B','0000-00-00 00:00:00','','','N','N','N','0008','as@astrazeneca.com',''),
 (798,798,'ASTRAZENECA','S','S','S','2008-06-13 00:00:00',3831704,'','RAUL ANTONIO','VARGAS SANQUIS','001','Cardiologo','0212-2673344','04146951438','monica.disciullo@astrazeneca.com','-','Punto Fijo','025','NO DEFINIDO','001','VENEZUELA','AVION','BELLA VISTA','','-','','01','0000000001','N','N','P','123',400,'04','','007','A','0000-00-00 00:00:00','','','N','N','N','0008','as@astrazeneca.com',''),
 (799,799,'ASTRAZENECA','S','S','S','2008-06-13 00:00:00',3861785,'','JAIRO','HERNANDEZ','001','Cardiologo','0212-2673344','04145077172','monica.disciullo@astrazeneca.com','-','Barquisimeto ','025','NO DEFINIDO','001','VENEZUELA','AVION','BELLA VISTA','','-','','01','0000000001','N','N','P','123',400,'04','','007','A','0000-00-00 00:00:00','','','N','N','N','0008','as@astrazeneca.com',''),
 (800,800,'ASTRAZENECA','S','S','S','2008-06-13 00:00:00',3931957,'','JOSE LUIS','IRIARTE','001','Cardiologo','0212-2673344','0416 6622692','monica.disciullo@astrazeneca.com','-','MARACAIBO','025','NO DEFINIDO','001','VENEZUELA','AVION','BELLA VISTA','','-','','01','0000000001','N','N','P','123',400,'04','','007','A','0000-00-00 00:00:00','','','N','N','N','0008','as@astrazeneca.com',''),
 (801,801,'ASTRAZENECA','S','S','S','2008-06-13 00:00:00',3940097,'','JUANA INES','GUTIERREZ','001','Cardiologo','0212-2673344','04145670135','monica.disciullo@astrazeneca.com','-','BARINAS ','005','NO DEFINIDO','001','VENEZUELA','AVION','BELLA VISTA','','-','','01','0000000001','N','N','P','123',400,'04','','007','A','0000-00-00 00:00:00','','','N','N','N','0008','as@astrazeneca.com',''),
 (802,802,'ASTRAZENECA','S','S','S','2008-06-13 00:00:00',3944024,'','LUIS','MATA','001','Cardiologo','0212-2673344','04143955911','monica.disciullo@astrazeneca.com','-','CARUPANO','025','NO DEFINIDO','001','VENEZUELA','AVION','BELLA VISTA','','-','','01','0000000001','N','N','P','123',400,'04','','007','A','0000-00-00 00:00:00','','','N','N','N','0008','as@astrazeneca.com',''),
 (803,803,'ASTRAZENECA','S','S','S','2008-06-13 00:00:00',3951541,'','RAFAEL','MORALES','001','Cardiologo','0212-2673344','4166810718','monica.disciullo@astrazeneca.com','-','BARCELONA','025','NO DEFINIDO','001','VENEZUELA','AVION','BELLA VISTA','','-','','01','0000000001','N','N','P','123',400,'04','','007','A','0000-00-00 00:00:00','','','N','N','N','0008','as@astrazeneca.com',''),
 (804,804,'ASTRAZENECA','S','S','S','2008-06-13 00:00:00',3996149,'','PEDRO PABLO','LAGO','001','Cardiologo','0212-2673344','04123502072','monica.disciullo@astrazeneca.com','-','PORLAMAR','025','NO DEFINIDO','001','VENEZUELA','AUTOBUS','BELLA VISTA','','-','','01','0000000001','N','N','P','123',400,'04','','007','B','0000-00-00 00:00:00','','','N','N','N','0008','as@astrazeneca.com',''),
 (805,805,'ASTRAZENECA','S','S','S','2008-06-13 00:00:00',4033955,'','BEATRIZ','ZAMBRANO','001','Cardiologo','0212-2673344','04143246311','monica.disciullo@astrazeneca.com','-','CARACAS','025','NO DEFINIDO','001','VENEZUELA','AVION','BELLA VISTA','','-','','01','0000000001','N','N','P','123',400,'04','','007','A','0000-00-00 00:00:00','','','N','N','N','0008','as@astrazeneca.com',''),
 (806,806,'ASTRAZENECA','S','S','S','2008-06-13 00:00:00',4061623,'','INES','MARTINEZ','001','Cardiologo','0212-2673344','04147890213','monica.disciullo@astrazeneca.com','-','PORLAMAR','025','NO DEFINIDO','001','VENEZUELA','AUTOBUS','BELLA VISTA','','-','','01','0000000001','N','N','P','123',400,'04','','007','B','0000-00-00 00:00:00','','','N','N','N','0008','as@astrazeneca.com',''),
 (807,807,'ASTRAZENECA','S','S','S','2008-06-13 00:00:00',4069320,'','CARLOS','ROJAS','001','Cardiologo','0212-2673344','04166509994','monica.disciullo@astrazeneca.com','-','Barquisimeto ','025','NO DEFINIDO','001','VENEZUELA','AVION','BELLA VISTA','','-','','01','0000000001','N','N','P','123',400,'04','','007','A','0000-00-00 00:00:00','','','N','N','N','0008','as@astrazeneca.com',''),
 (808,808,'ASTRAZENECA','S','S','S','2008-06-13 00:00:00',4421380,'','JUAN','LUQUE','001','Cardiologo','0212-2673344','0414.868.67.95','monica.disciullo@astrazeneca.com','-','Pto. Ordaz','025','NO DEFINIDO','001','VENEZUELA','AVION','BELLA VISTA','','-','','01','0000000001','N','N','P','123',400,'04','','007','A','0000-00-00 00:00:00','','','N','N','N','0008','as@astrazeneca.com',''),
 (809,809,'ASTRAZENECA','S','S','S','2008-06-13 00:00:00',4493874,'','GUEVARA','LEMPIRA','001','Cardiologo','0212-2673344','-','monica.disciullo@astrazeneca.com','-','CARACAS','025','NO DEFINIDO','001','VENEZUELA','AVION','BELLA VISTA','','-','','01','0000000001','N','N','P','123',400,'04','','007','A','0000-00-00 00:00:00','','','N','N','N','0008','as@astrazeneca.com',''),
 (810,810,'ASTRAZENECA','S','S','S','2008-06-13 00:00:00',4521867,'','NURIS','REVILLA','049','TECNICO CARDIOPULMONAR','0212-2673344','4146210710','monica.disciullo@astrazeneca.com','-','MCBO','025','NO DEFINIDO','001','VENEZUELA','AVION','BELLA VISTA','','-','','03','0000000001','N','N','P','123',400,'04','','007','A','0000-00-00 00:00:00','','','N','N','N','0008','as@astrazeneca.com',''),
 (811,811,'ASTRAZENECA','S','S','S','2008-06-13 00:00:00',4556805,'','ALBA','JAIME','001','Cardiologo','0212-2673344','04143170835','monica.disciullo@astrazeneca.com','-','CARACAS','025','NO DEFINIDO','001','VENEZUELA','AVION','BELLA VISTA','','-','','01','0000000001','N','N','P','123',400,'04','','007','A','0000-00-00 00:00:00','','','N','N','N','0008','as@astrazeneca.com',''),
 (812,812,'ASTRAZENECA','S','S','S','2008-06-13 00:00:00',4810544,'','ANA','ALBAN','001','Cardiologo','0212-2673344','04169006171','monica.disciullo@astrazeneca.com','-','CARACAS','025','NO DEFINIDO','001','VENEZUELA','AVION','BELLA VISTA','','-','','01','0000000001','N','N','P','123',400,'04','','007','A','0000-00-00 00:00:00','','','N','N','N','0008','as@astrazeneca.com',''),
 (813,813,'ASTRAZENECA','S','S','S','2008-06-13 00:00:00',5055644,'','LUDYS','ALBORNOZ','001','Cardiologo','0212-2673344','4146387049','monica.disciullo@astrazeneca.com','-','MCBO','025','NO DEFINIDO','001','VENEZUELA','AVION','BELLA VISTA','','-','','01','0000000001','N','N','P','123',400,'04','','007','A','0000-00-00 00:00:00','','','N','N','N','0008','as@astrazeneca.com',''),
 (814,814,'ASTRAZENECA','S','S','S','2008-06-13 00:00:00',5223836,'','NANCY','FERNANDEZ','001','Cardiologo','0212-2673344','04148701960','monica.disciullo@astrazeneca.com','-','Pto. Ordaz','025','NO DEFINIDO','001','VENEZUELA','AVION','BELLA VISTA','','-','','01','0000000001','N','N','P','123',400,'04','','007','A','0000-00-00 00:00:00','','','N','N','N','0008','as@astrazeneca.com',''),
 (815,815,'ASTRAZENECA','S','S','S','2008-06-13 00:00:00',5252191,'','YELITZA','RODRIGUEZ','001','Cardiologo','0212-2673344','4142417315','monica.disciullo@astrazeneca.com','-','Maracay','025','NO DEFINIDO','001','VENEZUELA','AVION','BELLA VISTA','','-','','01','0000000001','N','N','P','123',400,'04','','007','A','0000-00-00 00:00:00','','','N','N','N','0008','as@astrazeneca.com',''),
 (816,816,'ASTRAZENECA','S','S','S','2008-06-13 00:00:00',5295092,'','OMEL JESUS','CHIRINOS ZABALA','001','Cardiologo','0212-2673344','04146391617','monica.disciullo@astrazeneca.com','-','Punto Fijo','025','NO DEFINIDO','001','VENEZUELA','AVION','BELLA VISTA','','-','','01','0000000001','N','N','P','123',400,'04','','007','A','0000-00-00 00:00:00','','','N','N','N','0008','as@astrazeneca.com',''),
 (817,817,'ASTRAZENECA','S','S','S','2008-06-13 00:00:00',5464575,'','CHEKRE','MALUFF','001','Cardiologo','0212-2673344','04143540083','monica.disciullo@astrazeneca.com','-','San Felipe ','025','NO DEFINIDO','001','VENEZUELA','AVION','BELLA VISTA','','-','','01','0000000001','N','N','P','123',400,'04','','007','A','0000-00-00 00:00:00','','','N','N','N','0008','as@astrazeneca.com',''),
 (818,818,'ASTRAZENECA','S','S','S','2008-06-13 00:00:00',5480101,'','VICTOR','CEDEÑO','001','Cardiologo','0212-2673344','04164956477','monica.disciullo@astrazeneca.com','-','PORLAMAR','025','NO DEFINIDO','001','VENEZUELA','AUTOBUS','BELLA VISTA','','-','','01','0000000001','N','N','P','123',400,'04','','007','B','0000-00-00 00:00:00','','','N','N','N','0008','as@astrazeneca.com',''),
 (819,819,'ASTRAZENECA','S','S','S','2008-06-13 00:00:00',5553695,'','EMILIA','COLELLA','001','Cardiologo','0212-2673344','04143310438','monica.disciullo@astrazeneca.com','-','CARACAS','025','NO DEFINIDO','001','VENEZUELA','AVION','BELLA VISTA','','-','','01','0000000001','N','N','P','123',400,'04','','007','A','0000-00-00 00:00:00','','','N','N','N','0008','as@astrazeneca.com',''),
 (820,820,'ASTRAZENECA','S','S','S','2008-06-13 00:00:00',5674729,'','AGUSTIN','HENRIQUEZ','001','Cardiologo','0212-2673344','04143482672','monica.disciullo@astrazeneca.com','-','Valencia','025','NO DEFINIDO','001','VENEZUELA','AVION','BELLA VISTA','','-','','01','0000000001','N','N','P','123',400,'04','','007','A','0000-00-00 00:00:00','','','N','N','N','0008','as@astrazeneca.com',''),
 (821,821,'ASTRAZENECA','S','S','S','2008-06-13 00:00:00',5722477,'','JOSE','GONZALEZ','001','Cardiologo','0212-2673344','4146567716','monica.disciullo@astrazeneca.com','-','MCBO','025','NO DEFINIDO','001','VENEZUELA','AVION','BELLA VISTA','','-','','01','0000000001','N','N','P','123',400,'04','','007','A','0000-00-00 00:00:00','','','N','N','N','0008','as@astrazeneca.com',''),
 (822,822,'ASTRAZENECA','S','S','S','2008-06-13 00:00:00',5843833,'','PAUL','SOTO','001','Cardiologo','0212-2673344','4166867048','monica.disciullo@astrazeneca.com','-','Pto. Ordaz','025','NO DEFINIDO','001','VENEZUELA','AVION','BELLA VISTA','','-','','01','0000000001','N','N','P','123',400,'04','','007','A','0000-00-00 00:00:00','','','N','N','N','0008','as@astrazeneca.com',''),
 (823,823,'ASTRAZENECA','S','S','S','2008-06-13 00:00:00',5970819,'','GABRIEL','FURIOL','001','Cardiologo','0212-2673344','04167955431','monica.disciullo@astrazeneca.com','-','PORLAMAR','025','NO DEFINIDO','001','VENEZUELA','AUTOBUS','BELLA VISTA','','-','','01','0000000001','N','N','P','123',400,'04','','007','B','0000-00-00 00:00:00','','','N','N','N','0008','as@astrazeneca.com',''),
 (824,824,'ASTRAZENECA','S','S','S','2008-06-13 00:00:00',5972350,'','AUGUSTIN','PRADA','001','Cardiologo','0212-2673344','4141943238','monica.disciullo@astrazeneca.com','-','CARUPANO','025','NO DEFINIDO','001','VENEZUELA','AVION','BELLA VISTA','','-','','01','0000000001','N','N','P','123',400,'04','','007','A','0000-00-00 00:00:00','','','N','N','N','0008','as@astrazeneca.com',''),
 (825,825,'ASTRAZENECA','S','S','S','2008-06-13 00:00:00',6050556,'','MICHELINA','RENZULLI','001','Cardiologo','0212-2673344','-','monica.disciullo@astrazeneca.com','-','Caracas','025','NO DEFINIDO','001','VENEZUELA','AVION','BELLA VISTA','','-','','01','0000000001','N','N','P','123',400,'04','','007','A','0000-00-00 00:00:00','','','N','N','N','0008','as@astrazeneca.com',''),
 (826,826,'ASTRAZENECA','S','S','S','2008-06-13 00:00:00',6266072,'','JOSEFA','PINTO','001','Cardiologo','0212-2673344','0416 7138367','monica.disciullo@astrazeneca.com','-','Bejuma','025','NO DEFINIDO','001','VENEZUELA','AVION','BELLA VISTA','','-','','01','0000000001','N','N','P','123',400,'04','','007','A','0000-00-00 00:00:00','','','N','N','N','0008','as@astrazeneca.com',''),
 (827,827,'ASTRAZENECA','S','S','S','2008-06-13 00:00:00',6397562,'','LUIS','ACOSTA','001','Cardiologo','0212-2673344','04166959049','monica.disciullo@astrazeneca.com','-','PORLAMAR','025','NO DEFINIDO','001','VENEZUELA','AUTOBUS','BELLA VISTA','','-','','01','0000000001','N','N','P','123',400,'04','','007','B','0000-00-00 00:00:00','','','N','N','N','0008','as@astrazeneca.com',''),
 (828,828,'ASTRAZENECA','S','S','S','2008-06-13 00:00:00',6438792,'','JOSE','RUIZ','001','Cardiologo','0212-2673344','4166910605','monica.disciullo@astrazeneca.com','-','Maturin','025','NO DEFINIDO','001','VENEZUELA','AVION','BELLA VISTA','','-','','01','0000000001','N','N','P','123',400,'04','','007','A','0000-00-00 00:00:00','','','N','N','N','0008','as@astrazeneca.com',''),
 (829,829,'ASTRAZENECA','S','S','S','2008-06-13 00:00:00',6507459,'','ARNALDO','CABAS','001','Cardiologo','0212-2673344','0414.246.60.10','monica.disciullo@astrazeneca.com','-','Caracas','025','NO DEFINIDO','001','VENEZUELA','AVION','BELLA VISTA','','-','','01','0000000001','N','N','P','123',400,'04','','007','A','0000-00-00 00:00:00','','','N','N','N','0008','as@astrazeneca.com',''),
 (830,830,'ASTRAZENECA','S','S','S','2008-06-13 00:00:00',6576631,'','RAFAEL','GARCIA','001','Cardiologo','0212-2673344','4166502704','monica.disciullo@astrazeneca.com','-','Barquisimeto ','025','NO DEFINIDO','001','VENEZUELA','AVION','BELLA VISTA','','-','','01','0000000001','N','N','P','123',400,'04','','007','A','0000-00-00 00:00:00','','','N','N','N','0008','as@astrazeneca.com',''),
 (831,831,'ASTRAZENECA','S','S','S','2008-06-13 00:00:00',7005098,'','CARLOS','TORREALBA','001','Cardiologo','0212-2673344','0414.322.07.63','monica.disciullo@astrazeneca.com','-','Caracas','025','NO DEFINIDO','001','VENEZUELA','AVION','BELLA VISTA','','-','','01','0000000001','N','N','P','123',400,'04','','007','A','0000-00-00 00:00:00','','','N','N','N','0008','as@astrazeneca.com',''),
 (832,832,'ASTRAZENECA','S','S','S','2008-06-13 00:00:00',7140843,'','MARIA INES','MARULANDA','001','Cardiologo','0212-2673344','(414) 3401630','monica.disciullo@astrazeneca.com','-','Valencia','025','NO DEFINIDO','001','VENEZUELA','AVION','BELLA VISTA','','-','','01','0000000001','N','N','P','123',400,'04','','007','A','0000-00-00 00:00:00','','','N','N','N','0008','as@astrazeneca.com',''),
 (833,833,'ASTRAZENECA','S','S','S','2008-06-13 00:00:00',7490217,'','ARÍSTIDES','PIÑA','001','Cardiologo','0212-2673344','04246021774','monica.disciullo@astrazeneca.com','-','CORO','025','NO DEFINIDO','001','VENEZUELA','AVION','BELLA VISTA','','-','','01','0000000001','N','N','P','123',400,'04','','007','A','0000-00-00 00:00:00','','','N','N','N','0008','as@astrazeneca.com',''),
 (834,834,'ASTRAZENECA','S','S','S','2008-06-13 00:00:00',7553680,'','MARTIN','VELARDE','001','Cardiologo','0212-2673344','04146614352','monica.disciullo@astrazeneca.com','-','MCBO','025','NO DEFINIDO','001','VENEZUELA','AVION','BELLA VISTA','','-','','01','0000000001','N','N','P','123',400,'04','','007','A','0000-00-00 00:00:00','','','N','N','N','0008','as@astrazeneca.com',''),
 (835,835,'ASTRAZENECA','S','S','S','2008-06-13 00:00:00',7578541,'','MILAGROS','CARDONA','001','Cardiologo','0212-2673344','04145486510','monica.disciullo@astrazeneca.com','-','San Felipe ','025','NO DEFINIDO','001','VENEZUELA','AVION','BELLA VISTA','','-','','01','0000000001','N','N','P','123',400,'04','','007','A','0000-00-00 00:00:00','','','N','N','N','0008','as@astrazeneca.com',''),
 (836,836,'ASTRAZENECA','S','S','S','2008-06-13 00:00:00',7736437,'','NABRUSKA','CAMEJO','001','Cardiologo','0212-2673344','4147651841','monica.disciullo@astrazeneca.com','-','Maturin','025','NO DEFINIDO','001','VENEZUELA','AVION','BELLA VISTA','','-','','01','0000000001','N','N','P','123',400,'04','','007','A','0000-00-00 00:00:00','','','N','N','N','0008','as@astrazeneca.com',''),
 (837,837,'ASTRAZENECA','S','S','S','2008-06-13 00:00:00',7807587,'','LUISA','AVILA','001','Cardiologo','0212-2673344','4146133210','monica.disciullo@astrazeneca.com','-','MCBO','025','NO DEFINIDO','001','VENEZUELA','AVION','BELLA VISTA','','-','','01','0000000001','N','N','P','123',400,'04','','007','A','0000-00-00 00:00:00','','','N','N','N','0008','as@astrazeneca.com',''),
 (838,838,'ASTRAZENECA','S','S','S','2008-06-13 00:00:00',7871438,'','ANGEL','PATIÑO','001','Cardiologo','0212-2673344','0416 3613314','monica.disciullo@astrazeneca.com','-','CABIMAS','025','NO DEFINIDO','001','VENEZUELA','AVION','BELLA VISTA','','-','','01','0000000001','N','N','P','123',400,'04','','007','A','0000-00-00 00:00:00','','','N','N','N','0008','as@astrazeneca.com',''),
 (839,839,'ASTRAZENECA','S','S','S','2008-06-13 00:00:00',7920442,'','CAROLINA','RAIMOMDI','001','Cardiologo','0212-2673344','0414.279.57.49','monica.disciullo@astrazeneca.com','-','Caracas','025','NO DEFINIDO','001','VENEZUELA','AVION','BELLA VISTA','','-','','01','0000000001','N','N','P','123',400,'04','','007','A','0000-00-00 00:00:00','','','N','N','N','0008','as@astrazeneca.com',''),
 (840,840,'ASTRAZENECA','S','S','S','2008-06-13 00:00:00',8164429,'','VILMA','MALDONADO','049','TECNICO CARDIOPULMONAR','0212-2673344','4124382005','monica.disciullo@astrazeneca.com','-','Maracay','025','NO DEFINIDO','001','VENEZUELA','AVION','BELLA VISTA','','-','','03','0000000001','N','N','P','123',400,'04','','007','A','0000-00-00 00:00:00','','','N','N','N','0008','as@astrazeneca.com',''),
 (841,841,'ASTRAZENECA','S','S','S','2008-06-13 00:00:00',8294417,'','LIGIA','RODRIGUEZ','049','TECNICO CARDIOPULMONAR','0212-2673344','04147800036','monica.disciullo@astrazeneca.com','-','BARCELONA','025','NO DEFINIDO','001','VENEZUELA','AVION','BELLA VISTA','','-','','03','0000000001','N','N','P','123',400,'04','','007','A','0000-00-00 00:00:00','','','N','N','N','0008','as@astrazeneca.com',''),
 (842,842,'ASTRAZENECA','S','S','S','2008-06-13 00:00:00',8399936,'','ROQUE','VELASQUEZ','001','Cardiologo','0212-2673344','4164968060','monica.disciullo@astrazeneca.com','-','PORLAMAR','025','NO DEFINIDO','001','VENEZUELA','AUTOBUS','BELLA VISTA','','-','','01','0000000001','N','N','P','123',400,'04','','007','B','0000-00-00 00:00:00','','','N','N','N','0008','as@astrazeneca.com',''),
 (843,843,'ASTRAZENECA','S','S','S','2008-06-13 00:00:00',8672116,'','PEDRO','OCHOA','049','TECNICO CARDIOPULMONAR','0212-2673344','-','monica.disciullo@astrazeneca.com','-','Maracay','025','NO DEFINIDO','001','VENEZUELA','AVION','BELLA VISTA','','-','','03','0000000001','N','N','P','123',400,'04','','007','A','0000-00-00 00:00:00','','','N','N','N','0008','as@astrazeneca.com',''),
 (844,844,'ASTRAZENECA','S','S','S','2008-06-13 00:00:00',8715423,'','ARGENIS','GONZALEZ','001','Cardiologo','0212-2673344','4144623069','monica.disciullo@astrazeneca.com','-','Maracay','025','NO DEFINIDO','001','VENEZUELA','AVION','BELLA VISTA','','-','','01','0000000001','N','N','P','123',400,'04','','007','A','0000-00-00 00:00:00','','','N','N','N','0008','as@astrazeneca.com',''),
 (845,845,'ASTRAZENECA','S','S','S','2008-06-13 00:00:00',8782310,'','ROSAURA','LEZAMA','001','Cardiologo','0212-2673344','0412.730.35.92','monica.disciullo@astrazeneca.com','-','Caracas','025','NO DEFINIDO','001','VENEZUELA','AVION','BELLA VISTA','','-','','01','0000000001','N','N','P','123',400,'04','','007','A','0000-00-00 00:00:00','','','N','N','N','0008','as@astrazeneca.com',''),
 (846,846,'ASTRAZENECA','S','S','S','2008-06-13 00:00:00',9211149,'','ANGEL LUIS','RODRIGUEZ','001','Cardiologo','0212-2673344','4144503870','monica.disciullo@astrazeneca.com','-','Maracay','025','NO DEFINIDO','001','VENEZUELA','AVION','BELLA VISTA','','-','','01','0000000001','N','N','P','123',400,'04','','007','A','0000-00-00 00:00:00','','','N','N','N','0008','as@astrazeneca.com',''),
 (847,847,'ASTRAZENECA','S','S','S','2008-06-13 00:00:00',9526413,'','ELVIA AMARILIS','CUAURO CUMARE','001','Cardiologo','0212-2673344','-','monica.disciullo@astrazeneca.com','-','Caracas','025','NO DEFINIDO','001','VENEZUELA','AVION','BELLA VISTA','','-','','01','0000000001','N','N','P','123',400,'04','','007','A','0000-00-00 00:00:00','','','N','N','N','0008','as@astrazeneca.com',''),
 (848,848,'ASTRAZENECA','S','S','S','2008-06-13 00:00:00',9567928,'','MARIA GABRIELA','SANCHEZ','001','Cardiologo','0212-2673344','04145598242','monica.disciullo@astrazeneca.com','-','Acarigua ','025','NO DEFINIDO','001','VENEZUELA','AVION','BELLA VISTA','','-','','01','0000000001','N','N','P','123',400,'04','','007','A','0000-00-00 00:00:00','','','N','N','N','0008','as@astrazeneca.com',''),
 (849,849,'ASTRAZENECA','S','S','S','2008-06-13 00:00:00',9700082,'','MARIA T','GONZALEZ','001','Cardiologo','0212-2673344','4146104902','monica.disciullo@astrazeneca.com','-','MCBO','025','NO DEFINIDO','001','VENEZUELA','AVION','BELLA VISTA','','-','','01','0000000001','N','N','P','123',400,'04','','007','A','0000-00-00 00:00:00','','','N','N','N','0008','as@astrazeneca.com',''),
 (850,850,'ASTRAZENECA','S','S','S','2008-06-13 00:00:00',9828023,'','EGLEÉ','CASTILLO','001','Cardiologo','0212-2673344','0414 4189546','monica.disciullo@astrazeneca.com','-','Valencia','025','NO DEFINIDO','001','VENEZUELA','AVION','BELLA VISTA','','-','','01','0000000001','N','N','P','123',400,'04','','007','A','0000-00-00 00:00:00','','','N','N','N','0008','as@astrazeneca.com',''),
 (851,851,'ASTRAZENECA','S','S','S','2008-06-13 00:00:00',9961088,'','LEVY','RALPH REDLICH','001','Cardiologo','0212-2673344','-','monica.disciullo@astrazeneca.com','-','CARACAS','025','NO DEFINIDO','001','VENEZUELA','AVION','BELLA VISTA','','-','','01','0000000001','N','N','P','123',400,'04','','007','A','0000-00-00 00:00:00','','','N','N','N','0008','as@astrazeneca.com',''),
 (852,852,'ASTRAZENECA','S','S','S','2008-06-13 00:00:00',9965886,'','AURA','PIÑERO','001','Cardiologo','0212-2673344','04166953667','monica.disciullo@astrazeneca.com','-','PORLAMAR','025','NO DEFINIDO','001','VENEZUELA','AUTOBUS','BELLA VISTA','','-','','01','0000000001','N','N','P','123',400,'04','','007','B','0000-00-00 00:00:00','','','N','N','N','0008','as@astrazeneca.com',''),
 (853,853,'ASTRAZENECA','S','S','S','2008-06-13 00:00:00',10110515,'','RODOLFO','MENDEZ','049','TECNICO CARDIOPULMONAR','0212-2673344','-','monica.disciullo@astrazeneca.com','-','Maracay','025','NO DEFINIDO','001','VENEZUELA','AVION','BELLA VISTA','','-','','03','0000000001','N','N','P','123',400,'04','','007','A','0000-00-00 00:00:00','','','N','N','N','0008','as@astrazeneca.com',''),
 (854,854,'ASTRAZENECA','S','S','S','2008-06-13 00:00:00',10337621,'','JOSE','PINTO','049','TECNICO CARDIOPULMONAR','0212-2673344','-','monica.disciullo@astrazeneca.com','-','Caracas','025','NO DEFINIDO','001','VENEZUELA','AVION','BELLA VISTA','','-','','03','0000000001','N','N','P','123',400,'04','','007','A','0000-00-00 00:00:00','','','N','N','N','0008','as@astrazeneca.com',''),
 (855,855,'ASTRAZENECA','S','S','S','2008-06-13 00:00:00',10740000,'','RAQUEL','DIAZ','049','TECNICO CARDIOPULMONAR','0212-2673344','4143473242','monica.disciullo@astrazeneca.com','-','Maracay','025','NO DEFINIDO','001','VENEZUELA','AVION','BELLA VISTA','','-','','03','0000000001','N','N','P','123',400,'04','','007','A','0000-00-00 00:00:00','','','N','N','N','0008','as@astrazeneca.com',''),
 (856,856,'ASTRAZENECA','S','S','S','2008-06-13 00:00:00',10881552,'','ELIZABETH','SAPUTELLI','001','Cardiologo','0212-2673344','04143310438','monica.disciullo@astrazeneca.com','-','CARACAS','025','NO DEFINIDO','001','VENEZUELA','AVION','BELLA VISTA','','-','','01','0000000001','N','N','P','123',400,'04','','007','A','0000-00-00 00:00:00','','','N','N','N','0008','as@astrazeneca.com',''),
 (857,857,'ASTRAZENECA','S','S','S','2008-06-13 00:00:00',10971390,'','YUSME','BARRIOS','001','Cardiologo','0212-2673344','0424 6662639','monica.disciullo@astrazeneca.com','-','Punto Fijo','025','NO DEFINIDO','001','VENEZUELA','AVION','BELLA VISTA','','-','','01','0000000001','N','N','P','123',400,'04','','007','A','0000-00-00 00:00:00','','','N','N','N','0008','as@astrazeneca.com',''),
 (858,858,'ASTRAZENECA','S','S','S','2008-06-13 00:00:00',10997986,'','SANDY','FIGUEROA','049','TECNICO CARDIOPULMONAR','0212-2673344','-','monica.disciullo@astrazeneca.com','-','BARCELONA','025','NO DEFINIDO','001','VENEZUELA','AVION','BELLA VISTA','','-','','03','0000000001','N','N','P','123',400,'04','','007','A','0000-00-00 00:00:00','','','N','N','N','0008','as@astrazeneca.com',''),
 (859,859,'ASTRAZENECA','S','S','S','2008-06-13 00:00:00',11102368,'','JUAN CARLOS','CAFFRONI','001','Cardiologo','0212-2673344','0414 8829922','monica.disciullo@astrazeneca.com','-','Valencia','025','NO DEFINIDO','001','VENEZUELA','AVION','BELLA VISTA','','-','','01','0000000001','N','N','P','123',400,'04','','007','A','0000-00-00 00:00:00','','','N','N','N','0008','as@astrazeneca.com',''),
 (860,860,'ASTRAZENECA','S','S','S','2008-06-13 00:00:00',11410280,'','GERMAN','FUENMAYOR','049','TECNICO CARDIOPULMONAR','0212-2673344','-','monica.disciullo@astrazeneca.com','-','Caracas','025','NO DEFINIDO','001','VENEZUELA','AVION','BELLA VISTA','','-','','03','0000000001','N','N','P','123',400,'04','','007','A','0000-00-00 00:00:00','','','N','N','N','0008','as@astrazeneca.com',''),
 (861,861,'ASTRAZENECA','S','S','S','2008-06-13 00:00:00',11609624,'','ROSA','GARCIA','049','TECNICO CARDIOPULMONAR','0212-2673344','04167627810','monica.disciullo@astrazeneca.com','-','MCBO','025','NO DEFINIDO','001','VENEZUELA','AVION','BELLA VISTA','','-','','03','0000000001','N','N','P','123',400,'04','','007','A','0000-00-00 00:00:00','','','N','N','N','0008','as@astrazeneca.com',''),
 (862,862,'ASTRAZENECA','S','S','S','2008-06-13 00:00:00',12025146,'','ALEXANDRA','ESCALONA','049','TECNICO CARDIOPULMONAR','0212-2673344','04169006171','monica.disciullo@astrazeneca.com','-','MÈRIDA','025','NO DEFINIDO','001','VENEZUELA','AVION','BELLA VISTA','','-','','03','0000000001','N','N','P','123',400,'04','','007','A','0000-00-00 00:00:00','','','N','N','N','0008','as@astrazeneca.com',''),
 (863,863,'ASTRAZENECA','S','S','S','2008-06-13 00:00:00',12920092,'','JOSE','CORDERO','001','Cardiologo','0212-2673344','04147997302','monica.disciullo@astrazeneca.com','-','PORLAMAR','025','NO DEFINIDO','001','VENEZUELA','AUTOBUS','BELLA VISTA','','-','','01','0000000001','N','N','P','123',400,'04','','007','B','0000-00-00 00:00:00','','','N','N','N','0008','as@astrazeneca.com',''),
 (864,864,'ASTRAZENECA','S','S','S','2008-06-13 00:00:00',13033024,'','ALEJANDRO','CABRERA','001','Cardiologo','0212-2673344','04166505005','monica.disciullo@astrazeneca.com','-','Barquisimeto ','025','NO DEFINIDO','001','VENEZUELA','AVION','BELLA VISTA','','-','','01','0000000001','N','N','P','123',400,'04','','007','A','0000-00-00 00:00:00','','','N','N','N','0008','as@astrazeneca.com',''),
 (865,865,'ASTRAZENECA','S','S','S','2008-06-13 00:00:00',13560870,'','MARPED','MORLES','049','TECNICO CARDIOPULMONAR','0212-2673344','4246007753','monica.disciullo@astrazeneca.com','-','MCBO','025','NO DEFINIDO','001','VENEZUELA','AVION','BELLA VISTA','','-','','03','0000000001','N','N','P','123',400,'04','','007','A','0000-00-00 00:00:00','','','N','N','N','0008','as@astrazeneca.com',''),
 (866,866,'ASTRAZENECA','S','S','S','2008-06-13 00:00:00',13588243,'','KEYLA L.','JIMÈNEZ G.','049','TECNICO CARDIOPULMONAR','0212-2673344','4122501814','monica.disciullo@astrazeneca.com','-','MÈRIDA','025','NO DEFINIDO','001','VENEZUELA','AVION','BELLA VISTA','','-','','03','0000000001','N','N','P','123',400,'04','','007','A','0000-00-00 00:00:00','','','N','N','N','0008','as@astrazeneca.com',''),
 (867,867,'ASTRAZENECA','S','S','S','2008-06-13 00:00:00',13669856,'','PAOLA','ROMERO','049','TECNICO CARDIOPULMONAR','0212-2673344','-','monica.disciullo@astrazeneca.com','-','BARCELONA','025','NO DEFINIDO','001','VENEZUELA','AVION','BELLA VISTA','','-','','03','0000000001','N','N','P','123',400,'04','','007','A','0000-00-00 00:00:00','','','N','N','N','0008','as@astrazeneca.com',''),
 (868,868,'ASTRAZENECA','S','S','S','2008-06-13 00:00:00',13713545,'','CLAUDIO','GARAY','001','Cardiologo','0212-2673344','-','monica.disciullo@astrazeneca.com','-','CARACAS','025','NO DEFINIDO','001','VENEZUELA','AVION','BELLA VISTA','','-','','01','0000000001','N','N','P','123',400,'04','','007','A','0000-00-00 00:00:00','','','N','N','N','0008','as@astrazeneca.com',''),
 (869,869,'ASTRAZENECA','S','S','S','2008-06-13 00:00:00',13832835,'','KRISBEL','CADET','049','TECNICO CARDIOPULMONAR','0212-2673344','-','monica.disciullo@astrazeneca.com','-','Caracas','025','NO DEFINIDO','001','VENEZUELA','AVION','BELLA VISTA','','-','','03','0000000001','N','N','P','123',400,'04','','007','A','0000-00-00 00:00:00','','','N','N','N','0008','as@astrazeneca.com',''),
 (870,870,'ASTRAZENECA','S','S','S','2008-06-13 00:00:00',14165774,'','LUIS GIMENEZ','GIMENEZ','049','TECNICO CARDIOPULMONAR','0212-2673344','0416.613.47.49','monica.disciullo@astrazeneca.com','-','Caracas','025','NO DEFINIDO','001','VENEZUELA','AVION','BELLA VISTA','','-','','03','0000000001','N','N','P','123',400,'04','','007','A','0000-00-00 00:00:00','','','N','N','N','0008','as@astrazeneca.com',''),
 (871,871,'ASTRAZENECA','S','S','S','2008-06-13 00:00:00',14186410,'','ILIANOFF','MONTES','049','TECNICO CARDIOPULMONAR','0212-2673344','04166963605','monica.disciullo@astrazeneca.com','-','BARCELONA','025','NO DEFINIDO','001','VENEZUELA','AVION','BELLA VISTA','','-','','03','0000000001','N','N','P','123',400,'04','','007','A','0000-00-00 00:00:00','','','N','N','N','0008','as@astrazeneca.com',''),
 (872,872,'ASTRAZENECA','S','S','S','2008-06-13 00:00:00',14493544,'','KISSMETH','HERNANDEZ','049','TECNICO CARDIOPULMONAR','0212-2673344','4146184961','monica.disciullo@astrazeneca.com','-','MCBO','025','NO DEFINIDO','001','VENEZUELA','AVION','BELLA VISTA','','-','','03','0000000001','N','N','P','123',400,'04','','007','A','0000-00-00 00:00:00','','','N','N','N','0008','as@astrazeneca.com',''),
 (873,873,'ASTRAZENECA','S','S','S','2008-06-13 00:00:00',14838436,'','AURELYS LOPEZ','LOPEZ','049','TECNICO CARDIOPULMONAR','0212-2673344','0414.773.94.58','monica.disciullo@astrazeneca.com','-','Caracas','025','NO DEFINIDO','001','VENEZUELA','AVION','BELLA VISTA','','-','','03','0000000001','N','N','P','123',400,'04','','007','A','0000-00-00 00:00:00','','','N','N','N','0008','as@astrazeneca.com',''),
 (874,874,'ASTRAZENECA','S','S','S','2008-06-13 00:00:00',15181330,'','MEY LYN','BACILIO','049','TECNICO CARDIOPULMONAR','0212-2673344','4142338998','monica.disciullo@astrazeneca.com','-','MÈRIDA','025','NO DEFINIDO','001','VENEZUELA','AVION','BELLA VISTA','','-','','03','0000000001','N','N','P','123',400,'04','','007','A','0000-00-00 00:00:00','','','N','N','N','0008','as@astrazeneca.com',''),
 (875,875,'ASTRAZENECA','S','S','S','2008-06-13 00:00:00',15561023,'','MAGGIE','LEON','049','TECNICO CARDIOPULMONAR','0212-2673344','4146071387','monica.disciullo@astrazeneca.com','-','MCBO','025','NO DEFINIDO','001','VENEZUELA','AVION','BELLA VISTA','','-','','03','0000000001','N','N','P','123',400,'04','','007','A','0000-00-00 00:00:00','','','N','N','N','0008','as@astrazeneca.com',''),
 (876,876,'ASTRAZENECA','S','S','S','2008-06-13 00:00:00',16863450,'','PAULO','NAVARRETE','049','TECNICO CARDIOPULMONAR','0212-2673344','4243200621','monica.disciullo@astrazeneca.com','-','Maracay','025','NO DEFINIDO','001','VENEZUELA','AVION','BELLA VISTA','','-','','03','0000000001','N','N','P','123',400,'04','','007','A','0000-00-00 00:00:00','','','N','N','N','0008','as@astrazeneca.com',''),
 (877,877,'ASTRAZENECA','S','S','S','2008-06-13 00:00:00',16866324,'','DENIS','MERCADO','001','Cardiologo','0212-2673344','0414.322.65.40','monica.disciullo@astrazeneca.com','-','Caracas','025','NO DEFINIDO','001','VENEZUELA','AVION','BELLA VISTA','','-','','01','0000000001','N','N','P','123',400,'04','','007','A','0000-00-00 00:00:00','','','N','N','N','0008','as@astrazeneca.com',''),
 (878,878,'PARTICULAR','','','','2008-06-02 00:00:00',16299119,'','CAROLINA','MARTINEZ','028','CIRUJANO','0212-985.75.84','04142725997','caromartinazr@hotmail.com','clinica piedra azul','caracas','025','NO DEFINIDO','001','VENEZUELA','','','','-','','01','0000000001','N','S','N','123',400,'04','','','-','0000-00-00 00:00:00','','','N','N','N','','',''),
 (879,879,'PARTICULAR','','','','2008-06-02 00:00:00',16564475,'','DANIEL','BRITO GUZMAN','032','ESTUDIANTE','-','04122381444','danielbrito23@hotmail.com','-','caracas','025','NO DEFINIDO','001','VENEZUELA','','','','-','','03','0000000001','N','S','N','123',400,'04','','','-','0000-00-00 00:00:00','','','N','N','N','','',''),
 (880,880,'PARTICULAR','','','','2008-06-02 00:00:00',12544425,'','CASANDRA','AREVALO MARCANO','032','ESTUDIANTE','-','04169122117','casandra60@hotmail.com','-','Caracas','025','NO DEFINIDO','001','VENEZUELA','','','','-','','03','0000000001','N','S','N','123',400,'04','','','-','0000-00-00 00:00:00','','','N','N','N','','',''),
 (881,881,'PARTICULAR','','','','2008-06-10 00:00:00',18164357,'','GIOVANNI','BORELLI','032','ESTUDIANTE','-','04164428684','-','-','Caracas','025','NO DEFINIDO','001','VENEZUELA','','','','-','','03','0000000001','N','S','N','123',400,'04','','','-','0000-00-00 00:00:00','','','N','N','N','','',''),
 (882,882,'PARTICULAR','','','','2008-06-05 00:00:00',13954934,'','SEBASTIANO','BAGGIERI','049','TECNICO CARDIOPULMONAR','-','04145383734','sebastianobaggieri@hotmail.com','-','maracay','004','ARAGUA','001','VENEZUELA','','','','-','','03','0000000001','N','S','N','123',400,'04','','','-','0000-00-00 00:00:00','','','N','N','N','','',''),
 (883,883,'PARTICULAR','','','','2008-06-06 00:00:00',14958898,'','YAIZA','DURAN LEON','030','ENFERMERIA','-','04163431064','-','CLINICA CALICANTO','MARACAY','004','ARAGUA','001','VENEZUELA','','','','-','','03','0000000001','N','S','N','123',400,'04','','','-','0000-00-00 00:00:00','','','N','N','N','','',''),
 (884,884,'PARTICULAR','','','','2008-06-09 00:00:00',16214837,'','MARIGUEL','VERDE GONZALEZ','032','ESTUDIANTE','-','0416214837','-','-','MARACAY','004','ARAGUA','001','VENEZUELA','','','','-','','03','0000000001','N','S','N','123',400,'04','','','-','0000-00-00 00:00:00','','','N','N','N','','',''),
 (885,885,'PARTICULAR','','','','2008-06-09 00:00:00',19524069,'','VALENTINA MERCEDES','SANTAMARIA HURTADO','049','TECNICO CARDIOPULMONAR','-','04141348900','valenvalen10@hotmail.com','centro medico ccs','caracas','025','NO DEFINIDO','001','VENEZUELA','','','','-','','03','0000000001','N','S','N','123',400,'04','','','-','0000-00-00 00:00:00','','','N','N','N','','',''),
 (886,886,'PARTICULAR','','','','2008-06-09 00:00:00',18039417,'','DAYANA JOSEFINA','ARCIA MATOS','032','ESTUDIANTE','-','04125483095','arciadayana@hotmail.com','-','CARACAS','025','NO DEFINIDO','001','VENEZUELA','','','','-','','03','0000000001','N','S','N','123',400,'04','','','-','0000-00-00 00:00:00','','','N','N','N','','',''),
 (887,887,'PARTICULAR','','','','2008-06-09 00:00:00',17719714,'','JUAN CARLOS','MARTINEZ LOPEZ','032','ESTUDIANTE','0212-8702059','04168197005','liquid1440@hotmail.com','-','Caracas','025','NO DEFINIDO','001','VENEZUELA','','','','-','','03','0000000001','N','S','N','123',400,'04','','','-','0000-00-00 00:00:00','','','N','N','N','','',''),
 (888,888,'PARTICULAR','','','','2008-06-13 00:00:00',17301828,'','CARLOS DANIEL','MARTINEZ BALZANO','049','TECNICO CARDIOPULMONAR','0212-5642435','04127185822','cdmb1984@gmail.com','-','caracas','025','NO DEFINIDO','001','VENEZUELA','','','','-','','03','0000000001','N','S','N','123',400,'04','','','-','0000-00-00 00:00:00','','','N','N','N','','',''),
 (889,889,'PARTICULAR','','','','2008-06-16 00:00:00',12899260,'','FERNANDO JOSE','PADRON RIVERO','030','ENFERMERIA','-','04142965419','padron.fernando@hotmail.com','-','VALLE DE LA PASCUA','014','GUARICO','001','VENEZUELA','','','','-','','03','0000000001','N','S','N','123',400,'04','','','-','0000-00-00 00:00:00','','','N','N','N','','',''),
 (890,890,'PARTICULAR','','','','2008-06-16 00:00:00',16272984,'','ALFONSO JOSE','FREITES ESTEVES','032','ESTUDIANTE','0212-9771817','04143665925','alfonso_freites@hotmail.com','-','caracas','025','NO DEFINIDO','001','VENEZUELA','','','','-','','03','0000000001','N','S','N','123',400,'04','','','-','0000-00-00 00:00:00','','','N','N','N','','',''),
 (891,891,'PARTICULAR','','','','2008-06-18 00:00:00',15337381,'','VANESSA KATHERIN','PINTO TORO','049','TECNICO CARDIOPULMONAR','0212-2096390','04167080149','vanessakatherinpintotoro@hotmail.com','-','caracas','025','NO DEFINIDO','001','VENEZUELA','','','','-','','03','0000000001','N','S','N','123',400,'04','','','-','0000-00-00 00:00:00','','','N','N','N','','',''),
 (892,892,'PARTICULAR','','','','2008-06-20 00:00:00',16500670,'','ZULENNYS','SALAZAR MARTINEZ','032','ESTUDIANTE','0285-659.60.17','04169921511','zsalazar84@hotmail.com','-','CIUDAD BOLIVAR','006','BOLIVAR','001','VENEZUELA','','','','-','','03','0000000001','N','S','N','123',400,'04','','','-','0000-00-00 00:00:00','','','N','N','N','','',''),
 (893,893,'PARTICULAR','','','','2008-06-20 00:00:00',15617240,'','GENESIS KAREN','SALAZAR JIMENEZ','032','ESTUDIANTE','-','04168882342','genesalazar@hotmail.com','-','CIUDAD BOLIVAR','006','BOLIVAR','001','VENEZUELA','','','','-','','03','0000000001','N','S','N','123',400,'04','','','-','0000-00-00 00:00:00','','','N','N','N','','',''),
 (894,894,'CARDIO RITMO','N','N','S','2008-06-17 00:00:00',11340500,'','MARIA ALEJANDRA','MACUARE','012','GENERAL','-','-','-','-','Caracas ','025','NO DEFINIDO','001','VENEZUELA','','','','-','','01','0000000001','N','N','P','123',400,'04','','','-','0000-00-00 00:00:00','','','N','N','N','0024','cr@cardioritmo.com',''),
 (895,895,'SERVIMEDIC','N','S','S','2008-06-17 00:00:00',0,'13211400','MAURICIO','CASINELLI','001','CARDIOLOGO','-','-','-','-','-','025','NO DEFINIDO','164','URUGUAY','','LAGUNAMAR','0000000027','-','Miembro Solvente','01','0000000001','N','N','P','123',400,'04','','014','-','0000-00-00 00:00:00','','','N','N','N','0042','se@servimedic.com',''),
 (896,896,'SERVIMEDIC','N','N','S','2008-06-17 00:00:00',0,'46388121','SURESH','SHAH','049','TECNICO CARDIOPULMONAR','-','-','-','-','-','025','NO DEFINIDO','051','ESTADOS UNIDOS','','LAGUNAMAR','','-','','03','0000000001','N','N','P','123',400,'04','','014','-','0000-00-00 00:00:00','','','N','N','N','0042','se@servimedic.com',''),
 (897,897,'REPRESENTACIONES MEDICAS YOMA, C.A.','S','S','S','2008-06-17 00:00:00',984448,'','HARRY','ACQUATELLA','001','Cardiologo','-','04166374328','-','-','-','025','NO DEFINIDO','001','VENEZUELA','','','','-','','01','0000000001','N','N','P','123',400,'04','','','-','0000-00-00 00:00:00','','','N','N','N','0038','rm@medicasyoma.com',''),
 (898,898,'REPRESENTACIONES MEDICAS YOMA, C.A.','N','N','S','2008-06-17 00:00:00',5533398,'','ELIZABETH','HIRSCHAUT','001','Cardiologo','-','04143315354','-','-','-','025','NO DEFINIDO','001','VENEZUELA','','','','-','','01','0000000001','N','N','P','123',400,'04','','','-','0000-00-00 00:00:00','','','N','N','N','0038','rm@medicasyoma.com',''),
 (899,899,'REPRESENTACIONES MEDICAS YOMA, C.A.','S','S','S','2008-06-17 00:00:00',7819636,'','ADALBERTO','LUGO','001','Cardiologo','-','04146374878','-','-','-','025','NO DEFINIDO','001','VENEZUELA','','','','-','','01','0000000001','N','N','P','123',400,'04','','','-','0000-00-00 00:00:00','','','N','N','N','0038','rm@medicasyoma.com',''),
 (900,900,'REPRESENTACIONES MEDICAS YOMA, C.A.','S','S','S','2008-06-17 00:00:00',6914323,'','FERNANDO','BOSCH','001','Cardiologo','-','04143275594','-','-','-','025','NO DEFINIDO','001','VENEZUELA','','','','-','','01','0000000001','N','N','P','123',400,'04','','','-','0000-00-00 00:00:00','','','N','N','N','0038','rm@medicasyoma.com',''),
 (901,901,'REPRESENTACIONES MEDICAS YOMA, C.A.','S','S','S','2008-06-17 00:00:00',3873819,'','JOSÉ','MARVAL','001','Cardiologo','0293-433-34-73','-','-','-','-','025','NO DEFINIDO','001','VENEZUELA','','','','-','','01','0000000001','N','N','P','123',400,'04','','','-','0000-00-00 00:00:00','','','N','N','N','0038','rm@medicasyoma.com',''),
 (902,902,'REPRESENTACIONES MEDICAS YOMA, C.A.','S','S','S','2008-06-17 00:00:00',4520517,'','ANA','GARCÍA','001','Cardiologo','-','-','-','-','-','025','NO DEFINIDO','001','VENEZUELA','','','','-','','01','0000000001','N','N','P','123',400,'04','','','-','0000-00-00 00:00:00','','','N','N','N','0038','rm@medicasyoma.com',''),
 (903,903,'REPRESENTACIONES MEDICAS YOMA, C.A.','N','N','S','2008-06-17 00:00:00',3164133,'','MARÍA','BLANCO DIAZ','014','ANESTESIOLOGIA - PERFUSIONISTA','-','-','-','-','-','025','NO DEFINIDO','001','VENEZUELA','','','','-','','01','0000000001','N','N','P','123',400,'04','','','-','0000-00-00 00:00:00','','','N','N','N','0038','rm@medicasyoma.com',''),
 (904,904,'REPRESENTACIONES MEDICAS YOMA, C.A.','N','N','S','2008-06-17 00:00:00',8391291,'','EMELID','MOYA','050','TECNICO','-','-','-','-','-','025','NO DEFINIDO','001','VENEZUELA','','','','-','','03','0000000001','N','N','P','123',400,'04','','','-','0000-00-00 00:00:00','','','N','N','N','0038','rm@medicasyoma.com',''),
 (905,905,'REPRESENTACIONES MEDICAS YOMA, C.A.','N','N','S','2008-06-17 00:00:00',11742094,'','ROSA','CAMPOS','050','TECNICO','-','-','-','-','-','025','NO DEFINIDO','001','VENEZUELA','','','','-','','03','0000000001','N','N','P','123',400,'04','','','-','0000-00-00 00:00:00','','','N','N','N','0038','rm@medicasyoma.com',''),
 (906,906,'REPRESENTACIONES MEDICAS YOMA, C.A.','N','N','S','2008-06-17 00:00:00',10377318,'','ROGER','TEIXEIRA','050','TECNICO','-','-','-','-','-','025','NO DEFINIDO','001','VENEZUELA','','','','-','','03','0000000001','N','N','P','123',400,'04','','','-','0000-00-00 00:00:00','','','N','N','N','0038','rm@medicasyoma.com','');
INSERT INTO `hoja2` (`ID`,`numero`,`razsoc`,`stapattra`,`stapathos`,`stapatinc`,`fecpre`,`cedpar`,`paspar`,`nompar`,`apepar`,`codesp`,`nomesp`,`telhab`,`telcel`,`emapar`,`lugtra`,`nomciu`,`codest`,`nomest`,`codpai`,`nompai`,`nomstavue`,`nomhot`,`codaso`,`stasolsvc`,`miembrosolvente`,`codtippar`,`codeve`,`stainc`,`stafac`,`tippre`,`logusu`,`monevepar`,`codparpar`,`codfac`,`codhot`,`stavue`,`fecvue`,`nomvue`,`viaaco`,`staentmat`,`staimpcer`,`staexo`,`codpat`,`emaper`,`codpar`) VALUES 
 (907,907,'GALENO','N','N','S','2008-06-18 00:00:00',3564372,'','CESAR','CONTRERAS','012','GENERAL','-','-','-','-','-','025','NO DEFINIDO','001','VENEZUELA','','','','-','','01','0000000001','N','N','P','123',400,'04','','','-','0000-00-00 00:00:00','','','N','N','N','0029','ga@galeno.com',''),
 (908,908,'GALENO','N','N','S','2008-06-18 00:00:00',4362938,'','MERCEDES','MIJARES','012','GENERAL','-','-','-','-','-','025','NO DEFINIDO','001','VENEZUELA','','','','-','','01','0000000001','N','N','P','123',400,'04','','','-','0000-00-00 00:00:00','','','N','N','N','0029','ga@galeno.com',''),
 (909,909,'AVANCES MEDICOS VENEZOLANOS AMEVECA','N','S','N','2008-06-18 00:00:00',8036167,'','DAVID','PÉREZ MORENO','050','TECNICO','-','-','-','Instituto de Investigaciones Cardiovasculares de la Universidad de Los Andes','Mérida','012','MERIDA','001','VENEZUELA','','','','-','','03','0000000001','N','N','P','123',400,'04','','','-','0000-00-00 00:00:00','','','N','N','N','0020','av@avancesmendicos.com',''),
 (910,910,'AVANCES MEDICOS VENEZOLANOS AMEVECA','N','S','N','2008-06-18 00:00:00',16970416,'','DORELIS','RODRÍGUEZ','030','ENFERMERIA','-','-','-','Hospital de Clínicas Caracas','Caracas','022','DISTRITO CAPITAL','001','VENEZUELA','','','','-','','03','0000000001','N','N','P','123',400,'04','','','-','0000-00-00 00:00:00','','','N','N','N','0020','av@avancesmendicos.com',''),
 (911,911,'AVANCES MEDICOS VENEZOLANOS AMEVECA','S','S','S','2008-06-18 00:00:00',6122008,'','MARIA','GOUVEIA','026','CARDIOLOGO - HEMODINAMISTA','2125783739','4126238110','gouveia10@cantv.net','Hospital de Niños J. M. de los Rios','Caracas','022','DISTRITO CAPITAL','001','VENEZUELA','','','','-','','01','0000000001','N','N','P','123',400,'04','','','-','0000-00-00 00:00:00','','','N','N','N','0020','av@avancesmendicos.com',''),
 (912,912,'AVANCES MEDICOS VENEZOLANOS AMEVECA','S','S','S','2008-06-18 00:00:00',7533927,'','MANUEL','ACUÑA','026','CARDIOLOGO - HEMODINAMISTA','2125783739','4142774751','makuna@cantv.net','Hospital de Niños J. M. de los Rios','Caracas','022','DISTRITO CAPITAL','001','VENEZUELA','','','','-','','01','0000000001','N','N','P','123',400,'04','','','-','0000-00-00 00:00:00','','','N','N','N','0020','av@avancesmendicos.com',''),
 (913,913,'AVANCES MEDICOS VENEZOLANOS AMEVECA','S','S','S','2008-06-18 00:00:00',4849309,'','ELIZABETH','ARISPE','001','Cardiologo','2125783739','-','ecarispe@yahoo.com','Hospital de Niños J. M. de los Rios','Caracas','022','DISTRITO CAPITAL','001','VENEZUELA','','','','-','','01','0000000001','N','N','P','123',400,'04','','','-','0000-00-00 00:00:00','','','N','N','N','0020','av@avancesmendicos.com',''),
 (914,914,'AVANCES MEDICOS VENEZOLANOS AMEVECA','S','S','S','2008-06-18 00:00:00',5934869,'','FEDERICO','BORGES','026','CARDIOLOGO - HEMODINAMISTA','2125783739','-','cardiologoinf@hotmail.com','Hospital de Niños J. M. de los Rios','Caracas','022','DISTRITO CAPITAL','001','VENEZUELA','','','','-','','01','0000000001','N','N','P','123',400,'04','','','-','0000-00-00 00:00:00','','','N','N','N','0020','av@avancesmendicos.com',''),
 (915,915,'AVANCES MEDICOS VENEZOLANOS AMEVECA','S','S','S','2008-06-18 00:00:00',5971892,'','ANGELO','SPARANO','026','CARDIOLOGO - HEMODINAMISTA','2125783739','-','angelosparano@gmail.com','Hospital de Niños J. M. de los Rios','Caracas','022','DISTRITO CAPITAL','001','VENEZUELA','','','','-','','01','0000000001','N','N','P','123',400,'04','','','-','0000-00-00 00:00:00','','','N','N','N','0020','av@avancesmendicos.com',''),
 (916,916,'AVANCES MEDICOS VENEZOLANOS AMEVECA','N','N','S','2008-06-18 00:00:00',8722634,'','PEDRO','MACÍAS','049','TECNICO CARDIOPULMONAR','2125783739','-','-','Hospital de Niños J. M. de los Rios','Caracas','022','DISTRITO CAPITAL','001','VENEZUELA','','','','-','','03','0000000001','N','N','P','123',400,'04','','','-','0000-00-00 00:00:00','','','N','N','N','0020','av@avancesmendicos.com',''),
 (917,917,'AVANCES MEDICOS VENEZOLANOS AMEVECA','N','N','S','2008-06-18 00:00:00',12029194,'','YUDITH','ROBLES','049','TECNICO CARDIOPULMONAR','2125783739','-','-','Hospital de Niños J. M. de los Rios','Caracas','022','DISTRITO CAPITAL','001','VENEZUELA','','','','-','','03','0000000001','N','N','P','123',400,'04','','','-','0000-00-00 00:00:00','','','N','N','N','0020','av@avancesmendicos.com',''),
 (918,918,'AVANCES MEDICOS VENEZOLANOS AMEVECA','N','N','S','2008-06-18 00:00:00',13426709,'','MAYRA','RIVAS','049','TECNICO CARDIOPULMONAR','2125783739','-','-','Hospital de Niños J. M. de los Rios','Caracas','022','DISTRITO CAPITAL','001','VENEZUELA','','','','-','','03','0000000001','N','N','P','123',400,'04','','','-','0000-00-00 00:00:00','','','N','N','N','0020','av@avancesmendicos.com',''),
 (919,919,'AVANCES MEDICOS VENEZOLANOS AMEVECA','N','S','N','2008-06-18 00:00:00',13750403,'','EGLIS','MARTÍNEZ','030','ENFERMERIA','2125783739','-','-','Hospital de Niños J. M. de los Rios','Caracas','022','DISTRITO CAPITAL','001','VENEZUELA','','','','-','','03','0000000001','N','N','P','123',400,'04','','','-','0000-00-00 00:00:00','','','N','N','N','0020','av@avancesmendicos.com',''),
 (920,920,'AVANCES MEDICOS VENEZOLANOS AMEVECA','N','S','N','2008-06-18 00:00:00',6449382,'','MIRIAN','PACHECO','030','ENFERMERIA','2125783739','-','-','Hospital de Niños J. M. de los Rios','Caracas','022','DISTRITO CAPITAL','001','VENEZUELA','','','','-','','03','0000000001','N','N','P','123',400,'04','','','-','0000-00-00 00:00:00','','','N','N','N','0020','av@avancesmendicos.com',''),
 (921,921,'AVANCES MEDICOS VENEZOLANOS AMEVECA','N','S','N','2008-06-18 00:00:00',16085583,'','CARLA','PEÑALOZA','030','ENFERMERIA','2125783739','-','-','Hospital de Niños J. M. de los Rios','Caracas','022','DISTRITO CAPITAL','001','VENEZUELA','','','','-','','03','0000000001','N','N','P','123',400,'04','','','-','0000-00-00 00:00:00','','','N','N','N','0020','av@avancesmendicos.com',''),
 (922,922,'AVANCES MEDICOS VENEZOLANOS AMEVECA','N','S','N','2008-06-18 00:00:00',12785847,'','MILENA','GALINDO','030','ENFERMERIA','2125783739','-','-','Hospital de Niños J. M. de los Rios','Caracas','022','DISTRITO CAPITAL','001','VENEZUELA','','','','-','','03','0000000001','N','N','P','123',400,'04','','','-','0000-00-00 00:00:00','','','N','N','N','0020','av@avancesmendicos.com',''),
 (923,923,'AVANCES MEDICOS VENEZOLANOS AMEVECA','N','S','N','2008-06-18 00:00:00',14869450,'','ERIKSON','RAMÍREZ','030','ENFERMERIA','2125783739','-','-','Hospital de Niños J. M. de los Rios','Caracas','022','DISTRITO CAPITAL','001','VENEZUELA','','','','-','','03','0000000001','N','N','P','123',400,'04','','','-','0000-00-00 00:00:00','','','N','N','N','0020','av@avancesmendicos.com',''),
 (924,924,'LABORATORIOS LETI','S','S','S','2008-06-18 00:00:00',6128904,'','MARÍA LUZ','BARRIOS','001','Cardiologo','-','04249430791','marialuzbarrios@hotmail.com','Clínica La Esperanza','Puerto Ordaz','006','BOLIVAR','001','VENEZUELA','AVION','BELLA VISTA','','-','','01','0000000001','N','N','P','123',400,'04','','007','A','0000-00-00 00:00:00','','','N','N','N','0005','eeee@hotmail.com',''),
 (925,925,'SANOFI  AVENTIS','N','N','S','2008-06-03 00:00:00',4404638,'','LUIS','GANDARA','001','Cardiologo','-','0414 827 34 47','-','-','Barcelona','002','ANZOATEGUI','001','VENEZUELA','','','','-','','01','0000000001','N','N','P','123',400,'04','','','-','0000-00-00 00:00:00','','','N','N','N','0015','sa@sanofiaventis.com',''),
 (926,926,'SANOFI  AVENTIS','N','N','S','2008-06-18 00:00:00',6466434,'','JOSE','ARIAS','012','GENERAL','-','04168343254','-','-','-','025','NO DEFINIDO','001','VENEZUELA','','','','-','','01','0000000001','N','N','P','123',400,'04','','','-','0000-00-00 00:00:00','','','N','N','N','0015','sa@sanofiaventis.com',''),
 (927,927,'SANOFI  AVENTIS','N','N','S','2008-06-19 00:00:00',2398348,'','RAMON','CASTRO','012','GENERAL','-','04143285166','-','-','-','025','NO DEFINIDO','001','VENEZUELA','','','','-','','01','0000000001','N','N','P','123',400,'04','','','-','0000-00-00 00:00:00','','','N','N','N','0015','sa@sanofiaventis.com',''),
 (928,928,'SANOFI  AVENTIS','N','N','S','2008-06-20 00:00:00',5893714,'','YURIMA','LEZAMA','012','GENERAL','-','4143095080','-','-','-','025','NO DEFINIDO','001','VENEZUELA','','','','-','','01','0000000001','N','N','P','123',400,'04','','','-','0000-00-00 00:00:00','','','N','N','N','0015','sa@sanofiaventis.com',''),
 (929,929,'DAIICHI SANKYO VENEZUELA S.A.','S','S','S','2008-06-18 00:00:00',11875267,'','OSCAR','SALCEDO','046','RESIDENTE DE CARDIOLOGIA','-','-','-','Hosp. J. Vargas','Caracas','025','NO DEFINIDO','001','VENEZUELA','AVION','MARGARITA SUITES','','-','','04','0000000001','N','N','P','123',400,'04','','017','A','0000-00-00 00:00:00','','','N','N','N','0014','ds@daiichisankyo.com',''),
 (930,930,'BAYER S.A.','S','S','S','2008-06-19 00:00:00',4669765,'','RAFAEL','ASCANIO','012','GENERAL','-','0414494.95.55','rafascan@cantv.net','-','Valencia','007','CARABOBO','001','VENEZUELA','SVC','FLAMINGO','','-','','01','0000000001','N','N','P','123',400,'04','','012','S','0000-00-00 00:00:00','','','N','N','N','0011','ba@bayersa.com',''),
 (931,931,'BAYER S.A.','N','S','S','2008-06-19 00:00:00',4360894,'','JOSE ALBERTO','CABRERA','012','GENERAL','-','0412423.03.23','jacabereamartin@yahoo.com','-','Valencia','007','CARABOBO','001','VENEZUELA','SVC','FLAMINGO','','-','','01','0000000001','N','N','P','123',400,'04','','012','S','0000-00-00 00:00:00','','','N','N','N','0011','ba@bayersa.com',''),
 (932,932,'BAYER S.A.','S','S','S','2008-06-19 00:00:00',7052289,'','DORIS','LOPEZ','012','GENERAL','-','0414429.06.53','-','-','Valencia','007','CARABOBO','001','VENEZUELA','SVC','FLAMINGO','','-','','01','0000000001','N','N','P','123',400,'04','','012','S','0000-00-00 00:00:00','','','N','N','N','0011','ba@bayersa.com',''),
 (933,933,'BAYER S.A.','S','S','S','2008-06-19 00:00:00',4146746,'','LEONARDO','SOTO','012','GENERAL','-','0414661.43.84','-','-','Maracaibo','021','ZULIA','001','VENEZUELA','SVC','HILTON MARGARITA SUITE','','-','','01','0000000001','N','N','P','123',400,'04','','001','S','0000-00-00 00:00:00','','','N','N','N','0011','ba@bayersa.com',''),
 (934,934,'BAYER S.A.','S','S','S','2008-06-19 00:00:00',10157755,'','LEONARDO','LANZA','012','GENERAL','-','04147075500','leonardolanzae@hotmail.com','-','San Cristóbal','018','TACHIRA','001','VENEZUELA','SVC','FLAMINGO','','-','','01','0000000001','N','N','P','123',400,'04','','012','S','0000-00-00 00:00:00','','','N','N','N','0011','ba@bayersa.com',''),
 (935,935,'BAYER S.A.','S','S','S','2008-06-19 00:00:00',11468763,'','ALEXA','ROSAS','012','GENERAL','-','04145633017','aleroga@yahoo.com','-','BARINAS','005','BARINAS','001','VENEZUELA','SVC','LAGUNAMAR','','-','','01','0000000001','N','N','P','123',400,'04','','014','S','0000-00-00 00:00:00','','','N','N','N','0011','ba@bayersa.com',''),
 (936,936,'BAYER S.A.','S','S','S','2008-06-19 00:00:00',4525699,'','PAUL LILLO','NIÑEZ','012','GENERAL','-','04166540148','lilloheart@hotmail.com','-','San Felipe','003','APURE','001','VENEZUELA','SVC','FLAMINGO','','-','','01','0000000001','N','N','P','123',400,'04','','012','S','0000-00-00 00:00:00','','','N','N','N','0011','ba@bayersa.com',''),
 (937,937,'BAYER S.A.','S','S','S','2008-06-19 00:00:00',10457818,'','MILKA','DIAZ','012','GENERAL','-','0416 6108981','milka_diaz@hotmail.com','-','Caracas','025','NO DEFINIDO','001','VENEZUELA','SVC','FLAMINGO','','-','','01','0000000001','N','N','P','123',400,'04','','012','S','0000-00-00 00:00:00','','','N','N','N','0011','ba@bayersa.com',''),
 (938,938,'BAYER S.A.','S','S','S','2008-06-19 00:00:00',4789589,'','SOBEIDA','MENDOZA','012','GENERAL','-','04166303880','sobeida60@gmail.com','-','Caracas','025','NO DEFINIDO','001','VENEZUELA','SVC','FLAMINGO','','-','','01','0000000001','N','N','P','123',400,'04','','012','S','0000-00-00 00:00:00','','','N','N','N','0011','ba@bayersa.com',''),
 (939,939,'BAYER S.A.','S','S','S','2008-06-19 00:00:00',4236612,'','OSCAR','TALAVERA','012','GENERAL','-','04166301403','oscart82@hotmail.com','-','Caracas','022','DISTRITO CAPITAL','001','VENEZUELA','SVC','FLAMINGO','','-','','01','0000000001','N','N','P','123',400,'04','','012','S','0000-00-00 00:00:00','','','N','N','N','0011','ba@bayersa.com',''),
 (940,940,'BAYER S.A.','S','S','S','2008-06-19 00:00:00',8351819,'','CARLOS','ZERPA','012','GENERAL','-','0414394.33.34','c_zerpa@hotmail.com','-','Maturin','025','NO DEFINIDO','001','VENEZUELA','SVC','FLAMINGO','','-','','01','0000000001','N','N','P','123',400,'04','','012','S','0000-00-00 00:00:00','','','N','N','N','0011','ba@bayersa.com',''),
 (941,941,'BAYER S.A.','S','S','S','2008-06-19 00:00:00',15186061,'','ELENA','OLCHEVSKAIA','012','GENERAL','-','0286.718.30.50','-','-','Puerto Ordaz','025','NO DEFINIDO','001','VENEZUELA','SVC','FLAMINGO','','-','','01','0000000001','N','N','P','123',400,'04','','012','S','0000-00-00 00:00:00','','','N','N','N','0011','ba@bayersa.com',''),
 (942,942,'BAYER S.A.','S','S','S','2008-06-19 00:00:00',4221450,'','ELSI','ROJAS','012','GENERAL','-','0416.681.46.34','elsirojas@cantv.net','-','-','025','NO DEFINIDO','001','VENEZUELA','SVC','FLAMINGO','','-','','01','0000000001','N','N','P','123',400,'04','','012','S','0000-00-00 00:00:00','','','N','N','N','0011','ba@bayersa.com',''),
 (943,943,'BAYER S.A.','S','S','S','2008-06-19 00:00:00',6300702,'','ANA','FEBRES','012','GENERAL','-','04145340343','anafebres3@hotmail.com ','-','Barquisimeto','025','NO DEFINIDO','001','VENEZUELA','SVC','FLAMINGO','','-','','01','0000000001','N','N','P','123',400,'04','','012','S','0000-00-00 00:00:00','','','N','N','N','0011','ba@bayersa.com',''),
 (944,944,'BAYER S.A.','S','S','S','2008-06-19 00:00:00',8400329,'','JOSE GREGORIO','ACUÑA','012','GENERAL','-','04160334242','jgab2010@yahoo.es','-','Puerto La Cruz','025','NO DEFINIDO','001','VENEZUELA','SVC','FLAMINGO','','-','','01','0000000001','N','N','P','123',400,'04','','012','S','0000-00-00 00:00:00','','','N','N','N','0011','ba@bayersa.com',''),
 (945,945,'BAYER S.A.','N','N','S','2008-06-19 00:00:00',6157576,'','PEDRO','ANDREW','012','GENERAL','-','0414.883.01.17','-','-','TUCUPITA','025','NO DEFINIDO','001','VENEZUELA','SVC','FLAMINGO','','-','','01','0000000001','N','N','P','123',400,'04','','012','S','0000-00-00 00:00:00','','','N','N','N','0011','ba@bayersa.com',''),
 (946,946,'BAYER S.A.','N','N','S','2008-06-19 00:00:00',5225868,'','LILIANA','GONZALEZ','012','GENERAL','-','4166299295','-','-','CARACAS','025','NO DEFINIDO','001','VENEZUELA','SVC','FLAMINGO','','-','','01','0000000001','N','N','P','123',400,'04','','012','S','0000-00-00 00:00:00','','','N','N','N','0011','ba@bayersa.com',''),
 (947,947,'BAYER S.A.','N','N','S','2008-06-19 00:00:00',365944,'','DOMINGO','ANNICHIARICCO','012','GENERAL','-','-','-','-','CARACAS','025','NO DEFINIDO','001','VENEZUELA','SVC','FLAMINGO','','-','','01','0000000001','N','N','P','123',400,'04','','012','S','0000-00-00 00:00:00','','','N','N','N','0011','ba@bayersa.com',''),
 (948,948,'BAYER S.A.','N','N','S','2008-06-19 00:00:00',2802500,'','ALICIA','NAVARRO','012','GENERAL','-','0414815.98.65','alimena@hotmail.com','-','-','025','NO DEFINIDO','001','VENEZUELA','SVC','FLAMINGO','','-','','01','0000000001','N','N','P','123',400,'04','','012','S','0000-00-00 00:00:00','','','N','N','N','0011','ba@bayersa.com',''),
 (949,949,'BAYER S.A.','N','N','S','2008-06-19 00:00:00',5119387,'','RAMÒN ARTURO','ESCALONA PINTO','012','GENERAL','-','04248251015',' escalona48@hotmail.com','-','-','025','NO DEFINIDO','001','VENEZUELA','SVC','FLAMINGO','','-','','01','0000000001','N','N','P','123',400,'04','','012','S','0000-00-00 00:00:00','','','N','N','N','0011','ba@bayersa.com',''),
 (950,950,'GVM','S','N','S','2008-06-19 00:00:00',15892936,'','MARISELA','MACHADO','001','Cardiologo','-','-','xellamachado@hotmail.com','-','-','025','NO DEFINIDO','001','VENEZUELA','','','','-','','01','0000000001','N','N','P','123',400,'04','','','-','0000-00-00 00:00:00','','','N','N','N','0032','gv@gvm.com',''),
 (951,951,'CORP DIAGNO IMAGEN C.A','N','N','S','2008-06-19 00:00:00',3976738,'','SONIA','SILVA','043','PERFUSIONISTA','-','-','soniasgv@hotmail.com','-','-','025','NO DEFINIDO','001','VENEZUELA','','','','-','','01','0000000001','N','N','P','123',400,'04','','','-','0000-00-00 00:00:00','','','N','N','N','0025','cd@diagnoimagen.com',''),
 (952,952,'CORP DIAGNO IMAGEN C.A','N','N','S','2008-06-19 00:00:00',3944016,'','ALEXIS','TREJO','043','PERFUSIONISTA','-','-','-','-','-','025','NO DEFINIDO','001','VENEZUELA','','','','-','','01','0000000001','N','N','P','123',400,'04','','','-','0000-00-00 00:00:00','','','N','N','N','0025','cd@diagnoimagen.com',''),
 (953,953,'CORP DIAGNO IMAGEN C.A','N','N','S','2008-06-19 00:00:00',12625109,'','BRIGIDA','AGUERREVERE','043','PERFUSIONISTA','-','-','-','-','-','025','NO DEFINIDO','001','VENEZUELA','','','','-','','01','0000000001','N','N','P','123',400,'04','','','-','0000-00-00 00:00:00','','','N','N','N','0025','cd@diagnoimagen.com',''),
 (954,954,'CORP DIAGNO IMAGEN C.A','N','N','S','2008-06-19 00:00:00',6057311,'','EDGAR','BARRETO','036','INSTRUMENTISTA','-','-','-','-','-','025','NO DEFINIDO','001','VENEZUELA','','','','-','','01','0000000001','N','N','P','123',400,'04','','','-','0000-00-00 00:00:00','','','N','N','N','0025','cd@diagnoimagen.com',''),
 (955,955,'CORP DIAGNO IMAGEN C.A','N','N','S','2008-06-19 00:00:00',5882796,'','YOZAIDA','AYALA','036','INSTRUMENTISTA','-','-','-','-','-','025','NO DEFINIDO','001','VENEZUELA','','','','-','','01','0000000001','N','N','P','123',400,'04','','','-','0000-00-00 00:00:00','','','N','N','N','0025','cd@diagnoimagen.com',''),
 (956,956,'CORP DIAGNO IMAGEN C.A','N','S','S','2008-06-19 00:00:00',6977900,'','KATY','ORTIZ','036','INSTRUMENTISTA','-','-','-','-','-','025','NO DEFINIDO','001','VENEZUELA','','','','-','','01','0000000001','N','N','P','123',400,'04','','','-','0000-00-00 00:00:00','','','N','N','N','0025','cd@diagnoimagen.com',''),
 (957,957,'CORP DIAGNO IMAGEN C.A','N','N','S','2008-06-19 00:00:00',5008387,'','JANNA','RUSSO','043','PERFUSIONISTA','-','-','jannarusso@hotmail.com','-','-','025','NO DEFINIDO','001','VENEZUELA','','','','-','','01','0000000001','N','N','P','123',400,'04','','','-','0000-00-00 00:00:00','','','N','N','N','0025','cd@diagnoimagen.com',''),
 (958,958,'CORP DIAGNO IMAGEN C.A','N','S','S','2008-06-19 00:00:00',9238780,'','YURUANI','CASTELLANOS','006','CIRUJANO CARDIOVASCULAR','-','-','-','-','-','025','NO DEFINIDO','001','VENEZUELA','','','','-','','01','0000000001','N','N','P','123',400,'04','','','-','0000-00-00 00:00:00','','','N','N','N','0025','cd@diagnoimagen.com',''),
 (959,959,'CORP DIAGNO IMAGEN C.A','N','S','S','2008-06-19 00:00:00',9214492,'','MARGARITA','DELGADO','006','CIRUJANO CARDIOVASCULAR','-','-','-','-','-','025','NO DEFINIDO','001','VENEZUELA','','','','-','','01','0000000001','N','N','P','123',400,'04','','','-','0000-00-00 00:00:00','','','N','N','N','0025','cd@diagnoimagen.com',''),
 (960,960,'CORP DIAGNO IMAGEN C.A','N','S','S','2008-06-19 00:00:00',12526798,'','GEORGE','DE SANTOLO','006','CIRUJANO CARDIOVASCULAR','-','-','-','-','-','025','NO DEFINIDO','001','VENEZUELA','','','','-','','01','0000000001','N','N','P','123',400,'04','','','-','0000-00-00 00:00:00','','','N','N','N','0025','cd@diagnoimagen.com',''),
 (961,961,'CORP DIAGNO IMAGEN C.A','N','N','S','2008-06-19 00:00:00',5539999,'','JORGE','SIVERIO','006','CIRUJANO CARDIOVASCULAR','-','-','-','-','-','025','NO DEFINIDO','001','VENEZUELA','','','','-','','01','0000000001','N','N','P','123',400,'04','','','-','0000-00-00 00:00:00','','','N','N','N','0025','cd@diagnoimagen.com',''),
 (962,962,'CORP DIAGNO IMAGEN C.A','N','N','S','2008-06-19 00:00:00',5887398,'','GRACIELA','LA MURA','006','CIRUJANO CARDIOVASCULAR','-','-','-','-','-','025','NO DEFINIDO','001','VENEZUELA','','','','-','','01','0000000001','N','N','P','123',400,'04','','','-','0000-00-00 00:00:00','','','N','N','N','0025','cd@diagnoimagen.com',''),
 (963,963,'BOEHRINGER INGELHEIM','S','N','S','2008-06-20 00:00:00',9149140,'','ALEIDA','CASTILLO','001','Cardiologo','-','04147078615','a.castillomorantes@yahoo.es','-','San Cristóbal','025','NO DEFINIDO','001','VENEZUELA','','','','-','','01','0000000001','N','N','P','123',400,'04','','','-','0000-00-00 00:00:00','','','N','N','N','0010','bi@boheringer.com',''),
 (964,964,'BOEHRINGER INGELHEIM','S','N','S','2008-06-20 00:00:00',8037865,'','LUIS HOMERO','RAMÍREZ','001','Cardiologo','-','04147443032','Luishomero19qgmail.com','-','Mérida','025','NO DEFINIDO','001','VENEZUELA','','','','-','','01','0000000001','N','N','P','123',400,'04','','','-','0000-00-00 00:00:00','','','N','N','N','0010','bi@boheringer.com',''),
 (965,965,'BOEHRINGER INGELHEIM','S','S','S','2008-06-20 00:00:00',8132516,'','CECILIA','BASTIDAS','012','GENERAL','-','04141584355','cecilia_1608@hotmail.com','-','BARINAS','005','NO DEFINIDO','001','VENEZUELA','','DINASTY','','-','','01','0000000001','N','N','P','123',400,'04','','003','-','0000-00-00 00:00:00','','','N','N','N','0010','bi@boheringer.com',''),
 (966,966,'BOEHRINGER INGELHEIM','S','N','S','2008-06-20 00:00:00',7594788,'','OMAR','DÍAZ','012','GENERAL','-','04166518737','omar_diaz@hotmail.com','-','Barquisimeto','025','NO DEFINIDO','001','VENEZUELA','','','','-','','01','0000000001','N','N','P','123',400,'04','','','-','0000-00-00 00:00:00','','','N','N','N','0010','bi@boheringer.com',''),
 (967,967,'BOEHRINGER INGELHEIM','S','N','S','2008-06-20 00:00:00',9422276,'','ANA','VÁSQUEZ','012','GENERAL','-','04148757015','samori@cantv.net','-','Pto. Ordaz','025','NO DEFINIDO','001','VENEZUELA','','','','-','','01','0000000001','N','N','P','123',400,'04','','','-','0000-00-00 00:00:00','','','N','N','N','0010','bi@boheringer.com',''),
 (968,968,'BOEHRINGER INGELHEIM','S','N','S','2008-06-20 00:00:00',5471339,'','CARMEN','PÉREZ','012','GENERAL','-','04141899323','perezcasti@cantv.net','-','Cumaná','025','NO DEFINIDO','001','VENEZUELA','','','','-','','01','0000000001','N','N','P','123',400,'04','','','-','0000-00-00 00:00:00','','','N','N','N','0010','bi@boheringer.com',''),
 (969,969,'BOEHRINGER INGELHEIM','S','N','S','2008-06-20 00:00:00',5087833,'','DIEGO','VIOLI GÓMEZ','012','GENERAL','-','04143919229','perezcasti@cantv.net','-','Maturín','025','NO DEFINIDO','001','VENEZUELA','','','','-','','01','0000000001','N','N','P','123',400,'04','','','-','0000-00-00 00:00:00','','','N','N','N','0010','bi@boheringer.com',''),
 (970,970,'BOEHRINGER INGELHEIM','S','N','S','2008-06-20 00:00:00',2752074,'','MANUEL','ALFONSO','001','Cardiologo','-','04166430414','malfonzop@cantv.net','-','Valencia','025','NO DEFINIDO','001','VENEZUELA','','','','-','','01','0000000001','N','N','P','123',400,'04','','','-','0000-00-00 00:00:00','','','N','N','N','0010','bi@boheringer.com',''),
 (971,971,'BOEHRINGER INGELHEIM','S','S','S','2008-06-20 00:00:00',11479557,'','MARCOS','WIELHEIM','001','Cardiologo','-','04123430688','mwilhelm73@hotmail.com','-','Valencia','025','NO DEFINIDO','001','VENEZUELA','','DINASTY','','-','','01','0000000001','N','N','P','123',400,'04','','003','-','0000-00-00 00:00:00','','','N','N','N','0010','bi@boheringer.com',''),
 (972,972,'BOEHRINGER INGELHEIM','N','S','S','2008-06-20 00:00:00',12901455,'','LUIS EDUARDO','LOBO','001','Cardiologo','-','04144749334','luiseduardolobo9@hotmail.com','-','Maracay','025','NO DEFINIDO','001','VENEZUELA','','DINASTY','','-','','01','0000000001','N','N','P','123',400,'04','','003','-','0000-00-00 00:00:00','','','N','N','N','0010','bi@boheringer.com',''),
 (973,973,'BOEHRINGER INGELHEIM','S','S','S','2008-06-20 00:00:00',3155743,'','LUIS','DÍAZ','001','Cardiologo','-','04166309538','ludiazve@yahoo.es','-','Caracas','025','NO DEFINIDO','001','VENEZUELA','','DINASTY','','-','','01','0000000001','N','N','P','123',400,'04','','003','-','0000-00-00 00:00:00','','','N','N','N','0010','bi@boheringer.com',''),
 (974,974,'BOEHRINGER INGELHEIM','S','N','S','2008-06-20 00:00:00',11338804,'','MARIELINA','MARÍN','010','INTERNISTA','-','04148187081','marile297@gmail.com','-','Caracas','025','NO DEFINIDO','001','VENEZUELA','','','','-','','01','0000000001','N','N','P','123',400,'04','','','-','0000-00-00 00:00:00','','','N','N','N','0010','bi@boheringer.com',''),
 (975,975,'BOEHRINGER INGELHEIM','S','S','S','2008-06-20 00:00:00',10872004,'','ISMARIEL','ESPIN','010','INTERNISTA','-','04142542272','a_b_cines@yahoo.com','-','Caracas','025','NO DEFINIDO','001','VENEZUELA','','HILTON MARGARITA SUITE','','-','','01','0000000001','N','N','P','123',400,'04','','001','-','0000-00-00 00:00:00','','','N','N','N','0010','bi@boheringer.com',''),
 (976,976,'BOEHRINGER INGELHEIM','S','N','S','2008-06-20 00:00:00',11232431,'','IGOR','DLUJNEWSKY','010','INTERNISTA','-','04142546767','igordlujnewsky@yahoo.com','-','Caracas','025','NO DEFINIDO','001','VENEZUELA','','','','-','','01','0000000001','N','N','P','123',400,'04','','','-','0000-00-00 00:00:00','','','N','N','N','0010','bi@boheringer.com',''),
 (977,977,'BOEHRINGER INGELHEIM','S','N','S','2008-06-20 00:00:00',3830085,'','ANA ZULLY','PIÑA','012','GENERAL','-','04167685618','anazullys@cantv.net','-','Coro','025','NO DEFINIDO','001','VENEZUELA','','','','-','','01','0000000001','N','N','P','123',400,'04','','','-','0000-00-00 00:00:00','','','N','N','N','0010','bi@boheringer.com',''),
 (978,978,'BOEHRINGER INGELHEIM','S','N','S','2008-06-20 00:00:00',5854769,'','CARLOS','CHAVEZ','012','GENERAL','-','04162287778','chavezca@cantv.net','-','Maracaibo','025','NO DEFINIDO','001','VENEZUELA','','','','-','','01','0000000001','N','N','P','123',400,'04','','','-','0000-00-00 00:00:00','','','N','N','N','0010','bi@boheringer.com',''),
 (979,979,'BOEHRINGER INGELHEIM','S','N','S','2008-06-20 00:00:00',5353365,'','POMPEYO','BARRIOS','001','Cardiologo','-','04167722075','barayo@cantv.net','-','Valera','025','NO DEFINIDO','001','VENEZUELA','','','','-','','01','0000000001','N','N','P','123',400,'04','','','-','0000-00-00 00:00:00','','','N','N','N','0010','bi@boheringer.com',''),
 (980,980,'BOEHRINGER INGELHEIM','S','S','S','2008-06-20 00:00:00',3252088,'','SALVATORE','PLUCHINO','012','GENERAL','-','04141294013','salvatore.pluchino@boehringer-ingelheim.com','-','Caracas','025','NO DEFINIDO','001','VENEZUELA','','HILTON MARGARITA SUITE','','-','','01','0000000001','N','N','P','123',400,'04','','001','-','0000-00-00 00:00:00','','','N','N','N','0010','bi@boheringer.com',''),
 (981,981,'BOEHRINGER INGELHEIM','S','N','S','2008-06-20 00:00:00',5584230,'','MILAGROS','LUQUE N.','012','GENERAL','-','04146971258','milagrosluquered@hotmail.com','-','Pto. Fijo','025','NO DEFINIDO','001','VENEZUELA','','','','-','','01','0000000001','N','N','P','123',400,'04','','','-','0000-00-00 00:00:00','','','N','N','N','0010','bi@boheringer.com',''),
 (982,982,'BOEHRINGER INGELHEIM','S','N','N','2008-06-20 00:00:00',10604006,'','ALDEMARO','FERRER','012','GENERAL','-','04146261874','ajfs1236@hotmail.com','-','Maracaibo','025','NO DEFINIDO','001','VENEZUELA','','','','-','','01','0000000001','N','N','P','123',400,'04','','','-','0000-00-00 00:00:00','','','N','N','N','0010','bi@boheringer.com',''),
 (983,983,'BOEHRINGER INGELHEIM','S','S','S','2008-06-20 00:00:00',6407678,'','MANUEL','ESCORCHE','010','INTERNISTA','-','04143980485','meschorche@hotmail.com','-','Charallave','025','NO DEFINIDO','001','VENEZUELA','','DINASTY','','-','','01','0000000001','N','N','P','123',400,'04','','003','-','0000-00-00 00:00:00','','','N','N','N','0010','bi@boheringer.com',''),
 (984,984,'BOEHRINGER INGELHEIM','S','N','S','2008-06-20 00:00:00',1121903,'','HUMBERTO','CASAL','012','GENERAL','-','04143248110','casals@cantv.net','-','Caracas','025','NO DEFINIDO','001','VENEZUELA','','','','-','','01','0000000001','N','N','P','123',400,'04','','','-','0000-00-00 00:00:00','','','N','N','N','0010','bi@boheringer.com',''),
 (985,985,'ESPECIALIDADES DOLLDER','N','N','S','2008-06-20 00:00:00',3334473,'','IGNACIO','PÉREZ MALO','001','Cardiologo','2392480704','4143237646','-','Clínica Pérez Malo','Charallave','013','MIRANDA','001','VENEZUELA','AVION','HOWARD JOHNSON','','-','','01','0000000001','N','N','P','123',400,'04','','015','A','0000-00-00 00:00:00','','','N','N','N','0027','ed@dollder.com',''),
 (986,986,'MERCK, S.A.','S','N','S','2008-06-20 00:00:00',14369851,'','MEJÍAS DORIA','FRANCISCO','031','ESPECIALISTA','-','-','-','-','-','025','NO DEFINIDO','001','VENEZUELA','','','','-','','01','0000000001','N','N','P','123',400,'04','','','-','0000-00-00 00:00:00','','','N','N','N','0037','me@mercksa.com',''),
 (987,987,'MERCK, S.A.','S','N','S','2008-06-20 00:00:00',4145606,'','MARIO','PÉREZ','031','ESPECIALISTA','-','04143617927','-','-','Maracaibo','021','ZULIA','001','VENEZUELA','','','','-','','01','0000000001','N','N','P','123',400,'04','','','-','0000-00-00 00:00:00','','','N','N','N','0037','me@mercksa.com',''),
 (988,988,'MSD','S','S','S','2008-06-20 00:00:00',3406192,'','SERGIO','SOTOROSA','001','Cardiologo','-','-','-','-','Caracas','007','CARABOBO','001','VENEZUELA','AVION','','','-','','01','0000000001','N','N','P','123',400,'04','','','A','0000-00-00 00:00:00','','','N','N','N','0007','ms@msd.com',''),
 (989,989,'MSD','S','S','S','2008-06-20 00:00:00',8212326,'','MAESTRE','CESAR','001','Cardiologo','-','-','-','-','Caracas','022','DISTRITO CAPITAL','001','VENEZUELA','AVION','BELLA VISTA','','-','','01','0000000001','N','N','P','123',400,'04','','007','A','0000-00-00 00:00:00','','','N','N','N','0007','ms@msd.com',''),
 (990,990,'MSD','S','N','S','2008-06-20 00:00:00',3669938,'','VASQUEZ','ROSALINDA','049','TECNICO CARDIOPULMONAR','-','-','-','-','Caracas','022','DISTRITO CAPITAL','001','VENEZUELA','AVION','','','-','','03','0000000001','N','N','P','123',400,'04','','','A','0000-00-00 00:00:00','','','N','N','N','0007','ms@msd.com',''),
 (991,991,'MSD','S','N','S','2008-06-20 00:00:00',3029220,'','ROJAS','ELIRUTH','049','TECNICO CARDIOPULMONAR','-','-','-','-','Caracas','022','DISTRITO CAPITAL','001','VENEZUELA','AVION','','','-','','03','0000000001','N','N','P','123',400,'04','','','A','0000-00-00 00:00:00','','','N','N','N','0007','ms@msd.com',''),
 (992,992,'BEHRENS PHARMA','N','N','S','2008-06-20 00:00:00',12101167,'','MARIA','VARGAS','015','R3 CARDIO','-','-','-','Hospital Central Enrique Tejera','Valencia','007','CARABOBO','001','VENEZUELA','','','','-','','01','0000000001','N','N','P','123',400,'04','','','-','0000-00-00 00:00:00','','','N','N','N','0022','bp@behrenspharma.com',''),
 (993,993,'BEHRENS PHARMA','N','N','S','2008-06-20 00:00:00',10187417,'','ROSA','ORTEGA','015','R3 CARDIO','-','04244125050','-','-','Valencia','007','CARABOBO','001','VENEZUELA','','','','-','','01','0000000001','N','N','P','123',400,'04','','','-','0000-00-00 00:00:00','','','N','N','N','0022','bp@behrenspharma.com',''),
 (994,994,'BEHRENS PHARMA','S','N','S','2008-06-20 00:00:00',4096842,'','AURORA','RUIZ','001','Cardiologo','-','04167403129','aurorar_2007@hotmail.com','Cardiologico San Carlos','Valencia','007','CARABOBO','001','VENEZUELA','AVION','','','-','','01','0000000001','N','N','P','123',400,'04','','','A','0000-00-00 00:00:00','','','N','N','N','0022','bp@behrenspharma.com',''),
 (995,995,'BEHRENS PHARMA','S','N','S','2008-06-20 00:00:00',5359575,'','EDGAR','VILLEGAS','001','Cardiologo','-','-','-','Cardiologico San Carlos','Valencia','007','CARABOBO','001','VENEZUELA','AVION','','','-','','01','0000000001','N','N','P','123',400,'04','','','A','0000-00-00 00:00:00','','','N','N','N','0022','bp@behrenspharma.com',''),
 (996,996,'BEHRENS PHARMA','S','N','S','2008-06-20 00:00:00',8520917,'','JOSE','BENITEZ','010','INTERNISTA','-','4143234437','jotabenitez@cantv.net','Clinica La Floresta','Caracas','022','DISTRITO CAPITAL','001','VENEZUELA','','','','-','','01','0000000001','N','N','P','123',400,'04','','','-','0000-00-00 00:00:00','','','N','N','N','0022','bp@behrenspharma.com',''),
 (997,997,'BEHRENS PHARMA','S','N','S','2008-06-20 00:00:00',5310682,'','CARLOS','DE CASTRO','010','INTERNISTA','-','4141120417','-','Salud Chacao(Altamira)','Caracas','022','DISTRITO CAPITAL','001','VENEZUELA','','','','-','','01','0000000001','N','N','P','123',400,'04','','','-','0000-00-00 00:00:00','','','N','N','N','0022','bp@behrenspharma.com',''),
 (998,998,'BRETT  MEDICAL','S','S','S','2008-06-24 00:00:00',5238947,'','HECTOR','PARRA','034','GERENTE DE VENTAS','5760020','4143040937','brettmed@msn.com','BRETT MEDICAL','CARACAS','022','DISTRITO CAPITAL','001','VENEZUELA','AVION','PUERTA DEL SOL','','-','','01','0000000001','N','N','P','123',400,'04','','','A','0000-00-00 00:00:00','','','N','N','N','0023','bm@bretmedical.com',''),
 (999,999,'BRETT  MEDICAL','S','S','S','2008-06-24 00:00:00',6848738,'','MILAGROS','FERREIRA','034','GERENTE DE VENTAS','5761252','4269198622','milainsitu@hotmail.com','BRETT MEDICAL','CARACAS','022','DISTRITO CAPITAL','001','VENEZUELA','AVION','PUERTA DEL SOL','','-','','01','0000000001','N','N','P','123',400,'04','','','A','0000-00-00 00:00:00','','','N','N','N','0023','bm@bretmedical.com',''),
 (1000,1000,'BRETT  MEDICAL','S','S','S','2008-06-24 00:00:00',6862129,'','CLARA','MELENDEZ','050','TECNICO','4728474','4168252617','melendezclara@hotmail.com','BRETT MEDICAL','CARACAS','022','DISTRITO CAPITAL','001','VENEZUELA','AVION','PUERTA DEL SOL','','-','','03','0000000001','N','N','P','123',400,'04','','','A','0000-00-00 00:00:00','','','N','N','N','0023','bm@bretmedical.com',''),
 (1001,1001,'SANOFI  AVENTIS','N','N','S','2008-06-20 00:00:00',7549640,'','LEONARDO','IZAGUIRRE','012','GENERAL','-','-','-','-','CARACAS','025','NO DEFINIDO','001','VENEZUELA','','','','-','','01','0000000001','N','N','P','123',400,'04','','','-','0000-00-00 00:00:00','','','N','N','N','0015','sa@sanofiaventis.com',''),
 (1002,1002,'SERVIMEDIC','N','N','S','2008-06-20 00:00:00',12974982,'','MARIA JOSE','BORRERO','012','GENERAL','-','-','-','-','-','025','NO DEFINIDO','001','VENEZUELA','','LAGUNAMAR','','-','','01','0000000001','N','N','P','123',400,'04','','014','-','0000-00-00 00:00:00','','','N','N','N','0042','se@servimedic.com',''),
 (1003,1003,'SCHERING-PLOUGH-UNILAB','N','N','S','2008-06-20 00:00:00',8029056,'','WILLIAM','ARAQUE','012','GENERAL','-','04167318615','-','-','VALENCIA','007','CARABOBO','001','VENEZUELA','','','','-','','01','0000000001','N','N','P','123',400,'04','','','-','0000-00-00 00:00:00','','','N','N','N','0041','spu@scheringploughunilab.com',''),
 (1004,1004,'SCHERING-PLOUGH-UNILAB','N','N','S','2008-06-20 00:00:00',4439245,'','FRANCISCO','GONZALEZ','012','GENERAL','-','04166363355','-','-','CARACAS','022','DISTRITO CAPITAL','001','VENEZUELA','','','','-','','01','0000000001','N','N','P','123',400,'04','','','-','0000-00-00 00:00:00','','','N','N','N','0041','spu@scheringploughunilab.com',''),
 (1005,1005,'SCHERING-PLOUGH-UNILAB','N','N','S','2008-06-20 00:00:00',3847274,'','ELIO','ROMERO','012','GENERAL','-','04143456998','-','-','MARACAY','004','ARAGUA','001','VENEZUELA','','','','-','','01','0000000001','N','N','P','123',400,'04','','','-','0000-00-00 00:00:00','','','N','N','N','0041','spu@scheringploughunilab.com',''),
 (1006,1006,'SCHERING-PLOUGH-UNILAB','N','N','S','2008-06-20 00:00:00',4462229,'','JOSE','MOTA','012','GENERAL','-','04166218608','-','-','CARACAS','022','DISTRITO CAPITAL','001','VENEZUELA','','','','-','','01','0000000001','N','N','P','123',400,'04','','','-','0000-00-00 00:00:00','','','N','N','N','0041','spu@scheringploughunilab.com',''),
 (1007,1007,'SCHERING-PLOUGH-UNILAB','N','N','S','2008-06-20 00:00:00',9870760,'','GUSTAVO','ESPINOZA','012','GENERAL','-','04143362554','-','-','CARACAS','022','DISTRITO CAPITAL','001','VENEZUELA','','','','-','','01','0000000001','N','N','P','123',400,'04','','','-','0000-00-00 00:00:00','','','N','N','N','0041','spu@scheringploughunilab.com',''),
 (1008,1008,'SCHERING-PLOUGH-UNILAB','N','N','S','2008-06-20 00:00:00',4536589,'','ENDER','CASTILLO','012','GENERAL','-','04146218219','-','-','MARACAIBO','021','ZULIA','001','VENEZUELA','','','','-','','01','0000000001','N','N','P','123',400,'04','','','-','0000-00-00 00:00:00','','','N','N','N','0041','spu@scheringploughunilab.com',''),
 (1009,1009,'SCHERING-PLOUGH-UNILAB','N','N','S','2008-06-20 00:00:00',9428575,'','LOURDES','COELLO','012','GENERAL','-','04166956304','-','-','PORLAMAR','015','NUEVA ESPARTA','001','VENEZUELA','','','','-','','01','0000000001','N','N','P','123',400,'04','','','-','0000-00-00 00:00:00','','','N','N','N','0041','spu@scheringploughunilab.com',''),
 (1010,1010,'SCHERING-PLOUGH-UNILAB','N','N','S','2008-06-20 00:00:00',4420898,'','JANELLY','DE GRATEROL','012','GENERAL','-','-','-','-','MARACAY','004','ARAGUA','001','VENEZUELA','','','','-','','01','0000000001','N','N','P','123',400,'04','','','-','0000-00-00 00:00:00','','','N','N','N','0041','spu@scheringploughunilab.com',''),
 (1011,1011,'SCHERING-PLOUGH-UNILAB','N','N','S','2008-06-20 00:00:00',8098380,'','VICENTE','ROMERO','012','GENERAL','-','04166856530','-','-','CIUDAD BOLIVAR','006','BOLIVAR','001','VENEZUELA','','','','-','','01','0000000001','N','N','P','123',400,'04','','','-','0000-00-00 00:00:00','','','N','N','N','0041','spu@scheringploughunilab.com',''),
 (1012,1012,'SCHERING-PLOUGH-UNILAB','N','N','S','2008-06-20 00:00:00',7763129,'','VERONICA','HERNANDEZ','012','GENERAL','-','04147956294','-','-','CUMANA','017','SUCRE','001','VENEZUELA','','','','-','','01','0000000001','N','N','P','123',400,'04','','','-','0000-00-00 00:00:00','','','N','N','N','0041','spu@scheringploughunilab.com',''),
 (1013,1013,'SCHERING-PLOUGH-UNILAB','N','N','S','2008-06-20 00:00:00',4711565,'','WILFRIDO','TORRES','012','GENERAL','-','04166913377','-','-','MATURIN','014','MONAGAS','001','VENEZUELA','','','','-','','01','0000000001','N','N','P','123',400,'04','','','-','0000-00-00 00:00:00','','','N','N','N','0041','spu@scheringploughunilab.com',''),
 (1014,1014,'SCHERING-PLOUGH-UNILAB','N','N','S','2008-06-20 00:00:00',7293217,'','JOSE','GONZALEZ','012','GENERAL','-','04148973173','-','-','PUERTO ORDAZ','006','BOLIVAR','001','VENEZUELA','','','','-','','01','0000000001','N','N','P','123',400,'04','','','-','0000-00-00 00:00:00','','','N','N','N','0041','spu@scheringploughunilab.com',''),
 (1015,1015,'LAB LETI, S.A.V.-LIBICAR','N','N','S','2008-06-20 00:00:00',24530945,'','ANDREA','ROAINA','012','GENERAL','-','-','-','-','-','025','NO DEFINIDO','001','VENEZUELA','','','','-','','01','0000000001','N','N','P','123',400,'04','','','-','0000-00-00 00:00:00','','','N','N','N','0034','ll@labletisav.com',''),
 (1016,1016,'LAB LETI, S.A.V.-LIBICAR','N','N','S','2008-06-20 00:00:00',14297101,'','JEFFERSON','SALAS','012','GENERAL','-','-','-','-','-','025','NO DEFINIDO','001','VENEZUELA','','','','-','','01','0000000001','N','N','P','123',400,'04','','','-','0000-00-00 00:00:00','','','N','N','N','0034','ll@labletisav.com',''),
 (1017,1017,'LAB LETI, S.A.V.-LIBICAR','N','N','S','2008-06-20 00:00:00',11165919,'','ALVARO','JIMENEZ','012','GENERAL','-','-','-','-','-','025','NO DEFINIDO','001','VENEZUELA','','','','-','','01','0000000001','N','N','P','123',400,'04','','','-','0000-00-00 00:00:00','','','N','N','N','0034','ll@labletisav.com',''),
 (1018,1018,'BAYER-VENTAVIS','S','S','S','2008-06-20 00:00:00',5062224,'','MARIANELA','RIVAS','004','Cardiologo Infantil','-','0414376.15.36','rimar@cantv.net','HOSPITAL CENTRAL DE SAN CRISTOBAL','SAN CRISTOBAL','018','TACHIRA','001','VENEZUELA','','','','-','','01','0000000001','N','N','P','123',400,'04','','','-','0000-00-00 00:00:00','','','N','N','N','0021','bv@bayerventavis.com',''),
 (1019,1019,'BAYER-VENTAVIS','S','S','S','2008-06-20 00:00:00',9388812,'','JUSTO','SANTIAGO','004','Cardiologo Infantil','-','0414746.84.37','justos@ula.ve','HOSPITAL UNIVERSITARIO DE MERIDA','MERIDA','012','MERIDA','001','VENEZUELA','','','','-','','01','0000000001','N','N','P','123',400,'04','','','-','0000-00-00 00:00:00','','','N','N','N','0021','bv@bayerventavis.com',''),
 (1020,1020,'BAYER-VENTAVIS','S','S','S','2008-06-20 00:00:00',8602908,'','JANET','CAMACHO','004','Cardiologo Infantil','-','0414153.52.45','janetch2006@hotmail.com','FUNDACARDIN','CARACAS','025','NO DEFINIDO','001','VENEZUELA','','','','-','','01','0000000001','N','N','P','123',400,'04','','','-','0000-00-00 00:00:00','','','N','N','N','0021','bv@bayerventavis.com',''),
 (1021,1021,'BAYER-VENTAVIS','S','S','S','2008-06-20 00:00:00',6082119,'','KARLHEINZ','BOETTICHER','004','Cardiologo Infantil','-','0416621.19.78','khboetticher@makler.com.ve','FUNDACARDIN','CARACAS','025','NO DEFINIDO','001','VENEZUELA','','','','-','','01','0000000001','N','N','P','123',400,'04','','','-','0000-00-00 00:00:00','','','N','N','N','0021','bv@bayerventavis.com',''),
 (1022,1022,'BAYER-VENTAVIS','S','S','S','2008-06-20 00:00:00',6910940,'','MARIA','CAPECCHI','012','GENERAL','-','04142495439','magu1108@cantv.net','-','-','025','NO DEFINIDO','001','VENEZUELA','','','','-','','01','0000000001','N','N','P','123',400,'04','','','-','0000-00-00 00:00:00','','','N','N','N','0021','bv@bayerventavis.com',''),
 (1023,1023,'BAYER-VENTAVIS','S','S','S','2008-06-20 00:00:00',8162585,'','MARIA','REBOLLEDO','012','GENERAL','-','04140133447','zoracor2412@hotmail','CARACAS','-','025','NO DEFINIDO','001','VENEZUELA','','','','-','','01','0000000001','N','N','P','123',400,'04','','','-','0000-00-00 00:00:00','','','N','N','N','0021','bv@bayerventavis.com',''),
 (1024,1024,'SCHERING PLOUGH','S','N','S','2008-06-20 00:00:00',8248914,'','MIRIANKIS','GUZMAN','001','Cardiologo','-','04128787347','-','-','BARCELONA','002','ANZOATEGUI','001','VENEZUELA','AVION','','','-','','01','0000000001','N','N','P','123',400,'04','','','A','0000-00-00 00:00:00','','','N','N','N','0040','sp@scheringplough.com',''),
 (1025,1025,'SCHERING PLOUGH','S','N','S','2008-06-20 00:00:00',2036054,'','RAMIRO','FALCON','001','Cardiologo','-','04145150853','-','-','BARQUISIMETO','011','LARA','001','VENEZUELA','AVION','','','-','','01','0000000001','N','N','P','123',400,'04','','','A','0000-00-00 00:00:00','','','N','N','N','0040','sp@scheringplough.com',''),
 (1026,1026,'SCHERING PLOUGH','S','N','S','2008-06-20 00:00:00',12422604,'','MONICA','PACHON','010','INTERNISTA','-','04129257164','-','-','CARACAS','022','DISTRITO CAPITAL','001','VENEZUELA','AVION','','','-','','01','0000000001','N','N','P','123',400,'04','','','A','0000-00-00 00:00:00','','','N','N','N','0040','sp@scheringplough.com',''),
 (1027,1027,'SCHERING PLOUGH','S','N','S','2008-06-20 00:00:00',10378976,'','ALEXANDER','HERNANDEZ','001','Cardiologo','-','04142552814','-','-','CARACAS','022','DISTRITO CAPITAL','001','VENEZUELA','AVION','','','-','','01','0000000001','N','N','P','123',400,'04','','','A','0000-00-00 00:00:00','','','N','N','N','0040','sp@scheringplough.com',''),
 (1028,1028,'SCHERING PLOUGH','S','N','S','2008-06-20 00:00:00',5526279,'','JOSE','BECERRA','010','INTERNISTA','-','04142356543','-','-','CARACAS','022','DISTRITO CAPITAL','001','VENEZUELA','AVION','','','-','','01','0000000001','N','N','P','123',400,'04','','','A','0000-00-00 00:00:00','','','N','N','N','0040','sp@scheringplough.com',''),
 (1029,1029,'SCHERING PLOUGH','S','N','S','2008-06-20 00:00:00',11160499,'','JOSE MANUEL','HERNADEZ','010','INTERNISTA','-','04142932255','-','-','CARACAS','022','DISTRITO CAPITAL','001','VENEZUELA','AVION','','','-','','01','0000000001','N','N','P','123',400,'04','','','A','0000-00-00 00:00:00','','','N','N','N','0040','sp@scheringplough.com',''),
 (1030,1030,'SCHERING PLOUGH','S','N','S','2008-06-20 00:00:00',11412043,'','HEYDI','LARA VEITIA','001','Cardiologo','-','04142487967','-','-','CARACAS','022','DISTRITO CAPITAL','001','VENEZUELA','AVION','','','-','','01','0000000001','N','N','P','123',400,'04','','','A','0000-00-00 00:00:00','','','N','N','N','0040','sp@scheringplough.com',''),
 (1031,1031,'SCHERING PLOUGH','S','N','S','2008-06-20 00:00:00',8476633,'','JORGE','PEREZ','001','Cardiologo','-','04162022438','-','-','CARACAS','022','DISTRITO CAPITAL','001','VENEZUELA','AVION','','','-','','01','0000000001','N','N','P','123',400,'04','','','A','0000-00-00 00:00:00','','','N','N','N','0040','sp@scheringplough.com',''),
 (1032,1032,'SCHERING PLOUGH','S','N','S','2008-06-20 00:00:00',5506321,'','EGLE','MENDOZA','','MEDICINA FAMILIAR','-','04143161682','-','-','CARACAS','022','DISTRITO CAPITAL','001','VENEZUELA','AVION','','','-','','01','0000000001','N','N','P','123',400,'04','','','A','0000-00-00 00:00:00','','','N','N','N','0040','sp@scheringplough.com',''),
 (1033,1033,'SCHERING PLOUGH','S','N','S','2008-06-20 00:00:00',5837638,'','DANY','D\'ALBANO','001','Cardiologo','-','04146975159','-','-','CUMANA','017','SUCRE','001','VENEZUELA','AVION','','','-','','01','0000000001','N','N','P','123',400,'04','','','A','0000-00-00 00:00:00','','','N','N','N','0040','sp@scheringplough.com',''),
 (1034,1034,'SCHERING PLOUGH','S','N','S','2008-06-20 00:00:00',8442031,'','YOSMARY','CORDOVA','','MEDICO CIRUJANO','-','0414996845','-','-','CUMANA','017','SUCRE','001','VENEZUELA','AVION','','','-','','01','0000000001','N','N','P','123',400,'04','','','A','0000-00-00 00:00:00','','','N','N','N','0040','sp@scheringplough.com',''),
 (1035,1035,'SCHERING PLOUGH','S','N','S','2008-06-20 00:00:00',5283526,'','MILCEN','CASTILLO','010','INTERNISTA','-','04246592736','-','-','MARACAIBO','021','ZULIA','001','VENEZUELA','AVION','','','-','','01','0000000001','N','N','P','123',400,'04','','','A','0000-00-00 00:00:00','','','N','N','N','0040','sp@scheringplough.com',''),
 (1036,1036,'SCHERING PLOUGH','S','N','S','2008-06-20 00:00:00',81540012,'','VICTOR','DIAZ','','MEDICINA FAMILIAR','-','04145985779','-','-','MARACAY','004','ARAGUA','001','VENEZUELA','AVION','','','-','','01','0000000001','N','N','P','123',400,'04','','','A','0000-00-00 00:00:00','','','N','N','N','0040','sp@scheringplough.com',''),
 (1037,1037,'SCHERING PLOUGH','S','N','S','2008-06-20 00:00:00',9640663,'','NAYELLIS','D\'ALBANO','010','INTERNISTA','-','04164292783','-','-','MARACAY','004','ARAGUA','001','VENEZUELA','AVION','','','-','','01','0000000001','N','N','P','123',400,'04','','','A','0000-00-00 00:00:00','','','N','N','N','0040','sp@scheringplough.com',''),
 (1038,1038,'SCHERING PLOUGH','S','N','S','2008-06-20 00:00:00',7205892,'','HERILVA','SILVA','010','INTERNISTA','-','04164316771','-','-','MARACAY','004','ARAGUA','001','VENEZUELA','AVION','','','-','','01','0000000001','N','N','P','123',400,'04','','','A','0000-00-00 00:00:00','','','N','N','N','0040','sp@scheringplough.com',''),
 (1039,1039,'SCHERING PLOUGH','S','N','S','2008-06-20 00:00:00',3077982,'','JESUS','RAMIREZ','010','INTERNISTA','-','-','-','-','S. CRISTOBAL','018','TACHIRA','001','VENEZUELA','AVION','','','-','','01','0000000001','N','N','P','123',400,'04','','','A','0000-00-00 00:00:00','','','N','N','N','0040','sp@scheringplough.com',''),
 (1040,1040,'SCHERING PLOUGH','S','N','S','2008-06-20 00:00:00',8023781,'','MARCOS','MORENO','001','Cardiologo','-','04164411616','-','-','SAN CARLOS','025','NO DEFINIDO','001','VENEZUELA','AVION','','','-','','01','0000000001','N','N','P','123',400,'04','','','A','0000-00-00 00:00:00','','','N','N','N','0040','sp@scheringplough.com',''),
 (1041,1041,'SCHERING PLOUGH','S','N','S','2008-06-20 00:00:00',5976162,'','ERICK','MARVIN','001','Cardiologo','-','04166275358','-','-','CARACAS','022','DISTRITO CAPITAL','001','VENEZUELA','AVION','','','-','','01','0000000001','N','N','P','123',400,'04','','','A','0000-00-00 00:00:00','','','N','N','N','0040','sp@scheringplough.com',''),
 (1042,1042,'SCHERING PLOUGH','S','N','S','2008-06-20 00:00:00',7969796,'','LILIA','BORJAS','010','INTERNISTA','-','04140609627','-','-','MARACAIBO','021','ZULIA','001','VENEZUELA','AVION','','','-','','01','0000000001','N','N','P','123',400,'04','','','A','0000-00-00 00:00:00','','','N','N','N','0040','sp@scheringplough.com',''),
 (1043,1043,'SCHERING PLOUGH','S','N','S','2008-06-20 00:00:00',4989071,'','BEATRIZ','ALVARADO','001','Cardiologo','-','04141669592','-','-','MARACAIBO','021','ZULIA','001','VENEZUELA','AVION','','','-','','01','0000000001','N','N','P','123',400,'04','','','A','0000-00-00 00:00:00','','','N','N','N','0040','sp@scheringplough.com',''),
 (1044,1044,'SCHERING PLOUGH','S','N','S','2008-06-20 00:00:00',5468956,'','CARLOS','ACOSTA','010','INTERNISTA','-','04146781858','-','-','MARACAIBO','021','ZULIA','001','VENEZUELA','AVION','','','-','','01','0000000001','N','N','P','123',400,'04','','','A','0000-00-00 00:00:00','','','N','N','N','0040','sp@scheringplough.com',''),
 (1045,1045,'SCHERING PLOUGH','S','N','S','2008-06-20 00:00:00',12785997,'','ERNESTO','VERA','006','CIRUJANO CARDIOVASCULAR','-','04143305440','-','-','CARACAS','022','DISTRITO CAPITAL','001','VENEZUELA','AVION','','','-','','01','0000000001','N','N','P','123',400,'04','','','A','0000-00-00 00:00:00','','','N','N','N','0040','sp@scheringplough.com',''),
 (1046,1046,'SCHERING PLOUGH','S','N','S','2008-06-20 00:00:00',4374818,'','ZULAY','JIMENEZ','','MEDICINA FAMILIAR','-','04143513369','-','-','BARQUISIMETO','011','LARA','001','VENEZUELA','AVION','','','-','','01','0000000001','N','N','P','123',400,'04','','','A','0000-00-00 00:00:00','','','N','N','N','0040','sp@scheringplough.com',''),
 (1047,1047,'SCHERING PLOUGH','S','N','S','2008-06-20 00:00:00',4752554,'','RUTH','FINOL','010','INTERNISTA','-','04166651944','-','-','MARACAIBO','011','LARA','001','VENEZUELA','AVION','','','-','','01','0000000001','N','N','P','123',400,'04','','','A','0000-00-00 00:00:00','','','N','N','N','0040','sp@scheringplough.com',''),
 (1048,1048,'SCHERING PLOUGH','S','S','S','2008-06-20 00:00:00',8907539,'','JOSE GREGORIO','RODRIGUEZ','001','Cardiologo','-','04164434073','coroba@cantv.net','policlinica Maracay','MARACAY','004','ARAGUA','001','VENEZUELA','AVION','','','-','','01','0000000001','N','N','P','123',400,'04','','','A','0000-00-00 00:00:00','','','N','N','N','0040','sp@scheringplough.com',''),
 (1049,1049,'SCHERING PLOUGH','S','S','S','2008-06-20 00:00:00',3971534,'','FERNANDO','RODRIGUEZ','001','Cardiologo','-','04166846709','fernanheart@cantv.net','CENTRO CARDIOLOGICO Anzoategui','LECHERIAS','002','ANZOATEGUI','001','VENEZUELA','AVION','','','-','','01','0000000001','N','N','P','123',400,'04','','','A','0000-00-00 00:00:00','','','N','N','N','0040','sp@scheringplough.com',''),
 (1050,1050,'SCHERING PLOUGH','S','S','S','2008-06-20 00:00:00',7246043,'','JOSE','POMPINI','001','Cardiologo','-','04145907600','jpompini@hotmail.com','hosp clinico las delicias','MARACAY','004','ARAGUA','001','VENEZUELA','AVION','','','-','','01','0000000001','N','N','P','123',400,'04','','','A','0000-00-00 00:00:00','','','N','N','N','0040','sp@scheringplough.com',''),
 (1051,1051,'SCHERING PLOUGH','S','S','S','2008-06-20 00:00:00',3810656,'','BENAIM','BRISEIDA','001','Cardiologo','-','04166568238','briseidabenaim@intercable.net.ve','ASCARDIO','BARQUISIMETO','011','LARA','001','VENEZUELA','AVION','','','-','','01','0000000001','N','N','P','123',400,'04','','','A','0000-00-00 00:00:00','','','N','N','N','0040','sp@scheringplough.com',''),
 (1052,1052,'MSD','N','N','S','2008-06-20 00:00:00',10791735,'','MONICA','ROVELLA','012','GENERAL','-','-','-','-','-','025','NO DEFINIDO','001','VENEZUELA','','','','-','','01','0000000001','N','N','P','123',400,'04','','','-','0000-00-00 00:00:00','','','N','N','N','0007','ms@msd.com',''),
 (1053,1053,'BEHRENS PHARMA','S','N','S','2008-06-20 00:00:00',5267539,'','ADELA','MENESES DE DIAZ','041','MEDICINA GENERAL','-','-','-','Consultorio Privado','Maracay','007','CARABOBO','001','VENEZUELA','AVION','','','-','','01','0000000001','N','N','P','123',400,'04','','','A','0000-00-00 00:00:00','','','N','N','N','0022','bp@behrenspharma.com',''),
 (1054,1054,'LETI-DIR MED','N','S','S','2008-06-20 00:00:00',1986555,'','MANUEL','VELASCO','012','GENERAL','3610541','-','mgonzalez@leti.com.ve','Laboratorios Leti, S.A.V.','-','013','MIRANDA','001','VENEZUELA','','','','-','','01','0000000001','N','N','P','123',400,'04','','','-','0000-00-00 00:00:00','','','N','N','N','','',''),
 (1055,1055,'LETI-DIR MED','N','S','S','2008-06-20 00:00:00',3588759,'','MAGALY DE','VELASCO','012','GENERAL','-','-','telsal@cantv.net','-','Margarita','015','NUEVA ESPARTA','001','VENEZUELA','','','','-','','01','0000000001','N','N','P','123',400,'04','','','-','0000-00-00 00:00:00','','','N','N','N','','',''),
 (1056,1056,'HOSPAL MEDICA C.A.','N','N','S','2008-06-26 00:00:00',10012754,'','DICKSON','ALVAREZ','001','Cardiologo','-','-','-','Hosp. Miguel Perez Carreño','Caracas','022','DISTRITO CAPITAL','001','VENEZUELA','','','','-','','01','0000000001','N','N','P','123',400,'04','','','-','0000-00-00 00:00:00','','','N','N','N','0033','hm@hospalmedica.com',''),
 (1057,1057,'HOSPAL MEDICA C.A.','N','N','S','2008-06-26 00:00:00',6817318,'','MIGUEL','SEQUERA','001','Cardiologo','-','-','-','Hosp. Miguel Perez Carreño','Caracas','022','DISTRITO CAPITAL','001','VENEZUELA','','','','-','','01','0000000001','N','N','P','123',400,'04','','','-','0000-00-00 00:00:00','','','N','N','N','0033','hm@hospalmedica.com',''),
 (1058,1058,'HOSPAL MEDICA C.A.','N','N','S','2008-06-26 00:00:00',9945024,'','ONEIDA','CALZADILLA','051','TECNICO EN MARCAPASO','-','-','-','Hospal Medica, C.A.','Caracas','022','DISTRITO CAPITAL','001','VENEZUELA','','MARGARITA PRINCESS','','-','','03','0000000001','N','N','P','123',400,'04','','016','-','0000-00-00 00:00:00','','','N','N','N','0033','hm@hospalmedica.com',''),
 (1059,1059,'HOSPAL MEDICA C.A.','N','N','S','2008-06-26 00:00:00',14394146,'','ARNELY','LUNA','051','TECNICO EN MARCAPASO','-','-','-','Hospal Medica, C.A.','Caracas','022','DISTRITO CAPITAL','001','VENEZUELA','','MARGARITA PRINCESS','','-','','03','0000000001','N','N','P','123',400,'04','','016','-','0000-00-00 00:00:00','','','N','N','N','0033','hm@hospalmedica.com',''),
 (1060,1060,'HOSPAL MEDICA C.A.','N','N','S','2008-06-26 00:00:00',17966479,'','MARIA ALEXANDRA','CARTAGENA','051','TECNICO EN MARCAPASO','-','-','-','Hospal Medica, C.A.','Caracas','022','DISTRITO CAPITAL','001','VENEZUELA','','MARGARITA PRINCESS','','-','','03','0000000001','N','N','P','123',400,'04','','016','-','0000-00-00 00:00:00','','','N','N','N','0033','hm@hospalmedica.com',''),
 (1061,1061,'ENDOTECNICA C.A','S','S','S','2008-06-20 00:00:00',12623035,'','GRAZY','WHARWOOD','045','REPRESENTANTE DE VENTAS','0212 7934580','0414 255 29 28','grazyw@endotecnica.com','Endotecnica C.A','Caracas','022','DISTRITO CAPITAL','001','VENEZUELA','AVION','ACQUARIUS','','-','','01','0000000001','N','N','P','123',400,'04','','013','A','0000-00-00 00:00:00','','','N','N','N','0026','en@endotecnica.com',''),
 (1062,1062,'ENDOTECNICA C.A','S','S','S','2008-06-20 00:00:00',8341998,'','OLIMAR','BARILLAS','041','MEDICINA GENERAL','0212 7934580','0416 419 00 34','obarillas2004@yahoo.com','Hospital Univ. Valera','Valera','019','TRUJILLO','001','VENEZUELA','AVION','FLAMINGO','','-','','01','0000000001','N','N','P','123',400,'04','','012','A','0000-00-00 00:00:00','','','N','N','N','0026','en@endotecnica.com',''),
 (1063,1063,'ENDOTECNICA C.A','N','N','S','2008-06-20 00:00:00',3823462,'','JOSE JESUS','GONZALEZ LUNA','049','TECNICO CARDIOPULMONAR','0212 7934580','-','hemodinamiavalle@gmail.com','Lab. Cardiovascular El Valle','Porlamar','015','NUEVA ESPARTA','001','VENEZUELA','','','','-','','03','0000000001','N','N','P','123',400,'04','','','-','0000-00-00 00:00:00','','','N','N','N','0026','en@endotecnica.com',''),
 (1064,1064,'PARTICULAR','','','','2008-06-20 00:00:00',9559763,'','MARIA ESTHER','CORRAL','049','TECNICO CARDIOPULMONAR','-','-','-','ASCARDIO','BARQUISIMETO','011','LARA','001','VENEZUELA','','','','-','','03','0000000001','N','S','N','123',400,'04','','','-','0000-00-00 00:00:00','','','N','N','N','','',''),
 (1065,1065,'PARTICULAR','','','','2008-07-20 00:00:00',16867335,'','VANESA','GARABAN','049','TECNICO CARDIOPULMONAR','-','-','-','ASCARDIO','BARQUISIMETO','011','LARA','001','VENEZUELA','','','','-','','03','0000000001','N','S','N','123',400,'04','','','-','0000-00-00 00:00:00','','','N','N','N','','',''),
 (1066,1066,'PARTICULAR','','','','2008-07-20 00:00:00',17953878,'','CILISBETH CHIQUINQUIRÁ','VARGAS GALUE','032','ESTUDIANTE','-','-','-','-','MARAIBO','021','ZULIA','001','VENEZUELA','','','','-','','03','0000000001','N','S','N','123',400,'04','','','-','0000-00-00 00:00:00','','','N','N','N','','','');


--
-- Definition of table `recmregistroponderacion`
--

CREATE TABLE `recmregistroponderacion` (
  `regpon` varchar(10) NOT NULL,
  `codaso` varchar(10) NOT NULL,
  `codpon` varchar(5) NOT NULL,
  `fecpon` date NOT NULL,
  PRIMARY KEY  (`regpon`)
) ENGINE=InnoDB DEFAULT CHARSET=latin1;

--
-- Dumping data for table `recmregistroponderacion`
--

INSERT INTO `recmregistroponderacion` (`regpon`,`codaso`,`codpon`,`fecpon`) VALUES 
 ('0000000001','0000000061','00001','2008-04-06'),
 ('0000000002','0000000060','00001','2008-04-06');


--
-- Definition of table `rectconceptos`
--

CREATE TABLE `rectconceptos` (
  `codcon` varchar(5) NOT NULL default '',
  `descon` varchar(40) default NULL,
  `staconcer` varchar(2) default NULL,
  PRIMARY KEY  (`codcon`)
) ENGINE=InnoDB DEFAULT CHARSET=latin1;

--
-- Dumping data for table `rectconceptos`
--

INSERT INTO `rectconceptos` (`codcon`,`descon`,`staconcer`) VALUES 
 ('00001','prueba 1','NO');


--
-- Definition of table `rectponderacion`
--

CREATE TABLE `rectponderacion` (
  `codpon` varchar(5) NOT NULL,
  `codcon` varchar(5) NOT NULL,
  `despon` varchar(100) NOT NULL,
  `punpon` int(11) NOT NULL,
  PRIMARY KEY  (`codpon`)
) ENGINE=InnoDB DEFAULT CHARSET=latin1;

--
-- Dumping data for table `rectponderacion`
--

INSERT INTO `rectponderacion` (`codpon`,`codcon`,`despon`,`punpon`) VALUES 
 ('00001','00001','ponderando prueba 1',10);


--
-- Definition of table `rphpdtreportes`
--

CREATE TABLE `rphpdtreportes` (
  `codrep` varchar(10) NOT NULL,
  `titcol` varchar(30) NOT NULL,
  `camcol` varchar(25) NOT NULL,
  `anccol` int(11) NOT NULL,
  `opecol` varchar(20) NOT NULL,
  `alicol` varchar(20) NOT NULL,
  `poscam` varchar(12) NOT NULL,
  `mullin` varchar(2) default NULL,
  `sepmilcol` varchar(2) NOT NULL,
  `sepdeccol` varchar(2) NOT NULL,
  `numlintit` int(11) default NULL,
  `numlincol` int(11) default NULL,
  `alitit` varchar(20) default NULL,
  `anctit` int(11) default NULL,
  `diblintit` varchar(2) NOT NULL,
  `diblincol` varchar(2) NOT NULL,
  `staimpcol` varchar(2) NOT NULL,
  `staimptit` varchar(2) NOT NULL,
  `staimpdesgru` varchar(2) NOT NULL,
  `stapierep` varchar(2) NOT NULL,
  KEY `icodrep` (`codrep`)
) ENGINE=InnoDB DEFAULT CHARSET=latin1 COMMENT='Tablka de Detalles de Configuracion de Reportes';

--
-- Dumping data for table `rphpdtreportes`
--

INSERT INTO `rphpdtreportes` (`codrep`,`titcol`,`camcol`,`anccol`,`opecol`,`alicol`,`poscam`,`mullin`,`sepmilcol`,`sepdeccol`,`numlintit`,`numlincol`,`alitit`,`anctit`,`diblintit`,`diblincol`,`staimpcol`,`staimptit`,`staimpdesgru`,`stapierep`) VALUES 
 ('rmfilial','codigo','codaso',25,'Ninguna','L','0','NO','NO','NO',0,1,'L',25,'NO','NO','SI','SI','NO','NO'),
 ('rmfilial','nombre','nombre',80,'Ninguna','L','1','NO','NO','NO',0,1,'L',80,'NO','NO','SI','SI','NO','NO'),
 ('rmfilial','celular','telcel',20,'Ninguna','L','2','NO','NO','NO',0,1,'L',20,'NO','NO','SI','SI','NO','NO'),
 ('rmfilial','email','emaaso',40,'Ninguna','L','3','NO','NO','NO',0,1,'L',40,'NO','NO','SI','SI','NO','NO'),
 ('rbancos','Codigo','codban',20,'Ninguna','L','0','NO','NO','NO',0,1,'L',20,'NO','NO','SI','SI','NO','NO'),
 ('rbancos','Nombre','nomban',50,'Ninguna','L','1','NO','NO','NO',0,1,'L',50,'NO','NO','SI','SI','NO','NO'),
 ('rcxc1','Codigo','codcxc',20,'Ninguna','L','0','NO','NO','NO',0,1,'L',20,'NO','NO','SI','SI','NO','NO'),
 ('rcxc1','Asociado','codaso',20,'Ninguna','L','1','NO','NO','NO',0,1,'L',20,'NO','NO','SI','SI','NO','NO'),
 ('rcxc1','Nombre','nombre',50,'Ninguna','L','2','NO','NO','NO',0,1,'L',50,'NO','NO','SI','SI','NO','NO'),
 ('rcxc1','Concepto','nomcon',50,'Ninguna','L','3','NO','NO','NO',0,1,'L',50,'NO','NO','SI','SI','NO','NO'),
 ('rcxc1','Vencimiento','fechaven',20,'Ninguna','L','4','NO','NO','NO',0,1,'L',20,'NO','NO','SI','SI','NO','NO'),
 ('rcxc1','Monto','mondeu',20,'Ninguna','R','5','NO','SI','SI',0,1,'R',20,'NO','NO','SI','SI','NO','NO'),
 ('raso1','Codigo','codaso',20,'Ninguna','L','0','NO','NO','NO',0,1,'L',20,'NO','NO','SI','SI','NO','NO'),
 ('raso1','Nombres','nomaso',45,'Ninguna','L','1','NO','NO','NO',0,1,'L',45,'NO','NO','SI','SI','NO','NO'),
 ('raso1','Apellidos','apeaso',45,'Ninguna','L','2','NO','NO','NO',0,1,'L',45,'NO','NO','SI','SI','NO','NO'),
 ('raso1','Miembro','numcar',15,'Ninguna','L','3','NO','NO','NO',0,1,'L',15,'NO','NO','SI','SI','NO','NO'),
 ('raso1','Filial','nomfil',50,'Ninguna','L','4','NO','NO','NO',0,1,'L',50,'NO','NO','SI','SI','NO','NO'),
 ('raso1','Celular','telcel',20,'Ninguna','L','5','NO','NO','NO',0,1,'L',20,'NO','NO','SI','SI','NO','NO'),
 ('rpagos2','Cuenta','codcxc',20,'Ninguna','L','0','NO','NO','NO',0,1,'L',20,'NO','NO','SI','SI','NO','NO'),
 ('rpagos2','Concepto','nomcon',50,'Ninguna','L','1','NO','NO','NO',0,1,'L',50,'NO','NO','SI','SI','NO','NO'),
 ('rpagos2','Monto','monpag',20,'Ninguna','R','2','NO','SI','SI',0,1,'L',20,'NO','NO','SI','SI','NO','NO'),
 ('rpagos1','Pago','codpag',20,'Ninguna','L','0','NO','NO','NO',0,1,'L',20,'NO','NO','SI','SI','NO','NO'),
 ('rpagos1','Codigo','codaso',20,'Ninguna','L','1','NO','NO','NO',0,1,'L',20,'NO','NO','SI','SI','NO','NO'),
 ('rpagos1','Apellidos','apeaso',45,'Ninguna','L','2','NO','NO','NO',0,1,'L',45,'NO','NO','SI','SI','NO','NO'),
 ('rpagos1','Nombres','nomaso',45,'Ninguna','L','3','NO','NO','NO',0,1,'L',45,'NO','NO','SI','SI','NO','NO'),
 ('rpagos1','Miembro','numcar',20,'Ninguna','L','4','NO','NO','NO',0,1,'L',20,'NO','NO','SI','SI','NO','NO'),
 ('rpagos1','Fecha','fechapag',20,'Ninguna','L','5','NO','NO','NO',0,1,'L',20,'NO','NO','SI','SI','NO','NO'),
 ('rpagos1','Monto','montotpag',20,'Ninguna','R','6','NO','SI','SI',0,1,'L',20,'NO','NO','SI','SI','NO','NO'),
 ('rsmsmens1','Codigo','codmen',20,'Cantidad','L','0','NO','NO','NO',0,1,'L',20,'NO','NO','SI','SI','NO','NO'),
 ('rsmsmens1','Celular','nummen',20,'Ninguna','L','1','NO','NO','NO',0,1,'L',20,'NO','NO','SI','SI','NO','NO'),
 ('rsmsmens1','Fecha','fechareg',30,'Ninguna','L','2','NO','NO','NO',0,1,'L',30,'NO','NO','SI','SI','NO','NO'),
 ('rsmsmens1','Estatus','stamen',15,'Ninguna','C','3','NO','NO','NO',0,1,'L',15,'NO','NO','SI','SI','NO','NO'),
 ('rsmsmens1','Enviado','fechaenv',30,'Ninguna','L','4','NO','NO','NO',0,1,'L',30,'NO','NO','SI','SI','NO','NO'),
 ('rsmsmens1','Mensaje','cuemen',50,'Ninguna','L','5','SI','NO','NO',0,1,'L',50,'NO','NO','SI','SI','NO','NO'),
 ('rgeveve02','Hotel','codhot',20,'Ninguna','L','0','NO','NO','NO',0,1,'L',20,'NO','NO','SI','SI','NO','NO'),
 ('rgeveve02','Nombre','nomhot',60,'Ninguna','L','1','NO','NO','NO',0,1,'L',60,'NO','NO','SI','SI','NO','NO'),
 ('rgeveve01','Codigo','codeve',20,'Ninguna','L','0','NO','NO','NO',0,1,'L',20,'NO','NO','SI','SI','NO','NO'),
 ('rgeveve01','Nombre','nomeve',80,'Ninguna','L','1','NO','NO','NO',0,1,'L',80,'NO','NO','SI','SI','NO','NO'),
 ('rgeveve01','Inicio','fechades',20,'Ninguna','L','2','NO','NO','NO',0,1,'L',20,'NO','NO','SI','SI','NO','NO'),
 ('rgeveve01','Fin','fechahas',20,'Ninguna','L','3','NO','NO','NO',0,1,'L',20,'NO','NO','SI','SI','NO','NO'),
 ('rgeveve01','Concluido','staeve',15,'Ninguna','L','4','NO','NO','NO',0,1,'L',15,'NO','NO','SI','SI','NO','NO'),
 ('rgeveve04','Hotel','codhot',20,'Ninguna','L','0','NO','NO','NO',0,1,'L',20,'NO','NO','SI','SI','NO','NO'),
 ('rgeveve04','Nombre','nomhot',60,'Ninguna','L','1','NO','NO','NO',0,1,'L',60,'NO','NO','SI','SI','NO','NO'),
 ('rgeveve05','Fecha:','inicio',15,'Ninguna','L','0','NO','NO','NO',0,0,'R',20,'NO','NO','SI','SI','NO','NO'),
 ('rgeveve05','Area:','nomare',60,'Ninguna','L','1','NO','NO','NO',0,0,'R',15,'NO','NO','SI','SI','NO','NO'),
 ('rgeveve06','Hora','inicio',20,'Ninguna','L','0','NO','NO','NO',0,1,'L',20,'NO','NO','SI','SI','NO','NO'),
 ('rgeveve06','Duracion','durpon',20,'Ninguna','L','1','NO','NO','NO',0,1,'L',20,'NO','NO','SI','SI','NO','NO'),
 ('rgeveve06','Titulo Ponencia','nomtempon',80,'Ninguna','L','2','SI','NO','NO',0,1,'L',80,'NO','NO','SI','SI','NO','NO'),
 ('rgeveve03','Codigo','codeve',20,'Ninguna','L','0','NO','NO','NO',0,1,'L',20,'NO','NO','SI','SI','NO','NO'),
 ('rgeveve03','Nombre del Evento','nomeve',80,'Ninguna','L','1','NO','NO','NO',0,1,'L',80,'NO','NO','SI','SI','NO','NO'),
 ('rgeveve03','Inicio','fechades',20,'Ninguna','L','2','NO','NO','NO',0,1,'L',20,'NO','NO','SI','SI','NO','NO'),
 ('rgeveve03','Fin','fechahas',20,'Ninguna','L','3','NO','NO','NO',0,1,'L',20,'NO','NO','SI','SI','NO','NO'),
 ('rgeveve03','Concluido','staeve',15,'Ninguna','L','4','NO','NO','NO',0,1,'L',15,'NO','NO','SI','SI','NO','NO'),
 ('rgevpre01','Codigo','codeve',20,'Ninguna','L','0','NO','NO','NO',0,1,'L',20,'NO','NO','SI','SI','NO','NO'),
 ('rgevpre01','Nombre','nomeve',80,'Ninguna','L','1','NO','NO','NO',0,1,'L',80,'NO','NO','SI','SI','NO','NO'),
 ('rgevpre01','Inicio','fechades',20,'Ninguna','L','2','NO','NO','NO',0,1,'L',20,'NO','NO','SI','SI','NO','NO'),
 ('rgevpre01','Fin','fechahas',20,'Ninguna','L','3','NO','NO','NO',0,1,'L',20,'NO','NO','SI','SI','NO','NO'),
 ('rgevpre01','Concluido','staeve',15,'Ninguna','L','4','NO','NO','NO',0,1,'L',15,'NO','NO','SI','SI','NO','NO'),
 ('rgevpre04','Codigo','codeve',20,'Ninguna','L','0','NO','NO','NO',0,1,'L',20,'NO','NO','SI','SI','NO','NO'),
 ('rgevpre04','Nombre','nomeve',80,'Ninguna','L','1','NO','NO','NO',0,1,'L',80,'NO','NO','SI','SI','NO','NO'),
 ('rgevpre04','Inicio','fechades',20,'Ninguna','L','2','NO','NO','NO',0,1,'L',20,'NO','NO','SI','SI','NO','NO'),
 ('rgevpre04','Fin','fechahas',20,'Ninguna','L','3','NO','NO','NO',0,1,'L',20,'NO','NO','SI','SI','NO','NO'),
 ('rgevpre04','Concluido','staeve',15,'Ninguna','L','4','NO','NO','NO',0,1,'L',15,'NO','NO','SI','SI','NO','NO'),
 ('rgevpre06','Codigo','codeve',20,'Ninguna','L','0','NO','NO','NO',0,1,'L',20,'NO','NO','SI','SI','NO','NO'),
 ('rgevpre06','Nombre','nomeve',80,'Ninguna','L','1','NO','NO','NO',0,1,'L',80,'NO','NO','SI','SI','NO','NO'),
 ('rgevpre06','Inicio','fechades',20,'Ninguna','L','2','NO','NO','NO',0,1,'L',20,'NO','NO','SI','SI','NO','NO'),
 ('rgevpre06','Fin','fechahas',20,'Ninguna','L','3','NO','NO','NO',0,1,'L',20,'NO','NO','SI','SI','NO','NO'),
 ('rgevpre06','Concluido','staeve',15,'Ninguna','L','4','NO','NO','NO',0,1,'L',15,'NO','NO','SI','SI','NO','NO'),
 ('rgevpre08','Codigo','codeve',20,'Ninguna','L','0','NO','NO','NO',0,1,'L',20,'NO','NO','SI','SI','NO','NO'),
 ('rgevpre08','Nombre','nomeve',80,'Ninguna','L','1','NO','NO','NO',0,1,'L',80,'NO','NO','SI','SI','NO','NO'),
 ('rgevpre08','Inicio','fechades',20,'Ninguna','L','2','NO','NO','NO',0,1,'L',20,'NO','NO','SI','SI','NO','NO'),
 ('rgevpre08','Fin','fechahas',20,'Ninguna','L','3','NO','NO','NO',0,1,'L',20,'NO','NO','SI','SI','NO','NO'),
 ('rgevpre08','Concluido','staeve',15,'Ninguna','L','4','NO','NO','NO',0,1,'L',15,'NO','NO','SI','SI','NO','NO'),
 ('rgevpre09','codigo','codpar',20,'Ninguna','L','0','NO','NO','NO',0,1,'L',20,'NO','NO','SI','SI','NO','NO'),
 ('rgevpre09','cedula','cedpar',20,'Ninguna','L','1','NO','NO','NO',0,1,'L',20,'NO','NO','SI','SI','NO','NO'),
 ('rgevpre09','apellidos','apepar',40,'Ninguna','L','2','NO','NO','NO',0,1,'L',40,'NO','NO','SI','SI','NO','NO'),
 ('rgevpre09','nombres','nompar',40,'Ninguna','L','3','NO','NO','NO',0,1,'L',40,'NO','NO','SI','SI','NO','NO'),
 ('rgevpre11','Patrocinante:','codpat',20,'Ninguna','L','0','NO','NO','NO',0,0,'L',20,'NO','NO','SI','SI','NO','NO'),
 ('rgevpre11','Nombre:','razsoc',60,'Ninguna','L','1','NO','NO','NO',0,0,'L',13,'NO','NO','SI','SI','NO','NO'),
 ('rgevpre14','Patrocinante:','codpat',20,'Ninguna','L','0','NO','NO','NO',0,0,'L',20,'NO','NO','SI','SI','NO','NO'),
 ('rgevpre14','Nombre:','razsoc',60,'Ninguna','L','1','NO','NO','NO',0,0,'L',13,'NO','NO','SI','SI','NO','NO'),
 ('rgevpre13','Codigo','codeve',20,'Ninguna','L','0','NO','NO','NO',0,1,'L',20,'NO','NO','SI','SI','NO','NO'),
 ('rgevpre13','Nombre','nomeve',80,'Ninguna','L','1','NO','NO','NO',0,1,'L',80,'NO','NO','SI','SI','NO','NO'),
 ('rgevpre13','Inicio','fechades',20,'Ninguna','L','2','NO','NO','NO',0,1,'L',20,'NO','NO','SI','SI','NO','NO'),
 ('rgevpre13','Fin','fechahas',20,'Ninguna','L','3','NO','NO','NO',0,1,'L',20,'NO','NO','SI','SI','NO','NO'),
 ('rgevpre13','Concluido','staeve',15,'Ninguna','L','4','NO','NO','NO',0,1,'L',15,'NO','NO','SI','SI','NO','NO'),
 ('rgevpre10','Codigo','codeve',20,'Ninguna','L','0','NO','NO','NO',0,1,'L',20,'NO','NO','SI','SI','NO','NO'),
 ('rgevpre10','Nombre','nomeve',80,'Ninguna','L','1','NO','NO','NO',0,1,'L',80,'NO','NO','SI','SI','NO','NO'),
 ('rgevpre10','Inicio','fechades',20,'Ninguna','L','2','NO','NO','NO',0,1,'L',20,'NO','NO','SI','SI','NO','NO'),
 ('rgevpre10','Fin','fechahas',20,'Ninguna','L','3','NO','NO','NO',0,1,'L',20,'NO','NO','SI','SI','NO','NO'),
 ('rgevpre10','Concluido','staeve',15,'Ninguna','L','4','NO','NO','NO',0,1,'L',15,'NO','NO','SI','SI','NO','NO'),
 ('rgevpre07','codigo','codpar',20,'Cantidad','L','0','NO','NO','NO',0,1,'L',20,'NO','NO','SI','SI','NO','NO'),
 ('rgevpre07','cedula','cedpar',20,'Ninguna','L','1','NO','NO','NO',0,1,'L',20,'NO','NO','SI','SI','NO','NO'),
 ('rgevpre07','apellidos','apepar',40,'Ninguna','L','2','NO','NO','NO',0,1,'L',40,'NO','NO','SI','SI','NO','NO'),
 ('rgevpre07','nombres','nompar',40,'Ninguna','L','3','NO','NO','NO',0,1,'L',40,'NO','NO','SI','SI','NO','NO'),
 ('rgevpre07','monto','monevepar',20,'Suma','R','4','NO','SI','SI',0,1,'L',20,'NO','NO','SI','SI','NO','NO'),
 ('rgevpre15','codigo','codpar',20,'Cantidad','L','0','NO','NO','NO',0,1,'L',20,'NO','NO','SI','SI','NO','NO'),
 ('rgevpre15','cedula','cedpar',20,'Ninguna','L','1','NO','NO','NO',0,1,'L',20,'NO','NO','SI','SI','NO','NO'),
 ('rgevpre15','apellidos','apepar',40,'Ninguna','L','2','NO','NO','NO',0,1,'L',40,'NO','NO','SI','SI','NO','NO'),
 ('rgevpre15','nombres','nompar',40,'Ninguna','L','3','NO','NO','NO',0,1,'L',40,'NO','NO','SI','SI','NO','NO'),
 ('rgevpre15','monto','monevepar',20,'Suma','R','4','NO','SI','SI',0,1,'R',20,'NO','NO','SI','SI','NO','NO'),
 ('rgevpre12','codigo','codpar',20,'Ninguna','L','0','NO','NO','NO',0,1,'L',20,'NO','NO','SI','SI','NO','NO'),
 ('rgevpre12','cedula','cedpar',20,'Ninguna','L','1','NO','NO','NO',0,1,'L',20,'NO','NO','SI','SI','NO','NO'),
 ('rgevpre12','apellidos','apepar',40,'Ninguna','L','2','NO','NO','NO',0,1,'L',40,'NO','NO','SI','SI','NO','NO'),
 ('rgevpre12','nombres','nompar',40,'Ninguna','L','3','NO','NO','NO',0,1,'L',40,'NO','NO','SI','SI','NO','NO'),
 ('rgevpre12','monto','monevepar',20,'Ninguna','R','4','NO','SI','SI',0,1,'R',20,'NO','NO','SI','SI','NO','NO'),
 ('rpreest01','Evento','nomeve',70,'Ninguna','L','0','NO','NO','NO',0,1,'L',70,'NO','NO','SI','NO','NO','NO'),
 ('rpreest01','Preinscritos','totpre',20,'Ninguna','R','1','NO','NO','NO',0,0,'R',50,'NO','NO','SI','SI','SI','NO'),
 ('rpreest02','Estado','nomest',50,'Ninguna','L','0','NO','NO','NO',0,1,'L',50,'NO','NO','SI','SI','NO','NO'),
 ('rpreest02','Cantidad','cantidad',20,'Ninguna','R','1','NO','NO','NO',0,1,'R',20,'NO','NO','SI','SI','NO','NO'),
 ('rpreest03','Evento','nomeve',70,'Ninguna','L','0','NO','NO','NO',0,1,'L',70,'NO','NO','SI','NO','NO','NO'),
 ('rpreest03','Inscritos','totins',20,'Ninguna','R','1','NO','NO','NO',0,0,'R',50,'NO','NO','SI','SI','SI','NO'),
 ('rpreest04','Estado','nomest',50,'Ninguna','L','0','NO','NO','NO',0,1,'L',50,'NO','NO','SI','SI','NO','NO'),
 ('rpreest04','Cantidad','cantidad',20,'Ninguna','R','1','NO','NO','NO',0,1,'R',20,'NO','NO','SI','SI','NO','NO'),
 ('rpretip02','nombre','nomparpar',60,'Ninguna','L','0','NO','NO','NO',0,1,'L',60,'NO','NO','SI','NO','NO','NO'),
 ('rpretip02','Total de','nomparpar',30,'Ninguna','L','1','NO','NO','NO',0,0,'L',20,'NO','NO','SI','SI','SI','NO'),
 ('rpretip02','cantidad','cantidad',20,'Ninguna','L','2','NO','NO','NO',0,0,'R',20,'NO','NO','SI','NO','SI','NO'),
 ('rpretip03','Cedula','cedpar',20,'Ninguna','R','0','NO','NO','NO',0,1,'L',20,'NO','NO','SI','SI','NO','NO'),
 ('rpretip03','Nombre','nombre',70,'Ninguna','L','1','NO','NO','NO',0,1,'L',70,'NO','NO','SI','SI','NO','NO'),
 ('rpretip03','Fec. Pre','fecha',20,'Ninguna','L','2','NO','NO','NO',0,1,'L',20,'NO','NO','SI','SI','NO','NO'),
 ('rpretip01','Evento','nomeve',80,'Ninguna','L','0','NO','NO','NO',0,1,'L',80,'NO','NO','SI','NO','NO','NO'),
 ('rprepat02','Patrocinante','razsoc',50,'Ninguna','L','0','NO','NO','NO',0,1,'L',50,'NO','NO','SI','SI','NO','NO'),
 ('rprepat02','Tras.','canpattra',20,'Ninguna','R','1','NO','NO','NO',0,1,'R',20,'NO','NO','SI','SI','NO','NO'),
 ('rprepat02','Hos.','canpathos',20,'Ninguna','R','2','NO','NO','NO',0,1,'R',20,'NO','NO','SI','SI','NO','NO'),
 ('rprepat02','Insc.','canpatinc',20,'Ninguna','R','3','NO','NO','NO',0,1,'R',20,'NO','NO','SI','SI','NO','NO'),
 ('rprepat01','nombre','nomeve',80,'Ninguna','L','0','NO','NO','NO',0,1,'L',80,'NO','NO','SI','NO','NO','NO'),
 ('rpreesp02','Especialidad','nomesp',50,'Ninguna','L','0','NO','NO','NO',0,1,'L',50,'NO','NO','SI','SI','NO','NO'),
 ('rpreesp02','Cantidad','cantidad',20,'Ninguna','R','1','NO','NO','NO',0,1,'R',20,'NO','NO','SI','SI','NO','NO'),
 ('rpreesp01','nombre','nomeve',80,'Ninguna','L','0','NO','NO','NO',0,1,'L',80,'NO','NO','SI','NO','NO','NO'),
 ('rprehot01','nombre','nomeve',80,'Ninguna','L','0','NO','NO','NO',0,1,'L',80,'NO','NO','SI','NO','NO','NO'),
 ('rprehot02',' ','nomhot',80,'Ninguna','L','0','NO','NO','NO',0,0,'L',80,'NO','NO','SI','NO','NO','NO'),
 ('rprehot03','cedula','cedpar',20,'Ninguna','L','0','NO','NO','NO',0,1,'L',20,'NO','NO','SI','SI','NO','NO'),
 ('rprehot03','nombres','nompar',40,'Ninguna','L','1','NO','NO','NO',0,1,'L',40,'NO','NO','SI','SI','NO','NO'),
 ('rprehot03','apellidos','apepar',40,'Ninguna','L','2','NO','NO','NO',0,1,'L',40,'NO','NO','SI','SI','NO','NO'),
 ('rprehot03','patrocinante','razsoc',40,'Ninguna','L','3','NO','NO','NO',0,1,'L',40,'NO','NO','SI','SI','NO','NO'),
 ('rgevpre05','cedula','cedpar',20,'Ninguna','L','0','NO','NO','NO',0,1,'L',20,'NO','NO','SI','SI','NO','NO'),
 ('rgevpre05','apellidos','apepar',40,'Ninguna','L','1','NO','NO','NO',0,1,'L',40,'NO','NO','SI','SI','NO','NO'),
 ('rgevpre05','nombres','nompar',40,'Ninguna','L','2','NO','NO','NO',0,1,'L',40,'NO','NO','SI','SI','NO','NO'),
 ('rpathot2','Hotel','nomhot',40,'Ninguna','L','0','NO','NO','NO',0,1,'L',40,'NO','NO','SI','SI','NO','NO'),
 ('rpathot1','codigo','codeve',20,'Ninguna','L','0','NO','NO','NO',0,1,'L',20,'NO','NO','SI','SI','NO','NO'),
 ('rpathot1','evento','nomeve',80,'Ninguna','L','1','NO','NO','NO',0,1,'L',80,'NO','NO','SI','SI','NO','NO'),
 ('rpathot1','inicio','fechades',20,'Ninguna','L','2','NO','NO','NO',0,1,'L',20,'NO','NO','SI','SI','NO','NO'),
 ('rpathot1','fin','fechahas',20,'Ninguna','L','3','NO','NO','NO',0,1,'L',20,'NO','NO','SI','SI','NO','NO'),
 ('rpathot1','concluido','staeve',15,'Ninguna','L','4','NO','NO','NO',0,1,'L',15,'NO','NO','SI','SI','NO','NO'),
 ('rpathot3','cedula','cedpar',20,'Cantidad','L','0','NO','NO','NO',0,1,'L',20,'NO','NO','SI','SI','NO','NO'),
 ('rpathot3','apellidos','apepar',40,'Ninguna','L','1','NO','NO','NO',0,1,'L',40,'NO','NO','SI','SI','NO','NO'),
 ('rpathot3','nombres','nompar',40,'Ninguna','L','2','NO','NO','NO',0,1,'L',40,'NO','NO','SI','SI','NO','NO'),
 ('rpathot3','telefono','telhab',20,'Ninguna','L','3','NO','NO','NO',0,1,'L',20,'NO','NO','SI','SI','NO','NO'),
 ('rpathot3','celular','telcel',25,'Ninguna','L','4','NO','NO','NO',0,1,'L',25,'NO','NO','SI','SI','NO','NO'),
 ('rpathot3','transporte','transporte',40,'Ninguna','L','5','NO','NO','NO',0,1,'L',40,'NO','NO','SI','SI','NO','NO'),
 ('rpathot3','hospedaje','hospedaje',40,'Ninguna','L','6','NO','NO','NO',0,1,'L',40,'NO','NO','SI','SI','NO','NO'),
 ('rpathot3','inscripcion','inscripcion',30,'Ninguna','L','7','NO','NO','NO',0,1,'L',30,'NO','NO','SI','SI','NO','NO'),
 ('rpathot4','codigo','codeve',20,'Ninguna','L','0','NO','NO','NO',0,1,'L',20,'NO','NO','SI','SI','NO','NO'),
 ('rpathot4','evento','nomeve',80,'Ninguna','L','1','NO','NO','NO',0,1,'L',80,'NO','NO','SI','SI','NO','NO'),
 ('rpathot4','desde','fechades',25,'Ninguna','L','2','NO','NO','NO',0,1,'L',25,'NO','NO','SI','SI','NO','NO'),
 ('rpathot4','hasta','fechahas',25,'Ninguna','L','3','NO','NO','NO',0,1,'L',25,'NO','NO','SI','SI','NO','NO'),
 ('rpathot4','concluido','staeve',15,'Ninguna','L','4','NO','NO','NO',0,1,'L',15,'NO','NO','SI','SI','NO','NO'),
 ('rpathot5','cedula','cedpar',15,'Cantidad','L','0','NO','NO','NO',0,1,'L',15,'NO','NO','SI','SI','NO','NO'),
 ('rpathot5','apellidos','apepar',40,'Ninguna','L','1','NO','NO','NO',0,1,'L',40,'NO','NO','SI','SI','NO','NO'),
 ('rpathot5','nombres','nompar',40,'Ninguna','L','2','NO','NO','NO',0,1,'L',40,'NO','NO','SI','SI','NO','NO'),
 ('rpathot5','telefono','telhab',20,'Ninguna','L','3','NO','NO','NO',0,1,'L',20,'NO','NO','SI','SI','NO','NO'),
 ('rpathot5','celular','telcel',25,'Ninguna','L','4','NO','NO','NO',0,1,'L',25,'NO','NO','SI','SI','NO','NO'),
 ('rpathot5','transporte','transporte',40,'Ninguna','L','5','NO','NO','NO',0,1,'L',40,'NO','NO','SI','SI','NO','NO'),
 ('rpathot5','hospedaje','hospedaje',40,'Ninguna','L','6','NO','NO','NO',0,1,'L',40,'NO','NO','SI','SI','NO','NO'),
 ('rpathot5','inscripcion','inscripcion',30,'Ninguna','L','7','NO','NO','NO',0,1,'L',30,'NO','NO','SI','SI','NO','NO'),
 ('rgevinc01','Codigo','codeve',20,'Ninguna','L','0','NO','NO','NO',0,1,'L',20,'NO','NO','SI','SI','NO','NO'),
 ('rgevinc01','Nombre','nomeve',80,'Ninguna','L','1','NO','NO','NO',0,1,'L',80,'NO','NO','SI','SI','NO','NO'),
 ('rgevinc01','Inicio','fechades',25,'Ninguna','L','2','NO','NO','NO',0,1,'L',25,'NO','NO','SI','SI','NO','NO'),
 ('rgevinc01','Fin','fechahas',25,'Ninguna','L','3','NO','NO','NO',0,1,'L',25,'NO','NO','SI','SI','NO','NO'),
 ('rgevinc01','Concluido','staeve',20,'Ninguna','L','4','NO','NO','NO',0,1,'L',20,'NO','NO','SI','SI','NO','NO'),
 ('rgevpre02','Patrocinante:','codpat',20,'Ninguna','L','0','NO','NO','NO',0,0,'L',20,'NO','NO','SI','SI','NO','NO'),
 ('rgevpre02','Nombre:','razsoc',60,'Ninguna','L','1','NO','NO','NO',0,0,'L',13,'NO','NO','SI','SI','NO','NO'),
 ('rgevinc02','Patrocinante:','codpat',20,'Ninguna','L','0','NO','NO','NO',0,0,'L',20,'NO','NO','SI','SI','NO','NO'),
 ('rgevinc02','Nombre:','razsoc',80,'Ninguna','L','1','NO','NO','NO',0,0,'L',13,'NO','NO','SI','SI','NO','NO'),
 ('rgevpre03','inscripcion','codevepar',20,'Cantidad','L','0','NO','NO','NO',0,1,'L',20,'NO','NO','SI','SI','NO','NO'),
 ('rgevpre03','cedula','cedpar',20,'Ninguna','L','1','NO','NO','NO',0,1,'L',20,'NO','NO','SI','SI','NO','NO'),
 ('rgevpre03','apellidos','apepar',40,'Ninguna','L','2','NO','NO','NO',0,1,'L',40,'NO','NO','SI','SI','NO','NO'),
 ('rgevpre03','nombres','nompar',40,'Ninguna','L','3','NO','NO','NO',0,1,'L',40,'NO','NO','SI','SI','NO','NO'),
 ('rgevpre03','tras','transporte',10,'Ninguna','L','4','NO','NO','NO',0,1,'L',10,'NO','NO','SI','SI','NO','NO'),
 ('rgevpre03','hosp','hospedaje',10,'Ninguna','L','5','NO','NO','NO',0,1,'L',10,'NO','NO','SI','SI','NO','NO'),
 ('rgevpre03','insc','inscripcion',10,'Ninguna','L','6','NO','NO','NO',0,1,'L',10,'NO','NO','SI','SI','NO','NO'),
 ('rgevinc03','inscripcion','codevepar',20,'Cantidad','L','0','NO','NO','NO',0,1,'L',20,'NO','NO','SI','SI','NO','NO'),
 ('rgevinc03','cedula','cedpar',20,'Ninguna','L','1','NO','NO','NO',0,1,'L',20,'NO','NO','SI','SI','NO','NO'),
 ('rgevinc03','apellidos','apepar',40,'Ninguna','L','2','NO','NO','NO',0,1,'L',40,'NO','NO','SI','SI','NO','NO'),
 ('rgevinc03','nombres','nompar',40,'Ninguna','L','3','NO','NO','NO',0,1,'L',40,'NO','NO','SI','SI','NO','NO'),
 ('rgevinc03','tras','transporte',10,'Ninguna','L','4','NO','NO','NO',0,1,'L',10,'NO','NO','SI','SI','NO','NO'),
 ('rgevinc03','hosp','hospedaje',10,'Ninguna','L','5','NO','NO','NO',0,1,'L',10,'NO','NO','SI','SI','NO','NO'),
 ('rgevinc03','insc','inscripcion',10,'Ninguna','L','6','NO','NO','NO',0,1,'L',10,'NO','NO','SI','SI','NO','NO'),
 ('rrespre1','Codigo','codeve',20,'Ninguna','L','0','NO','NO','NO',0,1,'L',20,'NO','NO','SI','SI','NO','NO'),
 ('rrespre1','Nombre','nomeve',80,'Ninguna','L','1','NO','NO','NO',0,1,'L',80,'NO','NO','SI','SI','NO','NO'),
 ('rrespre1','Inicio','fechades',20,'Ninguna','L','2','NO','NO','NO',0,1,'L',20,'NO','NO','SI','SI','NO','NO'),
 ('rrespre1','Fin','fechahas',20,'Ninguna','L','3','NO','NO','NO',0,1,'L',20,'NO','NO','SI','SI','NO','NO'),
 ('rrespre1','Concluido','staeve',15,'Ninguna','L','4','NO','NO','NO',0,1,'L',15,'NO','NO','SI','SI','NO','NO'),
 ('rrespre2','Codigo','codpat',20,'Ninguna','L','0','NO','NO','NO',0,1,'L',20,'NO','NO','SI','SI','NO','NO'),
 ('rrespre2','Nombre','razsoc',80,'Ninguna','L','1','NO','NO','NO',0,1,'L',80,'NO','NO','SI','SI','NO','NO'),
 ('rrespre2','tras','transporte',15,'Ninguna','R','2','NO','NO','NO',0,1,'R',15,'NO','NO','SI','SI','NO','NO'),
 ('rrespre2','hosp','hospedaje',15,'Ninguna','R','3','NO','NO','NO',0,1,'R',15,'NO','NO','SI','SI','NO','NO'),
 ('rrespre2','insc','inscritos',15,'Ninguna','R','4','NO','NO','NO',0,1,'R',15,'NO','NO','SI','SI','NO','NO'),
 ('rinchot1','Codigo','codeve',20,'Ninguna','L','0','NO','NO','NO',0,1,'L',20,'NO','NO','SI','SI','NO','NO'),
 ('rinchot1','Nombre','nomeve',80,'Ninguna','L','1','NO','NO','NO',0,1,'L',80,'NO','NO','SI','SI','NO','NO'),
 ('rinchot1','Inicio','fechades',20,'Ninguna','L','2','NO','NO','NO',0,1,'L',20,'NO','NO','SI','SI','NO','NO'),
 ('rinchot1','Fin','fechahas',20,'Ninguna','L','3','NO','NO','NO',0,1,'L',20,'NO','NO','SI','SI','NO','NO'),
 ('rinchot1','Concluido','staeve',10,'Ninguna','L','4','NO','NO','NO',0,1,'L',10,'NO','NO','SI','SI','NO','NO'),
 ('rinchot2','Nombre:','nomhot',80,'Ninguna','L','0','NO','NO','NO',0,1,'L',80,'NO','NO','SI','SI','NO','NO'),
 ('rinchot3','Cedula','cedpar',20,'Cantidad','L','0','NO','NO','NO',0,1,'L',20,'NO','NO','SI','SI','NO','NO'),
 ('rinchot3','Apellidos','apepar',40,'Ninguna','L','1','NO','NO','NO',0,1,'L',40,'NO','NO','SI','SI','NO','NO'),
 ('rinchot3','Nombres','nompar',40,'Ninguna','L','2','NO','NO','NO',0,1,'L',40,'NO','NO','SI','SI','NO','NO'),
 ('rinchot3','Telefono','telhab',30,'Ninguna','L','3','NO','NO','NO',0,1,'L',30,'NO','NO','SI','SI','NO','NO'),
 ('rinchot3','Celular','telcel',30,'Ninguna','L','4','NO','NO','NO',0,1,'L',30,'NO','NO','SI','SI','NO','NO'),
 ('rinchot4','Codigo','codeve',20,'Ninguna','L','0','NO','NO','NO',0,1,'L',20,'NO','NO','SI','SI','NO','NO'),
 ('rinchot4','Nombre','nomeve',80,'Ninguna','L','1','NO','NO','NO',0,1,'L',80,'NO','NO','SI','SI','NO','NO'),
 ('rinchot4','Inicio','fechades',20,'Ninguna','L','2','NO','NO','NO',0,1,'L',20,'NO','NO','SI','SI','NO','NO'),
 ('rinchot4','Fin','fechahas',20,'Ninguna','L','3','NO','NO','NO',0,1,'L',20,'NO','NO','SI','SI','NO','NO'),
 ('rinchot4','Concluido','staeve',10,'Ninguna','L','4','NO','NO','NO',0,1,'L',10,'NO','NO','SI','SI','NO','NO'),
 ('rinchot5','Inscripcion','codevepar',20,'Cantidad','L','0','NO','NO','NO',0,1,'L',20,'NO','NO','SI','SI','NO','NO'),
 ('rinchot5','Cedula','cedpar',20,'Ninguna','L','1','NO','NO','NO',0,1,'L',20,'NO','NO','SI','SI','NO','NO'),
 ('rinchot5','Apellidos','apepar',40,'Ninguna','L','2','NO','NO','NO',0,1,'L',40,'NO','NO','SI','SI','NO','NO'),
 ('rinchot5','Nombres','nompar',40,'Ninguna','L','3','NO','NO','NO',0,1,'L',40,'NO','NO','SI','SI','NO','NO'),
 ('rinchot5','Telefono','telhab',25,'Ninguna','L','4','NO','NO','NO',0,1,'L',25,'NO','NO','SI','SI','NO','NO'),
 ('rinchot5','Celular','telcel',25,'Ninguna','L','5','NO','NO','NO',0,1,'L',25,'NO','NO','SI','SI','NO','NO'),
 ('rinchot6','Codigo','codeve',20,'Ninguna','L','0','NO','NO','NO',0,1,'L',20,'NO','NO','SI','SI','NO','NO'),
 ('rinchot6','Nombre','nomeve',80,'Ninguna','L','1','NO','NO','NO',0,1,'L',80,'NO','NO','SI','SI','NO','NO'),
 ('rinchot6','Inicio','fechades',20,'Ninguna','L','2','NO','NO','NO',0,1,'L',20,'NO','NO','SI','SI','NO','NO'),
 ('rinchot6','Fin','fechahas',20,'Ninguna','L','3','NO','NO','NO',0,1,'L',20,'NO','NO','SI','SI','NO','NO'),
 ('rinchot6','Concluido','staeve',10,'Ninguna','L','4','NO','NO','NO',0,1,'L',10,'NO','NO','SI','SI','NO','NO'),
 ('rinchot8','Codigo','codeve',20,'Ninguna','L','0','NO','NO','NO',0,1,'L',20,'NO','NO','SI','SI','NO','NO'),
 ('rinchot8','Nombre','nomeve',80,'Ninguna','L','1','NO','NO','NO',0,1,'L',80,'NO','NO','SI','SI','NO','NO'),
 ('rinchot8','Inicio','fechades',20,'Ninguna','L','2','NO','NO','NO',0,1,'L',20,'NO','NO','SI','SI','NO','NO'),
 ('rinchot8','Fin','fechahas',20,'Ninguna','L','3','NO','NO','NO',0,1,'L',20,'NO','NO','SI','SI','NO','NO'),
 ('rinchot8','Concluido','staeve',10,'Ninguna','L','4','NO','NO','NO',0,1,'L',10,'NO','NO','SI','SI','NO','NO'),
 ('rinchot7','Inscripcion','codevepar',20,'Cantidad','L','0','NO','NO','NO',0,1,'L',20,'NO','NO','SI','SI','NO','NO'),
 ('rinchot7','Cedula','cedpar',20,'Ninguna','L','1','NO','NO','NO',0,1,'L',20,'NO','NO','SI','SI','NO','NO'),
 ('rinchot7','Apellidos','apepar',40,'Ninguna','L','2','NO','NO','NO',0,1,'L',40,'NO','NO','SI','SI','NO','NO'),
 ('rinchot7','Nombres','nompar',40,'Ninguna','L','3','NO','NO','NO',0,1,'L',40,'NO','NO','SI','SI','NO','NO'),
 ('rinchot7','Telefono','telhab',25,'Ninguna','L','4','NO','NO','NO',0,1,'L',25,'NO','NO','SI','SI','NO','NO'),
 ('rinchot7','Celular','telcel',25,'Ninguna','L','5','NO','NO','NO',0,1,'L',25,'NO','NO','SI','SI','NO','NO'),
 ('rinchot9','Inscripcion','codevepar',20,'Cantidad','L','0','NO','NO','NO',0,1,'L',20,'NO','NO','SI','SI','NO','NO'),
 ('rinchot9','Cedula','cedpar',20,'Ninguna','L','1','NO','NO','NO',0,1,'L',20,'NO','NO','SI','SI','NO','NO'),
 ('rinchot9','Apellidos','apepar',40,'Ninguna','L','2','NO','NO','NO',0,1,'L',40,'NO','NO','SI','SI','NO','NO'),
 ('rinchot9','Nombres','nompar',40,'Ninguna','L','3','NO','NO','NO',0,1,'L',40,'NO','NO','SI','SI','NO','NO'),
 ('rinchot9','Telefono','telhab',25,'Ninguna','L','4','NO','NO','NO',0,1,'L',25,'NO','NO','SI','SI','NO','NO'),
 ('rinchot9','Celular','telcel',25,'Ninguna','L','5','NO','NO','NO',0,1,'L',25,'NO','NO','SI','SI','NO','NO'),
 ('rinchot10','Codigo','codeve',20,'Ninguna','L','0','NO','NO','NO',0,1,'L',20,'NO','NO','SI','SI','NO','NO'),
 ('rinchot10','Nombre','nomeve',80,'Ninguna','L','1','NO','NO','NO',0,1,'L',80,'NO','NO','SI','SI','NO','NO'),
 ('rinchot10','Inicio','fechades',20,'Ninguna','L','2','NO','NO','NO',0,1,'L',20,'NO','NO','SI','SI','NO','NO'),
 ('rinchot10','Fin','fechahas',20,'Ninguna','L','3','NO','NO','NO',0,1,'L',20,'NO','NO','SI','SI','NO','NO'),
 ('rinchot10','Concluido','staeve',10,'Ninguna','L','4','NO','NO','NO',0,1,'L',10,'NO','NO','SI','SI','NO','NO'),
 ('rinchot11','Nombre:','nomhot',80,'Ninguna','L','0','NO','NO','NO',0,1,'L',80,'NO','NO','SI','SI','NO','NO'),
 ('rinchot12','Cedula','cedpar',20,'Cantidad','L','0','NO','NO','NO',0,1,'L',20,'NO','NO','SI','SI','NO','NO'),
 ('rinchot12','Apellidos','apepar',40,'Ninguna','L','1','NO','NO','NO',0,1,'L',40,'NO','NO','SI','SI','NO','NO'),
 ('rinchot12','Nombres','nompar',40,'Ninguna','L','2','NO','NO','NO',0,1,'L',40,'NO','NO','SI','SI','NO','NO'),
 ('rinchot12','Telefono','telhab',30,'Ninguna','L','3','NO','NO','NO',0,1,'L',30,'NO','NO','SI','SI','NO','NO'),
 ('rinchot12','Celular','telcel',30,'Ninguna','L','4','NO','NO','NO',0,1,'L',30,'NO','NO','SI','SI','NO','NO'),
 ('rinchot13','Codigo','codeve',20,'Ninguna','L','0','NO','NO','NO',0,1,'L',20,'NO','NO','SI','SI','NO','NO'),
 ('rinchot13','Nombre','nomeve',80,'Ninguna','L','1','NO','NO','NO',0,1,'L',80,'NO','NO','SI','SI','NO','NO'),
 ('rinchot13','Inicio','fechades',20,'Ninguna','L','2','NO','NO','NO',0,1,'L',20,'NO','NO','SI','SI','NO','NO'),
 ('rinchot13','Fin','fechahas',20,'Ninguna','L','3','NO','NO','NO',0,1,'L',20,'NO','NO','SI','SI','NO','NO'),
 ('rinchot13','Concluido','staeve',10,'Ninguna','L','4','NO','NO','NO',0,1,'L',10,'NO','NO','SI','SI','NO','NO'),
 ('rinchot14','Nombre:','nomhot',80,'Ninguna','L','0','NO','NO','NO',0,1,'L',80,'NO','NO','SI','SI','NO','NO'),
 ('rinchot15','Cedula','cedpar',20,'Cantidad','L','0','NO','NO','NO',0,1,'L',20,'NO','NO','SI','SI','NO','NO'),
 ('rinchot15','Apellidos','apepar',40,'Ninguna','L','1','NO','NO','NO',0,1,'L',40,'NO','NO','SI','SI','NO','NO'),
 ('rinchot15','Nombres','nompar',40,'Ninguna','L','2','NO','NO','NO',0,1,'L',40,'NO','NO','SI','SI','NO','NO'),
 ('rinchot15','Telefono','telhab',30,'Ninguna','L','3','NO','NO','NO',0,1,'L',30,'NO','NO','SI','SI','NO','NO'),
 ('rinchot15','Celular','telcel',30,'Ninguna','L','4','NO','NO','NO',0,1,'L',30,'NO','NO','SI','SI','NO','NO'),
 ('rinchot16','Codigo','codeve',20,'Ninguna','L','0','NO','NO','NO',0,1,'L',20,'NO','NO','SI','SI','NO','NO'),
 ('rinchot16','Nombre','nomeve',80,'Ninguna','L','1','NO','NO','NO',0,1,'L',80,'NO','NO','SI','SI','NO','NO'),
 ('rinchot16','Inicio','fechades',20,'Ninguna','L','2','NO','NO','NO',0,1,'L',20,'NO','NO','SI','SI','NO','NO'),
 ('rinchot16','Fin','fechahas',20,'Ninguna','L','3','NO','NO','NO',0,1,'L',20,'NO','NO','SI','SI','NO','NO'),
 ('rinchot16','Concluido','staeve',10,'Ninguna','L','4','NO','NO','NO',0,1,'L',10,'NO','NO','SI','SI','NO','NO'),
 ('rinchot17','Nombre:','nomhot',80,'Ninguna','L','0','NO','NO','NO',0,1,'L',80,'NO','NO','SI','SI','NO','NO'),
 ('rinchot18','Cedula','cedpar',20,'Cantidad','L','0','NO','NO','NO',0,1,'L',20,'NO','NO','SI','SI','NO','NO'),
 ('rinchot18','Apellidos','apepar',40,'Ninguna','L','1','NO','NO','NO',0,1,'L',40,'NO','NO','SI','SI','NO','NO'),
 ('rinchot18','Nombres','nompar',40,'Ninguna','L','2','NO','NO','NO',0,1,'L',40,'NO','NO','SI','SI','NO','NO'),
 ('rinchot18','Telefono','telhab',30,'Ninguna','L','3','NO','NO','NO',0,1,'L',30,'NO','NO','SI','SI','NO','NO'),
 ('rinchot18','Celular','telcel',30,'Ninguna','L','4','NO','NO','NO',0,1,'L',30,'NO','NO','SI','SI','NO','NO');


--
-- Definition of table `rphpreportes`
--

CREATE TABLE `rphpreportes` (
  `codrep` varchar(10) NOT NULL,
  `nomrep` varchar(50) default NULL,
  `desrep` varchar(50) NOT NULL,
  `sqlrep` text,
  `numcolrep` int(11) NOT NULL,
  `grurep` varchar(2) NOT NULL,
  `orirep` varchar(15) NOT NULL,
  `tamrep` varchar(15) NOT NULL,
  `codrepgru` varchar(10) NOT NULL,
  `camrepgru1` varchar(25) NOT NULL,
  `camrepgru2` varchar(25) NOT NULL,
  `camrepgru3` varchar(25) NOT NULL,
  `camrepgru4` varchar(25) NOT NULL,
  `camrepgru5` varchar(25) NOT NULL,
  `sqlreppos` text,
  `sqlrepora` text,
  `titgru` varchar(100) NOT NULL,
  `tamfue` int(11) default NULL,
  `salpaggru` varchar(2) NOT NULL,
  `imptitsiempre` varchar(2) NOT NULL,
  `implindestit` varchar(2) NOT NULL,
  `impfec` varchar(2) default NULL,
  `imppag` varchar(2) default NULL,
  `impfil` varchar(2) default NULL,
  `implinanttit` varchar(2) NOT NULL,
  `implogcab` varchar(2) default NULL,
  `stausapierep` varchar(2) NOT NULL,
  `inipierep` int(11) NOT NULL,
  `stalinantpierep` varchar(2) default NULL,
  PRIMARY KEY  (`codrep`)
) ENGINE=InnoDB DEFAULT CHARSET=latin1 COMMENT='Tabla Maestra para configurara Reportes';

--
-- Dumping data for table `rphpreportes`
--

INSERT INTO `rphpreportes` (`codrep`,`nomrep`,`desrep`,`sqlrep`,`numcolrep`,`grurep`,`orirep`,`tamrep`,`codrepgru`,`camrepgru1`,`camrepgru2`,`camrepgru3`,`camrepgru4`,`camrepgru5`,`sqlreppos`,`sqlrepora`,`titgru`,`tamfue`,`salpaggru`,`imptitsiempre`,`implindestit`,`impfec`,`imppag`,`impfil`,`implinanttit`,`implogcab`,`stausapierep`,`inipierep`,`stalinantpierep`) VALUES 
 ('raso1','Miembros','Listado de Miembros','-',6,'NO','P','LETTER','','','','','','','','','',8,'SI','NO','SI','SI','SI','SI','SI','SI','NO',0,'NO'),
 ('rbancos','Bancos','Listado de Bancos','-',2,'NO','P','LETTER','','','','','','','','','',8,'SI','NO','SI','SI','SI','SI','SI','SI','NO',0,'NO'),
 ('rcxc1','Cuentas Por cobrar','Listado de Cuentas x Cobrar Por Vencimiento','-',6,'NO','P','LETTER','','','','','','','','','',8,'SI','NO','SI','SI','SI','SI','SI','SI','NO',0,'NO'),
 ('rgeveve01','Listado de Eventos','Listado de Eventos','',5,'SI','P','LETTER','rgeveve02','codeve','','','','','','','Hoteles del Evento',8,'NO','NO','SI','SI','SI','SI','SI','SI','NO',0,'NO'),
 ('rgeveve02','Detalle de Eventos','-','select gevmdeventoshotel.*,nomhot from gevmdeventoshotel,gevtchoteles where (gevmdeventoshotel.codhot=gevtchoteles.codhot) and (codeve=\'@1\')',2,'NO','P','LETTER','','','','','','','','','',8,'SI','NO','SI','SI','SI','SI','SI','SI','NO',0,'NO'),
 ('rgeveve03','Listado de Eventos','Listado de Eventos','',5,'SI','P','LETTER','rgeveve04','codeve','','','','','','','Hoteles del Evento',8,'NO','SI','SI','SI','SI','SI','SI','SI','NO',0,'NO'),
 ('rgeveve04','Detalle de Eventos','Detalle de Eventos','select gevmdeventoshotel.*,nomhot from gevmdeventoshotel,gevtchoteles where (gevmdeventoshotel.codhot=gevtchoteles.codhot) and (codeve=\'@1\')',2,'SI','P','LETTER','rgeveve05','codeve','codhot','','','','','','Conferencias del Area',8,'SI','NO','SI','SI','SI','SI','SI','SI','NO',0,'NO'),
 ('rgeveve05','Conferencias','Conferencias','select distinct date_format(fechorini,\'%d/%m/%Y\') as inicio,nomare from gevmdeventos,gevtdhoteles where (codeve=\'@1\') and (codhot=\'@2\') and (gevmdeventos.codarehot=gevtdhoteles.codarehot) order by fechorini',2,'SI','P','LETTER','rgeveve06','inicio','','','','','','','Ponencias',8,'NO','SI','SI','SI','SI','SI','SI','SI','NO',0,'NO'),
 ('rgeveve06','Detalle de Conferencias','Detalle de Conferencias','select gevmdeventos.*,date_format(fechorini,\'%T\') as inicio,timestampdiff(minute,fechorini,fechorfin) as durpon from gevmdeventos where (date_format(fechorini,\'%d/%m/%Y\')=\'@1\')',3,'NO','P','LETTER','','','','','','','','','',8,'SI','NO','SI','SI','SI','SI','SI','SI','NO',0,'NO'),
 ('rgevinc01','Inscritos Por Patrocinante','Inscritos Por Patrocinante','-',5,'SI','P','LETTER','rgevinc02','codeve','','','','','','','Patrocinantes',8,'SI','NO','SI','SI','SI','SI','SI','SI','NO',0,'NO'),
 ('rgevinc02','Patrocinantes','Patrocinantes','select gevmdeventospatrocinante.codpat,codeve,razsoc from gevmdeventospatrocinante,gevtcpatrocinantes where (gevmdeventospatrocinante.codpat=gevtcpatrocinantes.codpat) and (codeve=\'@1\')',2,'SI','P','LETTER','rgevinc03','codeve','codpat','','','','','','Patrocinados',8,'NO','SI','SI','SI','SI','SI','SI','SI','NO',0,'NO'),
 ('rgevinc03','Patrocinados','Patrocinados','select distinct t1.codevepar,apepar,nompar,cedpar,IFNULL((select stapattra from gevmdeventosparticipantes where (stapattra=\'S\') and (codpar=t2.codpar)  and (codpat=\'@2\') and (codeve=\'@1\') limit 1\n),\'\') as transporte,IFNULL((select stapathos from gevmdeventosparticipantes where (stapathos=\'S\') and (codpar=t2.codpar)  and (codpat=\'@2\') and (codeve=\'@1\') limit 1\n),\'\') as hospedaje,IFNULL((select stapatinc from gevmdeventosparticipantes where (stapatinc=\'S\') and (codpar=t2.codpar)  and (codpat=\'@2\') and (codeve=\'@1\') limit 1\n),\'\') as inscripcion from gevmdeventosparticipantes as t1,gevtparticipantes as t2 where (codeve=\'@1\') and (t1.codpar=t2.codpar) and (codpat=\'@2\') and (tippre<>\'N\') and (stainc=\'S\') order by cedpar\n',7,'NO','P','LETTER','','','','','','','','','',8,'NO','NO','SI','SI','SI','SI','SI','SI','NO',0,'NO'),
 ('rgevpre01','Listado de Eventos','Listado de Eventos','',5,'SI','P','LETTER','rgevpre02','codeve','','','','','','','Patrocinantes',8,'NO','SI','SI','SI','SI','SI','SI','SI','NO',0,'NO'),
 ('rgevpre02','Patrocinantes','Patrocinantes','select gevmdeventospatrocinante.codpat,codeve,razsoc from gevmdeventospatrocinante,gevtcpatrocinantes where (gevmdeventospatrocinante.codpat=gevtcpatrocinantes.codpat) and (codeve=\'@1\')',2,'SI','P','LETTER','rgevpre03','codeve','codpat','','','','','','Patrocinados',8,'NO','SI','SI','SI','SI','SI','SI','SI','NO',0,'NO'),
 ('rgevpre03','Patrocinados','Patrocinados','select distinct t1.codevepar,apepar,nompar,cedpar,IFNULL((select stapattra from gevmdeventosparticipantes where (stapattra=\'S\') and (codpar=t2.codpar)  and (codpat=\'@2\') and (codeve=\'@1\') limit 1\n),\'\') as transporte,IFNULL((select stapathos from gevmdeventosparticipantes where (stapathos=\'S\') and (codpar=t2.codpar)  and (codpat=\'@2\') and (codeve=\'@1\') limit 1\n),\'\') as hospedaje,IFNULL((select stapatinc from gevmdeventosparticipantes where (stapatinc=\'S\') and (codpar=t2.codpar)  and (codpat=\'@2\') and (codeve=\'@1\') limit 1\n),\'\') as inscripcion from gevmdeventosparticipantes as t1,gevtparticipantes as t2 where (codeve=\'@1\') and (t1.codpar=t2.codpar) and (codpat=\'@2\') and (tippre<>\'N\') order by cedpar',7,'NO','P','LETTER','','','','','','','','','',8,'SI','NO','SI','SI','SI','SI','SI','SI','NO',0,'NO'),
 ('rgevpre04','Listado de Eventos','Listado de Eventos','',5,'SI','P','LETTER','rgevpre05','codeve','','','','','','','Participantes Sin Patrocinio',8,'NO','NO','SI','SI','SI','SI','SI','SI','NO',0,'NO'),
 ('rgevpre05','Sin Patrocinio','Sin Patrocinio','select gevtparticipantes.codpar,apepar,nompar,cedpar from gevtparticipantes,gevmdeventosparticipantes where (codeve=\'@1\') and (gevtparticipantes.codpar=gevmdeventosparticipantes.codpar) and (tippre=\'N\') order by cedpar',3,'NO','P','LETTER','','','','','','','','','',8,'SI','NO','SI','SI','SI','SI','SI','SI','NO',0,'NO'),
 ('rgevpre06','Listado de Eventos','Listado de Eventos','',5,'SI','P','LETTER','rgevpre07','codeve','','','','','','','Participantes',8,'NO','NO','SI','SI','SI','SI','SI','SI','NO',0,'NO'),
 ('rgevpre07','Participantes','Participantes','select gevtparticipantes.codpar,apepar,nompar,cedpar,monevepar from gevtparticipantes,gevmdeventosparticipantes where (codeve=\'@1\') and (gevtparticipantes.codpar=gevmdeventosparticipantes.codpar) and (tippre=\'N\')\n\nunion all\n\nselect gevtparticipantes.codpar,apepar,nompar,cedpar,monevepar from gevtparticipantes,gevmdeventosparticipantes where (codeve=\'@1\') and (gevtparticipantes.codpar=gevmdeventosparticipantes.codpar) and (tippre<>\'N\') and (stapatinc=\'S\')\n',5,'NO','P','LETTER','','','','','','','','','',8,'SI','NO','SI','SI','SI','SI','SI','SI','NO',0,'NO'),
 ('rgevpre08','Listado de Eventos','Listado de Eventos','',5,'SI','P','LETTER','rgevpre09','codeve','','','','','','','Participantes Inscritos',8,'NO','NO','SI','SI','SI','SI','SI','SI','NO',0,'NO'),
 ('rgevpre09','Participantes Inscritos','Participantes Inscritos','select gevtparticipantes.codpar,apepar,nompar,cedpar from gevtparticipantes,gevmdeventosparticipantes where (codeve=\'@1\') and (gevtparticipantes.codpar=gevmdeventosparticipantes.codpar) and (tippre=\'N\') and (stainc=\'S\')\n\nunion all\n\nselect gevtparticipantes.codpar,apepar,nompar,cedpar from gevtparticipantes,gevmdeventosparticipantes where (codeve=\'@1\') and (gevtparticipantes.codpar=gevmdeventosparticipantes.codpar) and (tippre<>\'N\') and (stapatinc=\'S\') and (stainc=\'S\')\n',4,'NO','P','LETTER','','','','','','','','','',8,'SI','NO','SI','SI','SI','SI','SI','SI','NO',0,'NO'),
 ('rgevpre10','Participantes Facturados','Participantes Facturados','',5,'SI','P','LETTER','rgevpre11','codeve','','','','','','','Patrocinantes',8,'NO','NO','SI','SI','SI','SI','SI','SI','NO',0,'NO'),
 ('rgevpre11','Patrocinantes','Patrocinantes','select gevmdeventospatrocinante.*,razsoc from gevmdeventospatrocinante,gevtcpatrocinantes where (gevmdeventospatrocinante.codpat=gevtcpatrocinantes.codpat) and (codeve=\'@1\')',2,'SI','P','LETTER','rgevpre12','codeve','codpat','','','','','','Patrocinados',8,'NO','SI','SI','SI','SI','SI','SI','SI','NO',0,'NO'),
 ('rgevpre12','Participantes Facturados','Participantes Inscritos','select gevtparticipantes.codpar,apepar,nompar,cedpar,monevepar from gevtparticipantes,gevmdeventosparticipantes where (codeve=\'@1\') and (codpat=\'@2\') and (gevtparticipantes.codpar=gevmdeventosparticipantes.codpar) and (tippre<>\'N\') and (stapatinc=\'S\') and (stafac=\'S\')\n\n',5,'NO','P','LETTER','','','','','','','','','',8,'SI','NO','SI','SI','SI','SI','SI','SI','NO',0,'NO'),
 ('rgevpre13','Participantes Sin Facturar','Participantes Sin Facturar','',5,'SI','P','LETTER','rgevpre14','codeve','','','','','','','Patrocinantes',8,'NO','NO','SI','SI','SI','SI','SI','SI','NO',0,'NO'),
 ('rgevpre14','Patrocinantes','Patrocinantes','select gevmdeventospatrocinante.*,razsoc from gevmdeventospatrocinante,gevtcpatrocinantes where (gevmdeventospatrocinante.codpat=gevtcpatrocinantes.codpat) and (codeve=\'@1\')',2,'SI','P','LETTER','rgevpre15','codeve','codpat','','','','','','Patrocinados',8,'NO','SI','SI','SI','SI','SI','SI','SI','NO',0,'NO'),
 ('rgevpre15','Participantes Sin Facturar','Participantes Inscritos','select gevtparticipantes.codpar,apepar,nompar,cedpar,monevepar from gevtparticipantes,gevmdeventosparticipantes where (codeve=\'@1\') and (codpat=\'@2\') and (gevtparticipantes.codpar=gevmdeventosparticipantes.codpar) and (tippre<>\'N\') and (stapatinc=\'S\') and (stafac=\'N\')\n\n',5,'NO','P','LETTER','','','','','','','','','',8,'SI','NO','SI','SI','SI','SI','SI','SI','NO',0,'NO'),
 ('rinchot1','Inscritos Por Hotel','Inscritos Por Hotel','-',5,'SI','P','LETTER','rinchot2','codeve','','','','','','','Hoteles',8,'SI','NO','SI','SI','SI','SI','SI','SI','NO',0,'NO'),
 ('rinchot10','Inscritos Por Hotel','Inscritos Por Hotel','-',5,'SI','P','LETTER','rinchot11','codeve','','','','','','','Hoteles',8,'SI','NO','SI','SI','SI','SI','SI','SI','NO',0,'NO'),
 ('rinchot11','Participantes','Participantes','select gevtchoteles.codhot,nomhot,codeve from gevtchoteles,gevmdeventoshotel where (gevtchoteles.codhot=gevmdeventoshotel.codhot) and (codeve=\'@1\')',1,'SI','P','LETTER','rinchot12','codeve','codhot','','','','','','Participantes',8,'SI','NO','SI','SI','SI','SI','SI','SI','NO',0,'NO'),
 ('rinchot12','Inscritos Por Hotel','Inscritos Por Hotel','select cedpar,apepar,nompar,telhab,telcel from gevtparticipantes where (codpar in (select distinct codpar from gevmdeventosparticipantes where (codpar=gevtparticipantes.codpar) and (stainc=\'S\') and (codeve=\'@1\') and (codhot=\'@2\') )) order by apepar,nompar\n\n',5,'NO','P','LETTER','','','','','','','','','',8,'SI','NO','SI','SI','SI','SI','SI','SI','NO',0,'NO'),
 ('rinchot13','Inscritos Por Hotel','Inscritos Por Hotel','-',5,'SI','P','LETTER','rinchot14','codeve','','','','','','','Hoteles',8,'SI','NO','SI','SI','SI','SI','SI','SI','NO',0,'NO'),
 ('rinchot14','Participantes','Participantes','select gevtchoteles.codhot,nomhot,codeve from gevtchoteles,gevmdeventoshotel where (gevtchoteles.codhot=gevmdeventoshotel.codhot) and (codeve=\'@1\')',1,'SI','P','LETTER','rinchot15','codeve','codhot','','','','','','Participantes',8,'SI','NO','SI','SI','SI','SI','SI','SI','NO',0,'NO'),
 ('rinchot15','Inscritos Por Hotel','Inscritos Por Hotel','select cedpar,apepar,nompar,telhab,telcel from gevtparticipantes where (codpar in (select distinct codpar from gevmdeventosparticipantes where (codpar=gevtparticipantes.codpar) and (stainc=\'S\') and (codeve=\'@1\') and (codhot=\'@2\') )) order by cedpar\n\n',5,'NO','P','LETTER','','','','','','','','','',8,'SI','NO','SI','SI','SI','SI','SI','SI','NO',0,'NO'),
 ('rinchot16','Inscritos Por Hotel','Inscritos Por Hotel','-',5,'SI','P','LETTER','rinchot17','codeve','','','','','','','Hoteles',8,'SI','NO','SI','SI','SI','SI','SI','SI','NO',0,'NO'),
 ('rinchot17','Participantes','Participantes','select gevtchoteles.codhot,nomhot,codeve from gevtchoteles,gevmdeventoshotel where (gevtchoteles.codhot=gevmdeventoshotel.codhot) and (codeve=\'@1\')',1,'SI','P','LETTER','rinchot18','codeve','codhot','','','','','','Participantes',8,'SI','NO','SI','SI','SI','SI','SI','SI','NO',0,'NO'),
 ('rinchot18','Inscritos Por Hotel','Inscritos Por Hotel','select cedpar,apepar,nompar,telhab,telcel from gevtparticipantes where (codpar in (select distinct codpar from gevmdeventosparticipantes where (codpar=gevtparticipantes.codpar) and (stainc=\'S\') and (codeve=\'@1\') and (codhot=\'@2\') )) order by nompar,apepar\n\n',5,'NO','P','LETTER','','','','','','','','','',8,'SI','NO','SI','SI','SI','SI','SI','SI','NO',0,'NO'),
 ('rinchot2','Participantes','Participantes','select gevtchoteles.codhot,nomhot,codeve from gevtchoteles,gevmdeventoshotel where (gevtchoteles.codhot=gevmdeventoshotel.codhot) and (codeve=\'@1\')',1,'SI','P','LETTER','rinchot3','codeve','codhot','','','','','','Participantes',8,'SI','NO','SI','SI','SI','SI','SI','SI','NO',0,'NO'),
 ('rinchot3','Inscritos Por Hotel','Inscritos Por Hotel','select cedpar,apepar,nompar,telhab,telcel from gevtparticipantes where (codpar in (select distinct codpar from gevmdeventosparticipantes where (codpar=gevtparticipantes.codpar) and (stainc=\'S\') and (codeve=\'@1\') and (codhot=\'@2\') )) order by apepar,nompar\n\n',5,'NO','P','LETTER','','','','','','','','','',8,'SI','NO','SI','SI','SI','SI','SI','SI','NO',0,'NO'),
 ('rinchot4','Inscritos Sin Hotel','Inscritos Sin Hotel','-',5,'SI','P','LETTER','rinchot5','codeve','','','','','','','Participantes Inscritos Sin Hotel',8,'SI','NO','SI','SI','SI','SI','SI','SI','NO',0,'NO'),
 ('rinchot5','Participantes Inscritos Sin Hotel','Participantes Inscritos Sin Hotel','select codevepar,cedpar,apepar,nompar,telhab,telcel from gevtparticipantes,gevmdeventosparticipantes where (gevtparticipantes.codpar=gevmdeventosparticipantes.codpar) and (stainc=\'S\') and (codhot=\'\') and (codeve=\'@1\') order by apepar,nompar',6,'NO','P','LETTER','','','','','','','','','',8,'SI','NO','SI','SI','SI','SI','SI','SI','NO',0,'NO'),
 ('rinchot6','Inscritos Sin Hotel','Inscritos Sin Hotel','-',5,'SI','P','LETTER','rinchot7','codeve','','','','','','','Participantes Inscritos Sin Hotel',8,'SI','NO','SI','SI','SI','SI','SI','SI','NO',0,'NO'),
 ('rinchot7','Participantes Inscritos Sin Hotel','Participantes Inscritos Sin Hotel','select codevepar,cedpar,apepar,nompar,telhab,telcel from gevtparticipantes,gevmdeventosparticipantes where (gevtparticipantes.codpar=gevmdeventosparticipantes.codpar) and (stainc=\'S\') and (codhot=\'\') and (codeve=\'@1\') order by cedpar',6,'NO','P','LETTER','','','','','','','','','',8,'SI','NO','SI','SI','SI','SI','SI','SI','NO',0,'NO'),
 ('rinchot8','Inscritos Sin Hotel','Inscritos Sin Hotel','-',5,'SI','P','LETTER','rinchot9','codeve','','','','','','','Participantes Inscritos Sin Hotel',8,'SI','NO','SI','SI','SI','SI','SI','SI','NO',0,'NO'),
 ('rinchot9','Participantes Inscritos Sin Hotel','Participantes Inscritos Sin Hotel','select codevepar,cedpar,apepar,nompar,telhab,telcel from gevtparticipantes,gevmdeventosparticipantes where (gevtparticipantes.codpar=gevmdeventosparticipantes.codpar) and (stainc=\'S\') and (codhot=\'\') and (codeve=\'@1\') order by nompar,apepar',6,'NO','P','LETTER','','','','','','','','','',8,'SI','NO','SI','SI','SI','SI','SI','SI','NO',0,'NO'),
 ('rmfilial','Miembros Por Filial','Listado de miembros por filial','',4,'NO','P','LETTER','','','','','','','','','',8,'SI','NO','SI','SI','SI','SI','SI','NO','NO',0,'NO'),
 ('rpagos1','Pagos','Listado de Todos Los Pagos','-',6,'SI','P','LETTER','rpagos2','codpag','','','','','','','Detalle del Pago',8,'NO','SI','SI','SI','SI','SI','SI','SI','NO',0,'NO'),
 ('rpagos2','Detalle de Pagos','Detalle de Pagos','select cxcmdpagos.*,nomcon from cxcmdpagos,cxctconceptos,cxcmcuentasxcobrar where (cxcmdpagos.codcxc=cxcmcuentasxcobrar.codcxc) and (cxcmcuentasxcobrar.codcon=cxctconceptos.codcon) and (codpag=\'@1\') order by codcxc',3,'NO','P','LETTER','','','','','','','','','',8,'SI','NO','SI','SI','SI','SI','SI','SI','NO',0,'NO'),
 ('rpathot1','Patrocinados Con Hotel','Patrocinados Con Hotel','-',5,'SI','L','LETTER','rpathot2','codeve','','','','','','','Hoteles Del Evento',8,'SI','NO','SI','SI','SI','SI','SI','SI','NO',0,'NO'),
 ('rpathot2','Patrocinados','Patrocinados','select distinct codeve,gevmdeventosparticipantes.codhot,nomhot from gevmdeventosparticipantes,gevtchoteles where (gevmdeventosparticipantes.codhot=gevtchoteles.codhot) and (codeve=\'@1\')',1,'SI','P','LETTER','rpathot3','codeve','codhot','','','','','','Hospedados',8,'SI','NO','SI','SI','SI','SI','SI','SI','NO',0,'NO'),
 ('rpathot3','Participantes por Hotel','Participantes por Hotel','select distinct t2.codpar,apepar,nompar,cedpar,telhab,telcel,IFNULL((select razsoc from gevmdeventosparticipantes,gevtcpatrocinantes where (gevmdeventosparticipantes.codpat=gevtcpatrocinantes.codpat) and (stapattra=\'S\') and (codpar=t2.codpar)  and (codeve=\'@1\') limit 1\n),\'                  \') as transporte,IFNULL((select razsoc from gevmdeventosparticipantes,gevtcpatrocinantes where (gevmdeventosparticipantes.codpat=gevtcpatrocinantes.codpat) and (stapathos=\'S\') and (codpar=t2.codpar)  and  (codeve=\'@1\') limit 1 ),\'                  \') as hospedaje,IFNULL((select razsoc from gevmdeventosparticipantes,gevtcpatrocinantes where (gevmdeventosparticipantes.codpat=gevtcpatrocinantes.codpat) and (stapatinc=\'S\') and (codpar=t2.codpar)  and (codeve=\'@1\') limit 1),\'                  \') as inscripcion from gevmdeventosparticipantes as t1,gevtparticipantes as t2 where (codeve=\'@1\') and (t1.codpar=t2.codpar) and (codhot=\'@2\') and (tippre<>\'N\') order by apepar,nompar\n\n',8,'NO','P','LETTER','','','','','','','','','',8,'SI','NO','SI','SI','SI','SI','SI','SI','NO',0,'NO'),
 ('rpathot4','Patrocinados Sin Hotel','Patrocinados Sin Hotel','-',5,'SI','L','LETTER','rpathot5','codeve','','','','','','','Participantes',8,'SI','NO','SI','SI','SI','SI','SI','SI','NO',0,'NO'),
 ('rpathot5','Patrocinados Sin Hotel','Patrocinados Sin Hotel','select distinct t2.codpar,apepar,nompar,cedpar,telhab,telcel,IFNULL((select razsoc from gevmdeventosparticipantes,gevtcpatrocinantes where (gevmdeventosparticipantes.codpat=gevtcpatrocinantes.codpat) and (stapattra=\'S\') and (codpar=t2.codpar)  and (codeve=\'@1\') limit 1\n),\'                  \') as transporte,IFNULL((select razsoc from gevmdeventosparticipantes,gevtcpatrocinantes where (gevmdeventosparticipantes.codpat=gevtcpatrocinantes.codpat) and (stapathos=\'S\') and (codpar=t2.codpar)  and  (codeve=\'@1\') limit 1 ),\'                  \') as hospedaje,IFNULL((select razsoc from gevmdeventosparticipantes,gevtcpatrocinantes where (gevmdeventosparticipantes.codpat=gevtcpatrocinantes.codpat) and (stapatinc=\'S\') and (codpar=t2.codpar)  and (codeve=\'@1\') limit 1),\'                  \') as inscripcion from gevmdeventosparticipantes as t1,gevtparticipantes as t2 where (codeve=\'@1\') and (t1.codpar=t2.codpar) and (trim(codhot)=\'\') and (tippre<>\'N\') order by apepar,nompar\n',8,'NO','P','LETTER','','','','','','','','','',8,'SI','NO','SI','SI','SI','SI','SI','SI','NO',0,'NO'),
 ('rpreesp01','Preinscripciones por Especialidad','Preinscripciones por Especialidad','-',1,'SI','P','LETTER','rpreesp02','codeve','','','','','','','',8,'NO','NO','NO','SI','SI','SI','NO','SI','NO',0,'NO'),
 ('rpreesp02','Detalle Participantes por Especialidad','Detalle Participantes por Especialidad','select nomesp,(select count(codevepar) from gevmdeventosparticipantes,gevtparticipantes where (gevmdeventosparticipantes.codpar=gevtparticipantes.codpar) and (codeve=\'@1\') and (codesp=gevtespecialidades.codesp) and (  (((gevmdeventosparticipantes.tippre=\'S\') or (gevmdeventosparticipantes.tippre=\'P\')) and (stapatinc=\'S\')) or ((tippre=\'N\')) )  ) as cantidad from gevtespecialidades where (codesp in (select codesp from gevtparticipantes,gevmdeventosparticipantes where (codeve=\'@1\') and (gevtparticipantes.codpar=gevmdeventosparticipantes.codpar)  and (  (((gevmdeventosparticipantes.tippre=\'S\') or (gevmdeventosparticipantes.tippre=\'P\')) and (stapatinc=\'S\')) or ((tippre=\'N\')) )  ))',2,'NO','P','LETTER','','','','','','','','','',8,'SI','NO','SI','SI','SI','SI','SI','SI','NO',0,'NO'),
 ('rpreest01','Listado Resumen Por Estado','Listado Resumen Por Estado','-',2,'SI','P','LETTER','rpreest02','codeve','','','','','','','Listado Resumen Por Estado',8,'SI','SI','SI','SI','SI','SI','SI','SI','NO',0,'NO'),
 ('rpreest02','Detalle de Inscritos por Estado','Detalle de Inscritos por Estado','select distinct gevtestados.codest,nomest,count(codevepar) as cantidad,\'\' as vacio  from gevtestados,gevtparticipantes as t2,gevmdeventosparticipantes where (gevtestados.codest=t2.codest) and (t2.codpar=gevmdeventosparticipantes.codpar) and (codeve=\'@1\') and (  (((gevmdeventosparticipantes.tippre=\'S\') or (gevmdeventosparticipantes.tippre=\'P\')) and (stapatinc=\'S\')) or ((tippre=\'N\')) ) group by t2.codest ',2,'NO','P','LETTER','','','','','','','','','',8,'SI','NO','SI','SI','SI','SI','SI','SI','NO',0,'NO'),
 ('rpreest03','Listado Resumen Por Estado','Listado Resumen Por Estado','-',2,'SI','P','LETTER','rpreest04','codeve','','','','','','','Listado Resumen Por Estado',8,'SI','SI','SI','SI','SI','SI','SI','SI','NO',0,'NO'),
 ('rpreest04','Detalle de Inscritos por Estado','Detalle de Inscritos por Estado','select distinct gevtestados.codest,nomest,count(codevepar) as cantidad,\'\' as vacio  from gevtestados,gevtparticipantes as t2,gevmdeventosparticipantes where (gevtestados.codest=t2.codest) and (t2.codpar=gevmdeventosparticipantes.codpar) and (codeve=\'@1\') and (stainc=\'S\') and (  (((gevmdeventosparticipantes.tippre=\'S\') or (gevmdeventosparticipantes.tippre=\'P\')) and (stapatinc=\'S\')) or ((tippre=\'N\')) ) group by t2.codest ',2,'NO','P','LETTER','','','','','','','','','',8,'SI','NO','SI','SI','SI','SI','SI','SI','NO',0,'NO'),
 ('rprehot01','Preinscripciones por Hoteles','Preinscripciones por Hoteles','-',1,'SI','P','LETTER','rprehot02','codeve','','','','','','','',8,'NO','NO','NO','SI','SI','SI','NO','SI','NO',0,'NO'),
 ('rprehot02','Detalle Preincripcion Hoteles','Detalle Preincripcion Hoteles','select nomhot,\'@1\' as codeve,codhot from gevtchoteles where (codhot in (select codhot from gevmdeventosparticipantes where (codeve=\'@1\') and ((((gevmdeventosparticipantes.tippre=\'S\') or (gevmdeventosparticipantes.tippre=\'P\')) and (stapatinc=\'S\')) or ((tippre=\'N\')))    ))\n',1,'SI','P','LETTER','rprehot03','codeve','codhot','','','','','','',8,'SI','NO','SI','SI','SI','SI','SI','SI','NO',0,'NO'),
 ('rprehot03','Detalle Preincripcion Hoteles','Detalle Preincripcion Hoteles','select distinct cedpar,nompar,apepar,razsoc from gevtparticipantes,gevmdeventosparticipantes,gevtcpatrocinantes where (gevtparticipantes.codpar=gevmdeventosparticipantes.codpar) and (gevmdeventosparticipantes.codpat=gevtcpatrocinantes.codpat) and (codeve=\'@1\') and (codhot=\'@2\') and ((((gevmdeventosparticipantes.tippre=\'S\') or (gevmdeventosparticipantes.tippre=\'P\')) and (stapatinc=\'S\')) or ((tippre=\'N\'))) order by razsoc,cedpar',4,'NO','P','LETTER','','','','','','','','','',8,'SI','NO','SI','SI','SI','SI','SI','SI','NO',0,'NO'),
 ('rprepat01','Preinscripciones por Patrocinante','Preinscripciones por Patrocinante','-',1,'SI','P','LETTER','rprepat02','codeve','','','','','','','',8,'NO','NO','NO','SI','SI','SI','NO','SI','NO',0,'NO'),
 ('rprepat02','Detalle Preincripcion Patrocinantes','Detalle Preincripcion Patrocinantes','select razsoc,(select count(codevepar) from gevmdeventosparticipantes where (codeve=\'@1\') and (codpat=gevtcpatrocinantes.codpat) and (stapattra=\'S\') and (tippre<>\'N\')) as canpattra,(select count(codevepar) from gevmdeventosparticipantes where (codeve=\'@1\') and (codpat=gevtcpatrocinantes.codpat) and (stapathos=\'S\') and (tippre<>\'N\')) as canpathos,(select count(codevepar) from gevmdeventosparticipantes where (codeve=\'@1\') and (codpat=gevtcpatrocinantes.codpat) and (stapatinc=\'S\') and (tippre<>\'N\')) as canpatinc from gevtcpatrocinantes where (codpat in (select codpat from gevmdeventosparticipantes where (codeve=\'@1\') and (tippre<>\'N\')))\n\nunion all\n\nselect \'\',0 as canpattra,0 as canpathos,(select count(codevepar) from gevmdeventosparticipantes where (codeve=\'@1\') and (codpat=\'\') and (tippre=\'N\')) as canpatinc \n',4,'NO','P','LETTER','','','','','','','','','',8,'SI','NO','SI','SI','SI','SI','SI','SI','NO',0,'NO'),
 ('rpretip01','Tipo de Participacion','Tipo de Participacion','-',1,'SI','P','LETTER','rpretip02','codeve','','','','','','','',8,'NO','NO','NO','SI','SI','SI','NO','SI','NO',0,'NO'),
 ('rpretip02','Detalle Tipo Participacion','Detalle Tipo Participacion','select codparpar,nomparpar,\'@1\' as codeve,(select count(codevepar) from gevmdeventosparticipantes where (codeve=\'@1\') and (codparpar=gevtparticipaciones.codparpar) and (  (((gevmdeventosparticipantes.tippre=\'S\') or (gevmdeventosparticipantes.tippre=\'P\')) and (stapatinc=\'S\')) or ((tippre=\'N\')) ) ) as cantidad from gevtparticipaciones where (codparpar in (select codparpar from gevmdeventosparticipantes where (codeve=\'@1\')   and (  (((gevmdeventosparticipantes.tippre=\'S\') or (gevmdeventosparticipantes.tippre=\'P\')) and (stapatinc=\'S\')) or ((tippre=\'N\')) )   ))\n',3,'SI','P','LETTER','rpretip03','codeve','codparpar','','','','','','',8,'NO','SI','SI','SI','SI','SI','SI','SI','NO',0,'NO'),
 ('rpretip03','Detalle Participantes','Detalle Participantes','select cedpar,concat(nompar,\' \',apepar) as nombre,date_format(fecpre,\'%d/%m/%Y\') as fecha from gevtparticipantes,gevmdeventosparticipantes where (gevtparticipantes.codpar=gevmdeventosparticipantes.codpar) and (codeve=\'@1\') and (gevmdeventosparticipantes.codparpar=\'@2\')  and (  (((gevmdeventosparticipantes.tippre=\'S\') or (gevmdeventosparticipantes.tippre=\'P\')) and (stapatinc=\'S\')) or ((tippre=\'N\')) )',3,'NO','P','LETTER','','','','','','','','','',8,'SI','NO','SI','SI','SI','SI','SI','SI','NO',0,'NO'),
 ('rrespre1','Resumen Preinscripciones Patrocinadas','Resumen Preinscripciones Patrocinadas','-',5,'SI','P','LETTER','rrespre2','codeve','','','','','','','Patrocinantes',8,'SI','NO','SI','SI','SI','SI','SI','SI','NO',0,'NO'),
 ('rrespre2','Patrocinantes','Patrocinantes','select t1.codpat,razsoc,IFNULL((select count(codevepar) from gevmdeventosparticipantes where (stapattra=\'S\') and (codpat=t1.codpat) and (codeve=\'@1\') limit 1\n),\'    \') as transporte,IFNULL((select count(codevepar) from gevmdeventosparticipantes where (stapathos=\'S\') and (codpat=t1.codpat) and (codeve=\'@1\') limit 1\n),\'    \') as hospedaje,IFNULL((select count(codevepar) from gevmdeventosparticipantes where (stapatinc=\'S\') and (codpat=t1.codpat) and (codeve=\'@1\') limit 1\n),\'     \') as inscritos from gevtcpatrocinantes as t1,gevmdeventospatrocinante as t2 where (codeve=\'@1\') and (t1.codpat=t2.codpat) and (t1.codpat=t2.codpat) order by razsoc',5,'NO','P','LETTER','','','','','','','','','',8,'SI','NO','SI','SI','SI','SI','SI','SI','NO',0,'NO'),
 ('rsmsmens1','Mensajes','-','-',6,'NO','P','LETTER','','','','','','','','','',8,'SI','NO','SI','SI','SI','SI','SI','SI','NO',0,'NO');


--
-- Definition of table `segmsucesos`
--

CREATE TABLE `segmsucesos` (
  `codsuc` bigint(20) NOT NULL auto_increment,
  `logusu` varchar(10) NOT NULL,
  `fecsuc` datetime NOT NULL,
  `dessuc` varchar(50) NOT NULL,
  PRIMARY KEY  (`codsuc`)
) ENGINE=InnoDB DEFAULT CHARSET=latin1;

--
-- Dumping data for table `segmsucesos`
--

INSERT INTO `segmsucesos` (`codsuc`,`logusu`,`fecsuc`,`dessuc`) VALUES 
 (1,'123','2011-08-24 00:46:17','Entro al sistema'),
 (2,'123','2011-08-24 00:46:50','Registro mensaje 0000000097'),
 (3,'123','2011-08-24 00:48:01','Registro mensaje 0000000024'),
 (4,'123','2011-09-13 08:06:36','Entro al sistema'),
 (5,'123','2011-09-13 08:08:40','Actualizo linea patrocinante 0006'),
 (6,'123','2011-09-13 08:10:10','Actualizo evento 0000000001'),
 (7,'123','2011-09-13 08:12:53','Registro mensaje 0000000100'),
 (8,'123','2011-09-13 08:31:54','Entro al sistema'),
 (9,'123','2011-09-13 09:38:05','Entro al sistema'),
 (10,'123','2011-09-13 10:55:55','Registro mensaje 0000000025');


--
-- Definition of table `segmsucesosweb`
--

CREATE TABLE `segmsucesosweb` (
  `codsuc` bigint(20) NOT NULL auto_increment,
  `logusu` varchar(10) NOT NULL,
  `fecsuc` datetime NOT NULL,
  `dessuc` varchar(50) NOT NULL,
  PRIMARY KEY  (`codsuc`)
) ENGINE=InnoDB DEFAULT CHARSET=latin1;

--
-- Dumping data for table `segmsucesosweb`
--

INSERT INTO `segmsucesosweb` (`codsuc`,`logusu`,`fecsuc`,`dessuc`) VALUES 
 (1,'YOLETTY.LO','2011-09-13 08:09:38','Entro al sistema WEB de inscripcion'),
 (2,'YOLETTY.LO','2011-09-13 10:04:18','Salio del sistema WEB de inscripcion'),
 (3,'YOLETTY.LO','2011-09-13 10:04:41','Entro al sistema WEB de inscripcion'),
 (4,'YOLETTY.LO','2011-09-13 10:09:05','Registro evento participante 0000000192');


--
-- Definition of table `segtcargosusuarios`
--

CREATE TABLE `segtcargosusuarios` (
  `codcar` varchar(3) NOT NULL,
  `nomcar` varchar(30) NOT NULL,
  PRIMARY KEY  (`codcar`)
) ENGINE=InnoDB DEFAULT CHARSET=latin1;

--
-- Dumping data for table `segtcargosusuarios`
--

INSERT INTO `segtcargosusuarios` (`codcar`,`nomcar`) VALUES 
 ('001','Vendedor'),
 ('002','Gerente');


--
-- Definition of table `segtcperfilesusuarios`
--

CREATE TABLE `segtcperfilesusuarios` (
  `codper` varchar(4) NOT NULL default '',
  `nomper` varchar(45) NOT NULL,
  `codsis` varchar(10) NOT NULL,
  PRIMARY KEY  (`codper`)
) ENGINE=InnoDB DEFAULT CHARSET=latin1;

--
-- Dumping data for table `segtcperfilesusuarios`
--

INSERT INTO `segtcperfilesusuarios` (`codper`,`nomper`,`codsis`) VALUES 
 ('0001','Perfil Administrador','0001'),
 ('0002','Perfil Administrador','0002'),
 ('0003','Perfil Administrador','0003'),
 ('0004','Perfil Administrador','0004'),
 ('0005','Perfil Administrador','0005'),
 ('0006','Perfil Administrador','0006'),
 ('0007','Inscripcion Congreso','0004'),
 ('0008','perfila par apancho','0002');


--
-- Definition of table `segtcsistemas`
--

CREATE TABLE `segtcsistemas` (
  `codsis` varchar(4) NOT NULL default '',
  `nomsis` varchar(50) NOT NULL,
  `pagini` varchar(50) NOT NULL,
  `nomcar` varchar(50) default NULL,
  PRIMARY KEY  (`codsis`)
) ENGINE=InnoDB DEFAULT CHARSET=latin1;

--
-- Dumping data for table `segtcsistemas`
--

INSERT INTO `segtcsistemas` (`codsis`,`nomsis`,`pagini`,`nomcar`) VALUES 
 ('0001','Seguridad','segaprincipal.php','seguridad'),
 ('0002','SMS','smsaprincipal.php','sms'),
 ('0003','Cuentas Por Cobrar','cxcaprincipal.php','cuentasxcobrar'),
 ('0004','Gestion de Eventos','gevaprincipal.php','gestioneventos'),
 ('0005','Fondo de Retiro','fdraprincipal.php','fondoretiro'),
 ('0006','Recertificacion','recaprincipal.php','recertificacion');


--
-- Definition of table `segtcusuarios`
--

CREATE TABLE `segtcusuarios` (
  `logusu` varchar(10) NOT NULL,
  `pasusu` varchar(100) NOT NULL,
  `nomusu` varchar(25) NOT NULL,
  `apeusu` varchar(25) NOT NULL,
  `codcar` varchar(3) NOT NULL,
  PRIMARY KEY  (`logusu`)
) ENGINE=InnoDB DEFAULT CHARSET=latin1;

--
-- Dumping data for table `segtcusuarios`
--

INSERT INTO `segtcusuarios` (`logusu`,`pasusu`,`nomusu`,`apeusu`,`codcar`) VALUES 
 ('123','d93591bdf7860e1e4ee2fca799911215','Administrador','Prueba','002'),
 ('321','caf1a3dfb505ffed0d024130f58c5cfa','Operador','Operador','001'),
 ('cristina','934b535800b1cba8f96a5d72f72f1611','Cristina','-','001'),
 ('glenis','dbc4d84bfcfe2284ba11beffb853a8c4','Glenis','-','001'),
 ('marlene','b59c67bf196a4758191e42f76670ceba','Marlene','-','001'),
 ('miriam','81dc9bdb52d04dc20036dbd8313ed055','Miriam','Rodriguez','002'),
 ('pancho','81dc9bdb52d04dc20036dbd8313ed055','Francisco','Meza','002'),
 ('rosa','2be9bd7a3434f7038ca27d1918de58bd','Rosa','-','001'),
 ('usu01','96a3be3cf272e017046d1b2674a52bd3','Usuario 01','-','001'),
 ('usu02','a2ef406e2c2351e0b9e80029c909242d','Usuario 02','-','001'),
 ('usu03','e45ee7ce7e88149af8dd32b27f9512ce','Usuario03','-','001'),
 ('usu04','7d0665438e81d8eceb98c1e31fca80c1','Usuario04','-','001'),
 ('usu05','751d31dd6b56b26b29dac2c0e1839e34','Usuario05','-','001'),
 ('usu06','faeac4e1eef307c2ab7b0a3821e6c667','usuario06','-','001'),
 ('usu07','d72d187df41e10ea7d9fcdc7f5909205','usuario07','-','001'),
 ('usu08','fad6f4e614a212e80c67249a666d2b09','usuario08','-','001');


--
-- Definition of table `segtdperfilesusuarios`
--

CREATE TABLE `segtdperfilesusuarios` (
  `codper` varchar(4) default NULL,
  `codopc` int(11) default NULL,
  `staopc` varchar(1) default NULL
) ENGINE=InnoDB DEFAULT CHARSET=latin1;

--
-- Dumping data for table `segtdperfilesusuarios`
--

INSERT INTO `segtdperfilesusuarios` (`codper`,`codopc`,`staopc`) VALUES 
 ('0001',2,'S'),
 ('0001',3,'S'),
 ('0001',4,'S'),
 ('0001',5,'S'),
 ('0001',6,'S'),
 ('0001',7,'S'),
 ('0001',8,'S'),
 ('0001',9,'S'),
 ('0001',10,'S'),
 ('0001',11,'S'),
 ('0001',12,'S'),
 ('0001',13,'S'),
 ('0001',14,'S'),
 ('0001',15,'S'),
 ('0001',16,'S'),
 ('0001',17,'S'),
 ('0001',18,'S'),
 ('0001',19,'S'),
 ('0003',1,'S'),
 ('0003',13,'S'),
 ('0003',14,'S'),
 ('0003',15,'S'),
 ('0003',16,'S'),
 ('0003',2,'S'),
 ('0003',3,'S'),
 ('0003',4,'S'),
 ('0003',5,'S'),
 ('0003',20,'S'),
 ('0003',21,'S'),
 ('0003',22,'S'),
 ('0003',23,'S'),
 ('0003',6,'S'),
 ('0003',7,'S'),
 ('0003',8,'S'),
 ('0003',9,'S'),
 ('0003',10,'S'),
 ('0003',11,'S'),
 ('0003',17,'S'),
 ('0003',18,'S'),
 ('0003',19,'S'),
 ('0003',12,'S'),
 ('0003',24,'S'),
 ('0003',25,'S'),
 ('0003',28,'S'),
 ('0003',29,'S'),
 ('0003',30,'S'),
 ('0003',31,'S'),
 ('0003',32,'S'),
 ('0003',26,'S'),
 ('0003',27,'S'),
 ('0003',33,'S'),
 ('0003',34,'S'),
 ('0003',35,'S'),
 ('0002',1,'S'),
 ('0002',2,'S'),
 ('0002',3,'S'),
 ('0002',4,'S'),
 ('0002',5,'S'),
 ('0002',6,'S'),
 ('0002',7,'S'),
 ('0002',8,'S'),
 ('0002',9,'S'),
 ('0002',10,'S'),
 ('0002',11,'S'),
 ('0002',13,'S'),
 ('0002',14,'S'),
 ('0002',12,'S'),
 ('0002',15,'S'),
 ('0002',16,'S'),
 ('0002',19,'S'),
 ('0002',18,'S'),
 ('0002',17,'S'),
 ('0005',1,'S'),
 ('0005',2,'S'),
 ('0005',3,'S'),
 ('0005',4,'S'),
 ('0005',5,'S'),
 ('0005',6,'S'),
 ('0005',7,'S'),
 ('0005',8,'S'),
 ('0005',9,'S'),
 ('0005',10,'S'),
 ('0005',11,'S'),
 ('0005',12,'S'),
 ('0005',13,'S'),
 ('0005',14,'S'),
 ('0005',15,'S'),
 ('0005',16,'S'),
 ('0005',17,'S'),
 ('0005',18,'S'),
 ('0005',19,'S'),
 ('0005',20,'S'),
 ('0005',21,'S'),
 ('0005',22,'S'),
 ('0005',23,'S'),
 ('0005',24,'S'),
 ('0005',25,'S'),
 ('0006',1,'S'),
 ('0006',2,'S'),
 ('0006',3,'S'),
 ('0006',4,'S'),
 ('0006',5,'S'),
 ('0006',6,'S'),
 ('0006',7,'S'),
 ('0006',8,'S'),
 ('0006',9,'S'),
 ('0006',10,'S'),
 ('0006',11,'S'),
 ('0006',12,'S'),
 ('0006',13,'S'),
 ('0006',14,'S'),
 ('0006',15,'S'),
 ('0006',16,'S'),
 ('0004',1,'S'),
 ('0004',21,'S'),
 ('0004',95,'S'),
 ('0004',96,'S'),
 ('0004',97,'S'),
 ('0004',98,'S'),
 ('0004',22,'S'),
 ('0004',23,'S'),
 ('0004',24,'S'),
 ('0004',25,'S'),
 ('0004',2,'S'),
 ('0004',3,'S'),
 ('0004',4,'S'),
 ('0004',5,'S'),
 ('0004',6,'S'),
 ('0004',7,'S'),
 ('0004',8,'S'),
 ('0004',9,'S'),
 ('0004',10,'S'),
 ('0004',11,'S'),
 ('0004',12,'S'),
 ('0004',13,'S'),
 ('0004',14,'S'),
 ('0004',15,'S'),
 ('0004',16,'S'),
 ('0004',17,'S'),
 ('0004',30,'S'),
 ('0004',31,'S'),
 ('0004',32,'S'),
 ('0004',33,'S'),
 ('0004',43,'S'),
 ('0004',44,'S'),
 ('0004',45,'S'),
 ('0004',46,'S'),
 ('0004',66,'S'),
 ('0004',67,'S'),
 ('0004',68,'S'),
 ('0004',69,'S'),
 ('0004',18,'S'),
 ('0004',19,'S'),
 ('0004',34,'S'),
 ('0004',26,'S'),
 ('0004',27,'S'),
 ('0004',28,'S'),
 ('0004',29,'S'),
 ('0004',35,'S'),
 ('0004',36,'S'),
 ('0004',37,'S'),
 ('0004',52,'S'),
 ('0004',39,'S'),
 ('0004',40,'S'),
 ('0004',53,'S'),
 ('0004',42,'S'),
 ('0004',102,'S'),
 ('0004',103,'S'),
 ('0004',104,'S'),
 ('0004',105,'S'),
 ('0004',54,'S'),
 ('0004',55,'S'),
 ('0004',90,'S'),
 ('0004',56,'S'),
 ('0004',47,'S'),
 ('0004',48,'S'),
 ('0004',49,'S'),
 ('0004',50,'S'),
 ('0004',51,'S'),
 ('0004',79,'S'),
 ('0004',20,'S'),
 ('0004',57,'S'),
 ('0004',58,'S'),
 ('0004',59,'S'),
 ('0004',60,'S'),
 ('0004',61,'S'),
 ('0004',62,'S'),
 ('0004',80,'S'),
 ('0004',82,'S'),
 ('0004',83,'S'),
 ('0004',85,'S'),
 ('0004',86,'S'),
 ('0004',88,'S'),
 ('0004',63,'S'),
 ('0004',89,'S'),
 ('0004',92,'S'),
 ('0004',94,'S'),
 ('0004',64,'S'),
 ('0004',65,'S'),
 ('0004',70,'S'),
 ('0004',71,'S'),
 ('0004',72,'S'),
 ('0004',73,'S'),
 ('0004',74,'S'),
 ('0004',75,'S'),
 ('0004',76,'S'),
 ('0004',81,'S'),
 ('0004',77,'S'),
 ('0004',78,'S'),
 ('0004',93,'S'),
 ('0004',87,'S'),
 ('0004',84,'S'),
 ('0004',99,'S'),
 ('0004',100,'S'),
 ('0004',101,'S'),
 ('0004',106,'S'),
 ('0004',108,'S'),
 ('0004',109,'S'),
 ('0004',110,'S'),
 ('0004',107,'S'),
 ('0007',1,'S'),
 ('0007',21,'S'),
 ('0007',95,'S'),
 ('0007',96,'N'),
 ('0007',97,'N'),
 ('0007',98,'N'),
 ('0007',22,'N'),
 ('0007',23,'N'),
 ('0007',24,'N'),
 ('0007',25,'N'),
 ('0007',2,'S'),
 ('0007',3,'N'),
 ('0007',4,'N'),
 ('0007',5,'N'),
 ('0007',6,'N'),
 ('0007',7,'N'),
 ('0007',8,'N'),
 ('0007',9,'N'),
 ('0007',10,'N'),
 ('0007',11,'N'),
 ('0007',12,'N'),
 ('0007',13,'N'),
 ('0007',14,'N'),
 ('0007',15,'N'),
 ('0007',16,'N'),
 ('0007',17,'N'),
 ('0007',30,'N'),
 ('0007',31,'N'),
 ('0007',32,'N'),
 ('0007',33,'N'),
 ('0007',43,'N'),
 ('0007',44,'N'),
 ('0007',45,'N'),
 ('0007',46,'N'),
 ('0007',66,'N'),
 ('0007',67,'N'),
 ('0007',68,'N'),
 ('0007',69,'N'),
 ('0007',18,'N'),
 ('0007',19,'S'),
 ('0007',34,'N'),
 ('0007',26,'N'),
 ('0007',27,'N'),
 ('0007',28,'N'),
 ('0007',29,'N'),
 ('0007',35,'N'),
 ('0007',36,'N'),
 ('0007',37,'N'),
 ('0007',52,'S'),
 ('0007',39,'N'),
 ('0007',40,'N'),
 ('0007',53,'N'),
 ('0007',42,'N'),
 ('0007',102,'S'),
 ('0007',103,'S'),
 ('0007',104,'S'),
 ('0007',105,'N'),
 ('0007',54,'S'),
 ('0007',55,'S'),
 ('0007',90,'S'),
 ('0007',56,'N'),
 ('0007',47,'N'),
 ('0007',48,'N'),
 ('0007',49,'N'),
 ('0007',50,'N'),
 ('0007',51,'N'),
 ('0007',79,'N'),
 ('0007',20,'S'),
 ('0007',57,'N'),
 ('0007',58,'N'),
 ('0007',59,'N'),
 ('0007',60,'N'),
 ('0007',61,'N'),
 ('0007',62,'N'),
 ('0007',80,'N'),
 ('0007',82,'N'),
 ('0007',83,'N'),
 ('0007',85,'N'),
 ('0007',86,'N'),
 ('0007',88,'N'),
 ('0007',63,'N'),
 ('0007',89,'N'),
 ('0007',92,'N'),
 ('0007',94,'N'),
 ('0007',64,'N'),
 ('0007',65,'N'),
 ('0007',70,'N'),
 ('0007',71,'N'),
 ('0007',72,'N'),
 ('0007',73,'N'),
 ('0007',74,'N'),
 ('0007',75,'N'),
 ('0007',76,'N'),
 ('0007',81,'N'),
 ('0007',77,'N'),
 ('0007',78,'N'),
 ('0007',93,'N'),
 ('0007',87,'N'),
 ('0007',84,'N'),
 ('0007',99,'N'),
 ('0007',100,'S'),
 ('0007',101,'N'),
 ('0007',106,'S'),
 ('0007',108,'N'),
 ('0007',109,'N'),
 ('0007',110,'N'),
 ('0007',107,'N'),
 ('0008',1,'S'),
 ('0008',2,'S'),
 ('0008',3,'S'),
 ('0008',4,'N'),
 ('0008',5,'N'),
 ('0008',6,'N'),
 ('0008',7,'S'),
 ('0008',8,'S'),
 ('0008',9,'S'),
 ('0008',10,'S'),
 ('0008',11,'S'),
 ('0008',13,'N'),
 ('0008',14,'N'),
 ('0008',12,'N'),
 ('0008',15,'N'),
 ('0008',16,'N'),
 ('0008',19,'N'),
 ('0008',18,'N'),
 ('0008',17,'N');


--
-- Definition of table `segtdsistemas`
--

CREATE TABLE `segtdsistemas` (
  `desopc` varchar(45) default NULL,
  `codsis` varchar(4) default NULL,
  `nivopc` varchar(10) default NULL,
  `pagopc` varchar(100) default NULL,
  `tipopc` varchar(1) NOT NULL,
  `codopc` int(11) NOT NULL,
  `numfil` int(11) NOT NULL
) ENGINE=InnoDB DEFAULT CHARSET=latin1;

--
-- Dumping data for table `segtdsistemas`
--

INSERT INTO `segtdsistemas` (`desopc`,`codsis`,`nivopc`,`pagopc`,`tipopc`,`codopc`,`numfil`) VALUES 
 ('Definiciones','0001','0','','M',2,0),
 ('Sistemas','0001','1','segasistemas.php','O',3,1),
 ('Incluir','0001','2','','B',4,2),
 ('Modificar','0001','2','','B',5,3),
 ('Eliminar','0001','2','','B',6,4),
 ('Perfiles de Usuarios','0001','1','segaperfilesusuarios.php','O',7,5),
 ('Incluir','0001','2','','B',8,6),
 ('Modificar','0001','2','','B',9,7),
 ('Eliminar','0001','2','','B',10,8),
 ('Cargos de Usuarios','0001','1','segacargosusuarios.php','O',11,9),
 ('Incluir','0001','2','','B',12,10),
 ('Modificar','0001','2','','B',13,11),
 ('Eliminar','0001','2','','B',14,12),
 ('Usuarios','0001','1','segausuarios.php','O',15,13),
 ('Incluir','0001','2','','B',16,14),
 ('Modificar','0001','2','','B',17,15),
 ('Eliminar','0001','2','','B',18,16),
 ('Salir','0001','1','segasalir.php','O',19,17),
 ('Definiciones','0003','0','','M',1,0),
 ('Bancos','0003','1','cxcabancos.php','O',13,1),
 ('Incluir','0003','2','','B',14,2),
 ('Modificar','0003','2','','B',15,3),
 ('Eliminar','0003','2','','B',16,4),
 ('Conceptos','0003','1','cxcaconceptos.php','O',2,5),
 ('Incluir','0003','2','','B',3,6),
 ('Modificar','0003','2','','B',4,7),
 ('Eliminar','0003','2','','B',5,8),
 ('Miembros','0003','1','cxcaasociados.php','O',20,9),
 ('Incluir','0003','2','','B',21,10),
 ('Modificar','0003','2','','B',22,11),
 ('Eliminar','0003','2','','B',23,12),
 ('Salir','0003','1','cxcasalir.php','O',6,13),
 ('Procesos','0003','0','','M',7,14),
 ('Cuentas Por Cobrar','0003','1','cxcacuentasxcobrar.php','O',8,15),
 ('Incluir','0003','2','','B',9,16),
 ('Modificar','0003','2','','B',10,17),
 ('Eliminar','0003','2','','B',11,18),
 ('Pagos','0003','1','cxcapagos.php','O',17,19),
 ('Incluir','0003','2','','B',18,20),
 ('Eliminar','0003','2','','B',19,21),
 ('Reportes','0003','0','','M',12,22),
 ('Definiciones','0003','1','','O',24,23),
 ('Bancos','0003','2','repver.php?txtarchivo=clscatrepbancos','O',25,24),
 ('Asociados','0003','2','','O',28,25),
 ('Todos','0003','3','repver.php?txtarchivo=clscatrepasociados','O',29,26),
 ('Vigentes','0003','3','repver.php?txtarchivo=clscatrepasociadosfilialvigente','O',30,27),
 ('No Vigentes','0003','3','repver.php?txtarchivo=clscatrepasociadosfilialnovigente','O',31,28),
 ('Por Filial','0003','3','repver.php?txtarchivo=clscatrepasociadosfilial','O',32,29),
 ('Cuentas Por Cobrar','0003','1','','O',26,30),
 ('Por Fecha Vencimiento','0003','2','repver.php?txtarchivo=clscatrepcuentasxcobrar','O',27,31),
 ('Pagos','0003','1','','O',33,32),
 ('Todos','0003','2','repver.php?txtarchivo=clscatreppagos','O',34,33),
 ('Por Filial','0003','2','repver.php?txtarchivo=clscatreppagosfilial','O',35,34),
 ('Definiciones','0002','0','','M',1,0),
 ('Miembros','0002','1','','O',2,1),
 ('Incluir','0002','2','','B',3,2),
 ('Modificar','0002','2','','B',4,3),
 ('Eliminar','0002','2','','B',5,4),
 ('Salir','0002','1','smsasalir.php','O',6,5),
 ('Procesos','0002','0','','M',7,6),
 ('Enviar Mensaje','0002','1','smsamensajes.php','O',8,7),
 ('Incluir','0002','2','','B',9,8),
 ('Modificar','0002','2','','B',10,9),
 ('Eliminar','0002','2','','B',11,10),
 ('Envio Multiple','0002','1','smsamensajesmultiple.php','O',13,11),
 ('Incluir','0002','2','','B',14,12),
 ('Reportes','0002','0','','M',12,13),
 ('Mensajes','0002','1','repver.php?txtarchivo=clscatrepmensajes','O',15,14),
 ('Mensajes Enviados','0002','1','repver.php?txtarchivo=clscatrepmensajesenviados','O',16,15),
 ('Mensajes Por Enviar','0002','1','repver.php?txtarchivo=clscatrepmensajesnoenviados','O',19,16),
 ('Asociados','0002','1','repver.php?txtarchivo=clscatrepasociados','O',18,17),
 ('Asociados Sin Celular','0002','1','repver.php?txtarchivo=clscatrepasociadossintelefono','O',17,18),
 ('Definiciones','0005','0','','M',1,0),
 ('Miembros','0005','1','fdraasociados.php','O',2,1),
 ('Incluir','0005','2','','B',3,2),
 ('Modificar','0005','2','','B',4,3),
 ('Eliminar','0005','2','','B',5,4),
 ('Salir','0005','1','fdrasalir.php','O',6,5),
 ('Procesos','0005','0','','M',7,6),
 ('Registrar Tarjeta SVC','0005','1','fdraregistrartarjeta.php','O',8,7),
 ('Incluir','0005','2','','B',9,8),
 ('Modificar','0005','2','','B',10,9),
 ('Eliminar','0005','2','','B',11,10),
 ('Domiciliar Tarjeta','0005','1','fdradomiciliartarjeta.php','O',12,11),
 ('Incluir','0005','2','','B',13,12),
 ('Modificar','0005','2','','B',14,13),
 ('Eliminar','0005','2','','B',15,14),
 ('Cuentas x Cobrar','0005','1','fdracuentasxcobrar.php','O',16,15),
 ('Incluir','0005','2','','B',17,16),
 ('Modificar','0005','2','','B',18,17),
 ('Eliminar','0005','2','','B',19,18),
 ('Registro de Pagos','0005','1','fdraregistropagos.php','O',20,19),
 ('Incluir','0005','2','','B',21,20),
 ('Modificar','0005','2','','B',22,21),
 ('Eliminar','0005','2','','B',23,22),
 ('Reportes','0005','0','','M',24,23),
 ('Balance','0005','1','','O',25,24),
 ('Definiciones','0006','0','','M',1,0),
 ('Conceptos','0006','1','recaconceptos.php','O',2,1),
 ('Incluir','0006','2','','B',3,2),
 ('Modificar','0006','2','','B',4,3),
 ('Eliminar','0006','2','','B',5,4),
 ('Salir','0006','1','recasalir.php','O',6,5),
 ('Procesos','0006','0','','M',7,6),
 ('Ponderacion','0006','1','recaponderacion.php','O',8,7),
 ('Incluir','0006','2','','B',9,8),
 ('Modificar','0006','2','','B',10,9),
 ('Eliminar','0006','2','','B',11,10),
 ('Registro Ponderacion','0006','1','recaregistroponderacion.php','O',12,11),
 ('Incluir','0006','2','','B',13,12),
 ('Modificar','0006','2','','B',14,13),
 ('Eliminar','0006','2','','B',15,14),
 ('Reportes','0006','0','','M',16,15),
 ('Definiciones','0004','0','','M',1,0),
 ('Patrocinantes','0004','1','','O',21,1),
 ('Empresas','0004','2','gevapatrocinantespadre.php','O',95,2),
 ('Incluir','0004','3','','B',96,3),
 ('Modificar','0004','3','','B',97,4),
 ('Eliminar','0004','3','','B',98,5),
 ('Cargos Personal','0004','2','gevacargospatrocinantes.php','O',22,6),
 ('Incluir','0004','3','','B',23,7),
 ('Modificar','0004','3','','B',24,8),
 ('Eliminar','0004','3','','B',25,9),
 ('Lineas Patrocinantes','0004','2','gevapatrocinantes.php','O',2,10),
 ('Incluir','0004','3','','B',3,11),
 ('Modificar','0004','3','','B',4,12),
 ('Eliminar','0004','3','','B',5,13),
 ('Tipo de Ponencias','0004','1','gevatipoponencias.php','O',6,14),
 ('Incluir','0004','2','','B',7,15),
 ('Modificar','0004','2','','B',8,16),
 ('Eliminar','0004','2','','B',9,17),
 ('Especialidades','0004','1','gevaespecialidades.php','O',10,18),
 ('Incluir','0004','2','','B',11,19),
 ('Modificar','0004','2','','B',12,20),
 ('Eliminar','0004','2','','B',13,21),
 ('Ponentes','0004','1','gevaponentes.php','O',14,22),
 ('Incluir','0004','2','','B',15,23),
 ('Modificar','0004','2','','B',16,24),
 ('Eliminar','0004','2','','B',17,25),
 ('Hoteles','0004','1','gevahoteles.php','O',30,26),
 ('Incluir','0004','2','','B',31,27),
 ('Modificar','0004','2','','B',32,28),
 ('Eliminar','0004','2','','B',33,29),
 ('Participantes','0004','1','gevaparticipantes.php','O',43,30),
 ('Incluir','0004','2','','B',44,31),
 ('Modificar','0004','2','','B',45,32),
 ('Eliminar','0004','2','','B',46,33),
 ('Clasificador','0004','1','gevaclasificador.php','O',66,34),
 ('Incluir','0004','2','','B',67,35),
 ('Modificar','0004','2','','B',68,36),
 ('Eliminar','0004','2','','B',69,37),
 ('Salir','0004','1','gevasalir.php','O',18,38),
 ('Procesos','0004','0','','M',19,39),
 ('Eventos','0004','1','','O',34,40),
 ('Registrar Eventos','0004','2','gevaeventos.php','O',26,41),
 ('Incluir','0004','3','','B',27,42),
 ('Modificar','0004','3','','B',28,43),
 ('Eliminar','0004','3','','B',29,44),
 ('Usuarios Patrocinante','0004','2','gevausuariospatrocinante.php','O',35,45),
 ('Modificar','0004','3','','B',36,46),
 ('Detalle Eventos','0004','2','gevadetalleeventos.php','O',37,47),
 ('Preinscripcion','0004','1','','O',52,48),
 ('Con Patrocinio','0004','2','gevaeventosparticipantes.php','O',39,49),
 ('Incluir','0004','3','','B',40,50),
 ('Modificar','0004','3','','B',53,51),
 ('Eliminar','0004','3','','B',42,52),
 ('Personal','0004','2','gevaseleccionareventopersonal.php','O',102,53),
 ('Incluir','0004','3','','B',103,54),
 ('Modificar','0004','3','','B',104,55),
 ('Eliminar','0004','3','','B',105,56),
 ('Inscripcion','0004','1','gevaseleccionareventopersonalcongreso.php','O',54,57),
 ('Incluir','0004','2','','B',55,58),
 ('Modificar','0004','2','','B',90,59),
 ('Eliminar','0004','2','','B',56,60),
 ('Facturas','0004','1','gevafacturas.php','O',47,61),
 ('Incluir','0004','2','','B',48,62),
 ('Anular','0004','2','','B',49,63),
 ('Inscripcion Ant.','0004','1','gevainscripcion.php','O',50,64),
 ('Incluir','0004','2','','B',51,65),
 ('Material','0004','2','','B',79,66),
 ('Reportes','0004','0','','M',20,67),
 ('Eventos y Hoteles','0004','1','repver.php?txtarchivo=clscatrepeventos','O',57,68),
 ('Conferencias','0004','1','repver.php?txtarchivo=clscatrepeventosconferencias','O',58,69),
 ('Preinscripciones','0004','1','','O',59,70),
 ('Con Patrocinio','0004','2','repver.php?txtarchivo=clscatrepconpatrocinio','O',60,71),
 ('Sin Patrocinio','0004','2','repver.php?txtarchivo=clscatrepsinpatrocinio','O',61,72),
 ('Participantes','0004','2','repver.php?txtarchivo=clscatrepparticipantes','O',62,73),
 ('Por Participacion','0004','2','repver.php?txtarchivo=clscatreppreparticipaciones','O',80,74),
 ('Por Especialidad','0004','2','repver.php?txtarchivo=clscatreppreespecialidad','O',82,75),
 ('Por Hotel','0004','2','repver.php?txtarchivo=clscatrepprehotel','O',83,76),
 ('Por Hotel II','0004','2','repver.php?txtarchivo=clscatreppatrocinadosconhotel','O',85,77),
 ('Sin Hotel','0004','2','repver.php?txtarchivo=clscatreppatrocinadossinhotel','O',86,78),
 ('Inscripciones','0004','1','','O',88,79),
 ('Todos los Inscritos','0004','2','repver.php?txtarchivo=clscatrepinscritos','O',63,80),
 ('Por Patrocinante','0004','2','repver.php?txtarchivo=clscatrepconpatrocinioinc','O',89,81),
 ('Por Hotel','0004','2','repver.php?txtarchivo=clscatrepinscritoshotel','O',92,82),
 ('Detalle Inscritos','0004','2','gevadetalleinscritos.php','O',94,83),
 ('Facturados','0004','1','repver.php?txtarchivo=clscatrepfacturados','O',64,84),
 ('Sin Facturar','0004','1','repver.php?txtarchivo=clscatrepsinfacturar','O',65,85),
 ('Papeleria','0004','1','','O',70,86),
 ('Certificados','0004','2','gevacertificados.php','O',71,87),
 ('Escarapelas','0004','2','gevaescarapelas.php','O',72,88),
 ('Escarapela Individual','0004','2','gevaescarapelaindividual.php','O',73,89),
 ('Resumenes','0004','1','','O',74,90),
 ('Presinscripciones','0004','2','','O',75,91),
 ('Por Estado','0004','3','repver.php?txtarchivo=clscatreppreinscritosporestado','O',76,92),
 ('Por Patrocinantes','0004','3','repver.php?txtarchivo=clscatrepprepatrocinados','O',81,93),
 ('Inscripciones','0004','2','','O',77,94),
 ('Por Estado','0004','3','repver.php?txtarchivo=clscatrepinscritosporestado','O',78,95),
 ('Resumenes Varios','0004','3','gevaresumenesinscritos.php','O',93,96),
 ('Cuadre Caja','0004','2','gevacuadre.php','O',87,97),
 ('Exportar','0004','1','gevaexportar.php','O',84,98),
 ('Inscripciones Tarjeta Cred.','0004','1','gevareportepagostarjeta.php','O',99,99),
 ('Preinscripciones','0004','1','','O',100,100),
 ('Con Patrocinio','0004','2','gevarpreinscripcionespatrocinio.php','O',101,101),
 ('Todos','0004','2','gevarpreinscripcionestodos.php','O',106,102),
 ('Por Usuario Patrocinante','0004','2','gevarpreinscripcionesusuariopatrocinante.php','O',108,103),
 ('Resumen Usuario P.','0004','2','gevarpreinscripcionesusuariopatrocinanteresumen.php','O',109,104),
 ('Usuarios Patrocinantes','0004','1','gevarusuariospatrocinantes.php','O',107,106),
 ('Tipo Inscripcion','0004','2','gevarpreinscripcionesusuariopatrocinantecodtippar.php','O',110,105);


--
-- Definition of table `segtdusuarios`
--

CREATE TABLE `segtdusuarios` (
  `logusu` varchar(10) NOT NULL,
  `codper` varchar(4) NOT NULL default '',
  PRIMARY KEY  (`logusu`,`codper`)
) ENGINE=InnoDB DEFAULT CHARSET=latin1;

--
-- Dumping data for table `segtdusuarios`
--

INSERT INTO `segtdusuarios` (`logusu`,`codper`) VALUES 
 ('123','0001'),
 ('123','0002'),
 ('123','0003'),
 ('123','0004'),
 ('123','0005'),
 ('123','0006'),
 ('321','0003'),
 ('cristina','0007'),
 ('glenis','0007'),
 ('marlene','0007'),
 ('miriam','0004'),
 ('pancho','0008'),
 ('rosa','0007'),
 ('usu01','0004'),
 ('usu02','0004'),
 ('usu03','0004'),
 ('usu04','0004'),
 ('usu05','0004'),
 ('usu06','0004'),
 ('usu07','0004'),
 ('usu08','0004');


--
-- Definition of table `smsmcmensajesmultiple`
--

CREATE TABLE `smsmcmensajesmultiple` (
  `codmenmul` varchar(10) NOT NULL,
  `fecmenmul` datetime NOT NULL,
  `cuemen` varchar(128) default NULL,
  `stajundir` varchar(1) NOT NULL,
  `stasvc` varchar(1) NOT NULL,
  `fecparenv` datetime NOT NULL,
  `codcap` varchar(10) NOT NULL,
  `codfil` varchar(10) NOT NULL,
  PRIMARY KEY  (`codmenmul`)
) ENGINE=InnoDB DEFAULT CHARSET=latin1;

--
-- Dumping data for table `smsmcmensajesmultiple`
--

INSERT INTO `smsmcmensajesmultiple` (`codmenmul`,`fecmenmul`,`cuemen`,`stajundir`,`stasvc`,`fecparenv`,`codcap`,`codfil`) VALUES 
 ('0000000001','2010-06-17 06:55:16','mensaje multiple jueves 17','N','N','2010-06-17 06:55:16','',''),
 ('0000000002','2010-06-17 09:52:12','Prueba para caja de Ahorro de Lara IUETAEB','N','N','2010-06-17 09:52:12','',''),
 ('0000000003','2010-06-25 10:08:55','prueba de lic Guiomar','N','N','2010-06-25 10:08:55','',''),
 ('0000000004','2010-09-07 01:35:39','nnhhyy','N','N','2010-09-07 01:35:39','',''),
 ('0000000005','2010-09-07 09:04:49','Pruebga para Damian','N','N','2010-09-07 09:04:49','',''),
 ('0000000006','2010-09-07 09:45:40','Mensaje para Mitze','N','N','2010-09-07 09:45:40','',''),
 ('0000000007','2010-09-15 16:05:53','Mensaje de prueba Carlos y Anahel','N','N','2010-09-15 16:05:53','',''),
 ('0000000008','2010-10-19 15:27:03','Prueba para Oscar y Alberto','N','N','2010-10-19 15:27:03','',''),
 ('0000000009','2011-01-12 14:55:45','ggdfdfdf ggggg','N','N','2011-01-12 14:55:45','',''),
 ('0000000010','2011-01-12 15:16:53','Otra Prueba','N','N','2011-01-12 15:16:53','',''),
 ('0000000011','2011-01-15 13:54:09','Otra priueba','N','N','2011-01-15 13:54:09','',''),
 ('0000000012','2011-01-26 15:36:30','mensaje masivo','N','N','2011-01-26 15:36:30','',''),
 ('0000000013','2011-01-26 16:28:08','Mensaje de preuba','N','N','2011-01-26 16:28:08','',''),
 ('0000000014','2011-02-10 19:25:28','cuento sms','N','N','2011-02-10 19:25:28','',''),
 ('0000000015','2011-02-23 11:43:30','Miercoles 23 febre prueba','N','N','2011-02-23 11:43:30','',''),
 ('0000000016','2011-04-07 15:07:45','Mensaje para Emilio','N','N','2011-04-07 15:07:45','',''),
 ('0000000017','2011-04-07 17:06:09','prueba para Ender. Le estoy mostrando el sistema de mensajes SMS','N','N','2011-04-07 17:06:09','',''),
 ('0000000018','2011-06-23 17:27:53','fff gsdfs dgf','N','N','2011-06-23 17:27:53','',''),
 ('0000000019','2011-06-24 10:03:18','Saludos a Todos los clientes','N','N','2011-06-24 10:03:18','',''),
 ('0000000020','2011-07-01 11:01:29','Saludos Alberto. Soy el profesor Pedro Luis de la UNA. En el siguiente mensaje te ennvio el URL para que bajes el ejemplo','N','N','2011-07-01 11:01:29','',''),
 ('0000000021','2011-07-01 11:03:01','http://dentrodelared.no-ip.info/bajalo/cursophp.rar','N','N','2011-07-01 11:03:01','',''),
 ('0000000022','2011-07-14 07:23:29','Saludos. Soy Pedro Luis de la cohorte 45. Mi numero es 04149579440. Diana informa que la parrilla sale en 25.','N','N','2011-07-14 07:23:29','',''),
 ('0000000023','2011-07-22 19:37:11','Saludos. Soy Pedro Luis. Cohorte 45. Numero 04149579440. Mañana en sala egresados. Donde siempre.','N','N','2011-07-14 07:23:29','',''),
 ('0000000024','2011-08-24 00:48:01','Otra Prueba','N','N','2011-08-24 00:48:01','',''),
 ('0000000025','2011-09-13 10:55:55','Prueba de Caracas','N','N','2011-09-13 10:55:55','','');


--
-- Definition of table `smsmdmensajesmultiple`
--

CREATE TABLE `smsmdmensajesmultiple` (
  `codmenmul` varchar(10) NOT NULL,
  `nummen` varchar(12) default NULL
) ENGINE=InnoDB DEFAULT CHARSET=latin1;

--
-- Dumping data for table `smsmdmensajesmultiple`
--

INSERT INTO `smsmdmensajesmultiple` (`codmenmul`,`nummen`) VALUES 
 ('0000000001','04149579392'),
 ('0000000001','04149579440'),
 ('0000000002','04166014277'),
 ('0000000002','04162513714'),
 ('0000000002','04161214923'),
 ('0000000002','04162513895'),
 ('0000000003','04245360067'),
 ('0000000003','04149579440'),
 ('0000000004','04149579940'),
 ('0000000005','04265585570'),
 ('0000000006','04163504485'),
 ('0000000007','04245655558'),
 ('0000000007','04126928820'),
 ('0000000007','04149579440'),
 ('0000000008','04168592554'),
 ('0000000008','04167517456'),
 ('0000000008','04149579440'),
 ('0000000009','04149579440'),
 ('0000000009','04166502806'),
 ('0000000010','04145511463'),
 ('0000000010','04166502806'),
 ('0000000011','04265163850'),
 ('0000000012','04145217531'),
 ('0000000013','04143513757'),
 ('0000000014','04244514419'),
 ('0000000014','04145791883'),
 ('0000000014','04245183449'),
 ('0000000015','04166288736'),
 ('0000000015','04125649235'),
 ('0000000015','04166286695'),
 ('0000000015','04164231565'),
 ('0000000015','04142838228'),
 ('0000000016','04143509199'),
 ('0000000016','04149579440'),
 ('0000000017','04166547434'),
 ('0000000017','04149579440'),
 ('0000000017','04166502806'),
 ('0000000018','04145247994'),
 ('0000000019','04166502022'),
 ('0000000019','04149579440'),
 ('0000000020','04162517856'),
 ('0000000020','04149579440'),
 ('0000000021','04162517856'),
 ('0000000021','04149579440'),
 ('0000000022','04245979160'),
 ('0000000022','04162505788'),
 ('0000000022','04167720431'),
 ('0000000022','04149579440'),
 ('0000000022','04145761548'),
 ('0000000022','04166561520'),
 ('0000000022','04124357950 '),
 ('0000000022','04167064029'),
 ('0000000022','04264581842'),
 ('0000000022','04245456802'),
 ('0000000022','04127857529'),
 ('0000000022','04245516907'),
 ('0000000022','04264505411'),
 ('0000000022','04149520579'),
 ('0000000022','04245510456'),
 ('0000000023','04245979160'),
 ('0000000023','04162505788'),
 ('0000000023','04167720431'),
 ('0000000023','04149579440'),
 ('0000000023','04145761548'),
 ('0000000023','04166561520'),
 ('0000000023','04124357950 '),
 ('0000000023','04167064029'),
 ('0000000023','04264581842'),
 ('0000000023','04245456802'),
 ('0000000023','04127857529'),
 ('0000000023','04245516907'),
 ('0000000023','04264505411'),
 ('0000000023','04149520579'),
 ('0000000023','04245510456'),
 ('0000000024','04123780581'),
 ('0000000024','04149579440'),
 ('0000000025','04166410360'),
 ('0000000025','04146135044'),
 ('0000000025','04241730209');


--
-- Definition of table `smsmdmensajesmultipletel`
--

CREATE TABLE `smsmdmensajesmultipletel` (
  `codmenmul` varchar(10) NOT NULL,
  `nummen` varchar(12) default NULL
) ENGINE=InnoDB DEFAULT CHARSET=latin1;

--
-- Dumping data for table `smsmdmensajesmultipletel`
--



--
-- Definition of table `smsmmensajes`
--

CREATE TABLE `smsmmensajes` (
  `codmen` varchar(10) NOT NULL default '0',
  `fecmen` datetime NOT NULL,
  `cuemen` varchar(128) NOT NULL,
  `nummen` varchar(12) NOT NULL,
  `stamen` varchar(1) NOT NULL,
  `motmen` varchar(1) NOT NULL,
  `fecenv` datetime NOT NULL,
  `fecparenv` datetime NOT NULL,
  PRIMARY KEY  (`codmen`)
) ENGINE=InnoDB DEFAULT CHARSET=latin1;

--
-- Dumping data for table `smsmmensajes`
--

INSERT INTO `smsmmensajes` (`codmen`,`fecmen`,`cuemen`,`nummen`,`stamen`,`motmen`,`fecenv`,`fecparenv`) VALUES 
 ('0000000001','2010-06-17 06:55:16','mensaje multiple jueves 17','04149579392','S','','2010-06-17 06:57:47','2010-06-17 06:55:16'),
 ('0000000002','2010-06-17 06:55:16','mensaje multiple jueves 17','04149579440','S','','2010-06-17 06:57:54','2010-06-17 06:55:16'),
 ('0000000003','2010-06-17 09:18:11','prueba','04166502806','S','1','2010-06-17 09:19:02','2010-06-17 09:18:11'),
 ('0000000004','2010-06-17 09:52:12','Prueba para caja de Ahorro de Lara IUETAEB','04166014277','S','','2010-06-17 09:53:05','2010-06-17 09:52:12'),
 ('0000000005','2010-06-17 09:52:12','Prueba para caja de Ahorro de Lara IUETAEB','04162513714','S','','2010-06-17 09:53:12','2010-06-17 09:52:12'),
 ('0000000006','2010-06-17 09:52:12','Prueba para caja de Ahorro de Lara IUETAEB','04161214923','S','','2010-06-17 09:53:18','2010-06-17 09:52:12'),
 ('0000000007','2010-06-17 09:52:12','Prueba para caja de Ahorro de Lara IUETAEB','04162513895','S','','2010-06-17 09:53:24','2010-06-17 09:52:12'),
 ('0000000008','2010-06-25 10:05:44','prueba demarco','04245360067','S','1','2010-06-25 10:05:57','2010-06-25 10:05:44'),
 ('0000000009','2010-06-25 10:08:55','prueba de lic Guiomar','04245360067','S','','2010-06-25 10:09:08','2010-06-25 10:08:55'),
 ('0000000010','2010-06-25 10:08:55','prueba de lic Guiomar','04149579440','S','','2010-06-25 10:09:14','2010-06-25 10:08:55'),
 ('0000000011','2010-09-07 00:50:54','prueba smms','04149579440','S','1','2010-09-07 01:34:30','2010-09-07 00:50:54'),
 ('0000000012','2010-09-07 01:35:39','nnhhyy','04149579940','S','','2010-09-07 01:36:49','2010-09-07 01:35:39'),
 ('0000000013','2010-09-07 09:04:49','Pruebga para Damian','04265585570','S','','2010-09-07 09:05:02','2010-09-07 09:04:49'),
 ('0000000014','2010-09-07 09:45:40','Mensaje para Mitze','04163504485','S','','2010-09-07 09:48:22','2010-09-07 09:45:40'),
 ('0000000015','2010-09-15 16:05:53','Mensaje de prueba Carlos y Anahel','04245655558','S','','2010-09-15 16:06:57','2010-09-15 16:05:53'),
 ('0000000016','2010-09-15 16:05:53','Mensaje de prueba Carlos y Anahel','04126928820','S','','2010-09-15 16:07:03','2010-09-15 16:05:53'),
 ('0000000017','2010-09-15 16:05:53','Mensaje de prueba Carlos y Anahel','04149579440','S','','2010-09-15 16:07:09','2010-09-15 16:05:53'),
 ('0000000018','2010-10-19 15:27:03','Prueba para Oscar y Alberto','04168592554','S','','2010-10-19 15:27:15','2010-10-19 15:27:03'),
 ('0000000019','2010-10-19 15:27:03','Prueba para Oscar y Alberto','04167517456','S','','2010-10-19 15:27:21','2010-10-19 15:27:03'),
 ('0000000020','2010-10-19 15:27:03','Prueba para Oscar y Alberto','04149579440','S','','2010-10-19 15:27:28','2010-10-19 15:27:03'),
 ('0000000021','2010-11-04 09:27:46','Prueba','04149579440','S','1','2010-11-04 09:30:27','2010-11-04 09:27:46'),
 ('0000000022','2010-11-04 09:28:05','Probando sms','04166502806','S','1','2010-11-04 09:30:33','2010-11-04 09:28:05'),
 ('0000000023','2011-01-12 14:52:51','prueba del sistema','04149579440','S','1','2011-01-12 14:54:44','2011-01-12 14:52:51'),
 ('0000000024','2011-01-12 14:55:45','ggdfdfdf ggggg','04149579440','S','','2011-01-12 14:57:56','2011-01-12 14:55:45'),
 ('0000000025','2011-01-12 14:55:45','ggdfdfdf ggggg','04166502806','S','','2011-01-12 14:58:02','2011-01-12 14:55:45'),
 ('0000000026','2011-01-12 15:06:56','prueba para poabncho','04145511463','S','1','2011-01-12 15:07:24','2011-01-12 15:06:56'),
 ('0000000027','2011-01-12 15:16:53','Otra Prueba','04145511463','S','','2011-01-12 15:19:51','2011-01-12 15:16:53'),
 ('0000000028','2011-01-12 15:16:53','Otra Prueba','04166502806','S','','2011-01-12 15:19:57','2011-01-12 15:16:53'),
 ('0000000029','2011-01-15 13:53:09','prueba para eduardo','04265163850','S','1','2011-01-15 13:55:08','2011-01-15 13:53:09'),
 ('0000000030','2011-01-15 13:54:09','Otra priueba','04265163850','S','','2011-01-15 13:55:02','2011-01-15 13:54:09'),
 ('0000000031','2011-01-26 15:24:54','prueba miercolesw','04166502806','S','1','2011-01-26 15:26:49','2011-01-26 15:24:54'),
 ('0000000032','2011-01-26 15:34:32','Prueba','04166510640','S','1','2011-01-26 15:36:11','2011-01-26 15:34:32'),
 ('0000000033','2011-01-26 15:34:53','Otra prueba','04145217531','S','1','2011-01-26 15:36:17','2011-01-26 15:34:53'),
 ('0000000034','2011-01-26 15:36:30','mensaje masivo','04145217531','S','','2011-01-26 15:39:29','2011-01-26 15:36:30'),
 ('0000000035','2011-01-26 16:28:08','Mensaje de preuba','04143513757','S','','2011-01-26 16:28:59','2011-01-26 16:28:08'),
 ('0000000036','2011-02-10 19:18:44','la nova','04245183449','S','1','2011-02-10 19:21:04','2011-02-10 19:18:44'),
 ('0000000037','2011-02-10 19:25:28','cuento sms','04244514419','S','','2011-02-10 19:27:21','2011-02-10 19:25:28'),
 ('0000000038','2011-02-10 19:25:28','cuento sms','04145791883','S','','2011-02-10 19:27:27','2011-02-10 19:25:28'),
 ('0000000039','2011-02-10 19:25:28','cuento sms','04245183449','S','','2011-02-10 19:27:34','2011-02-10 19:25:28'),
 ('0000000040','2011-02-23 11:04:41','prueba','04149579440','S','1','2011-02-23 11:06:45','2011-02-23 11:04:41'),
 ('0000000041','2011-02-23 11:43:30','Miercoles 23 febre prueba','04166288736','S','','2011-02-23 11:43:54','2011-02-23 11:43:30'),
 ('0000000042','2011-02-23 11:43:30','Miercoles 23 febre prueba','04125649235','S','','2011-02-23 11:44:00','2011-02-23 11:43:30'),
 ('0000000043','2011-02-23 11:43:30','Miercoles 23 febre prueba','04166286695','S','','2011-02-23 11:44:06','2011-02-23 11:43:30'),
 ('0000000044','2011-02-23 11:43:30','Miercoles 23 febre prueba','04164231565','S','','2011-02-23 11:44:13','2011-02-23 11:43:30'),
 ('0000000045','2011-02-23 11:43:30','Miercoles 23 febre prueba','04142838228','S','','2011-02-23 11:44:19','2011-02-23 11:43:30'),
 ('0000000046','2011-04-07 15:07:45','Mensaje para Emilio','04143509199','S','','2011-04-07 15:08:36','2011-04-07 15:07:45'),
 ('0000000047','2011-04-07 15:07:45','Mensaje para Emilio','04149579440','S','','2011-04-07 15:08:42','2011-04-07 15:07:45'),
 ('0000000048','2011-04-07 17:06:09','prueba para Ender. Le estoy mostrando el sistema de mensajes SMS','04166547434','S','','2011-04-07 17:09:14','2011-04-07 17:06:09'),
 ('0000000049','2011-04-07 17:06:09','prueba para Ender. Le estoy mostrando el sistema de mensajes SMS','04149579440','S','','2011-04-07 17:09:20','2011-04-07 17:06:09'),
 ('0000000050','2011-04-07 17:06:09','prueba para Ender. Le estoy mostrando el sistema de mensajes SMS','04166502806','S','','2011-04-07 17:09:26','2011-04-07 17:06:09'),
 ('0000000051','2011-04-13 11:49:03','prueba','04149579440','S','1','2011-04-13 11:51:14','2011-04-13 11:49:03'),
 ('0000000052','2011-06-23 17:26:56','prueba para  Mileny','04145247994','S','1','2011-06-23 17:28:45','2011-06-23 17:26:56'),
 ('0000000053','2011-06-23 17:27:53','fff gsdfs dgf','04145247994','S','','2011-06-23 17:28:39','2011-06-23 17:27:53'),
 ('0000000054','2011-06-24 10:00:03','Epale Elizer','04166502022','S','1','2011-06-24 10:01:32','2011-06-24 10:00:03'),
 ('0000000055','2011-06-24 10:03:18','Saludos a Todos los clientes','04166502022','S','','2011-06-24 10:04:44','2011-06-24 10:03:18'),
 ('0000000056','2011-06-24 10:03:18','Saludos a Todos los clientes','04149579440','S','','2011-06-24 10:04:50','2011-06-24 10:03:18'),
 ('0000000057','2011-07-01 11:01:29','Saludos Alberto. Soy el profesor Pedro Luis de la UNA. En el siguiente mensaje te ennvio el URL para que bajes el ejemplo','04162517856','S','','2011-07-01 11:01:51','2011-07-01 11:01:29'),
 ('0000000058','2011-07-01 11:01:29','Saludos Alberto. Soy el profesor Pedro Luis de la UNA. En el siguiente mensaje te ennvio el URL para que bajes el ejemplo','04149579440','S','','2011-07-01 11:01:57','2011-07-01 11:01:29'),
 ('0000000059','2011-07-01 11:03:01','http://dentrodelared.no-ip.info/bajalo/cursophp.rar','04162517856','S','','2011-07-01 11:05:09','2011-07-01 11:03:01'),
 ('0000000060','2011-07-01 11:03:01','http://dentrodelared.no-ip.info/bajalo/cursophp.rar','04149579440','S','','2011-07-01 11:05:15','2011-07-01 11:03:01'),
 ('0000000061','2011-07-14 07:23:29','Saludos. Soy Pedro Luis de la cohorte 45. Mi numero es 04149579440. Diana informa que la parrilla sale en 25.','04245979160','S','','2011-07-14 07:25:39','2011-07-14 07:23:29'),
 ('0000000062','2011-07-14 07:23:29','Saludos. Soy Pedro Luis de la cohorte 45. Mi numero es 04149579440. Diana informa que la parrilla sale en 25.','04162505788','S','','2011-07-14 07:25:45','2011-07-14 07:23:29'),
 ('0000000063','2011-07-14 07:23:29','Saludos. Soy Pedro Luis de la cohorte 45. Mi numero es 04149579440. Diana informa que la parrilla sale en 25.','04167720431','S','','2011-07-14 07:25:51','2011-07-14 07:23:29'),
 ('0000000064','2011-07-14 07:23:29','Saludos. Soy Pedro Luis de la cohorte 45. Mi numero es 04149579440. Diana informa que la parrilla sale en 25.','04149579440','S','','2011-07-14 07:25:57','2011-07-14 07:23:29'),
 ('0000000065','2011-07-14 07:23:29','Saludos. Soy Pedro Luis de la cohorte 45. Mi numero es 04149579440. Diana informa que la parrilla sale en 25.','04145761548','S','','2011-07-14 07:26:04','2011-07-14 07:23:29'),
 ('0000000066','2011-07-14 07:23:29','Saludos. Soy Pedro Luis de la cohorte 45. Mi numero es 04149579440. Diana informa que la parrilla sale en 25.','04166561520','S','','2011-07-14 07:26:10','2011-07-14 07:23:29'),
 ('0000000067','2011-07-14 07:23:29','Saludos. Soy Pedro Luis de la cohorte 45. Mi numero es 04149579440. Diana informa que la parrilla sale en 25.','04124357950 ','S','','2011-07-14 07:26:16','2011-07-14 07:23:29'),
 ('0000000068','2011-07-14 07:23:29','Saludos. Soy Pedro Luis de la cohorte 45. Mi numero es 04149579440. Diana informa que la parrilla sale en 25.','04167064029','S','','2011-07-14 07:26:23','2011-07-14 07:23:29'),
 ('0000000069','2011-07-14 07:23:29','Saludos. Soy Pedro Luis de la cohorte 45. Mi numero es 04149579440. Diana informa que la parrilla sale en 25.','04264581842','S','','2011-07-14 07:26:29','2011-07-14 07:23:29'),
 ('0000000070','2011-07-14 07:23:29','Saludos. Soy Pedro Luis de la cohorte 45. Mi numero es 04149579440. Diana informa que la parrilla sale en 25.','04245456802','S','','2011-07-14 07:26:35','2011-07-14 07:23:29'),
 ('0000000071','2011-07-14 07:23:29','Saludos. Soy Pedro Luis de la cohorte 45. Mi numero es 04149579440. Diana informa que la parrilla sale en 25.','04127857529','S','','2011-07-14 07:26:41','2011-07-14 07:23:29'),
 ('0000000072','2011-07-14 07:23:29','Saludos. Soy Pedro Luis de la cohorte 45. Mi numero es 04149579440. Diana informa que la parrilla sale en 25.','04245516907','S','','2011-07-14 07:26:48','2011-07-14 07:23:29'),
 ('0000000073','2011-07-14 07:23:29','Saludos. Soy Pedro Luis de la cohorte 45. Mi numero es 04149579440. Diana informa que la parrilla sale en 25.','04264505411','S','','2011-07-14 07:26:54','2011-07-14 07:23:29'),
 ('0000000074','2011-07-14 07:23:29','Saludos. Soy Pedro Luis de la cohorte 45. Mi numero es 04149579440. Diana informa que la parrilla sale en 25.','04149520579','S','','2011-07-14 07:27:00','2011-07-14 07:23:29'),
 ('0000000075','2011-07-14 07:23:29','Saludos. Soy Pedro Luis de la cohorte 45. Mi numero es 04149579440. Diana informa que la parrilla sale en 25.','04245510456','S','','2011-07-14 07:27:06','2011-07-14 07:23:29'),
 ('0000000076','2011-07-19 09:41:40','Administrador de contenido para profesor. Entra con mi clave:\n','04166502806','S','1','2011-07-19 09:43:01','2011-07-19 09:41:40'),
 ('0000000077','2011-07-19 09:42:00','usuario: plrf  clave: 123','04166502806','S','1','2011-07-19 09:43:07','2011-07-19 09:42:00'),
 ('0000000078','2011-07-19 09:42:16','http://www.unalaraweb.host22.com/unalara/acceso/segaacceso.php','04166502806','S','1','2011-07-19 09:43:14','2011-07-19 09:42:16'),
 ('0000000079','2011-07-19 09:46:16','Para el administrador de contenido del portal usuario: 1234  clave: 4321','04166502806','S','1','2011-07-19 09:46:25','2011-07-19 09:46:16'),
 ('0000000080','2011-07-19 09:46:25','http://www.unalaraweb.host22.com/unalara/cms/svcaacceso.php','04166502806','S','1','2011-07-19 09:49:37','2011-07-19 09:46:25'),
 ('0000000081','2011-07-19 09:51:19','avisame si te llego todo','04166502806','S','1','2011-07-19 09:52:48','2011-07-19 09:51:19'),
 ('0000000082','2011-07-22 19:37:11','Saludos. Soy Pedro Luis. Cohorte 45. Numero 04149579440. Mañana en sala egresados. Donde siempre.','04245979160','S','','2011-07-22 21:45:05','2011-07-22 19:37:11'),
 ('0000000083','2011-07-22 19:37:11','Saludos. Soy Pedro Luis. Cohorte 45. Numero 04149579440. Mañana en sala egresados. Donde siempre.','04162505788','S','','2011-07-22 21:45:12','2011-07-22 19:37:11'),
 ('0000000084','2011-07-22 19:37:11','Saludos. Soy Pedro Luis. Cohorte 45. Numero 04149579440. Mañana en sala egresados. Donde siempre.','04167720431','S','','2011-07-22 21:45:18','2011-07-22 19:37:11'),
 ('0000000085','2011-07-22 19:37:11','Saludos. Soy Pedro Luis. Cohorte 45. Numero 04149579440. Mañana en sala egresados. Donde siempre.','04149579440','S','','2011-07-22 21:45:25','2011-07-22 19:37:11'),
 ('0000000086','2011-07-22 19:37:11','Saludos. Soy Pedro Luis. Cohorte 45. Numero 04149579440. Mañana en sala egresados. Donde siempre.','04145761548','S','','2011-07-22 21:45:31','2011-07-22 19:37:11'),
 ('0000000087','2011-07-22 19:37:11','Saludos. Soy Pedro Luis. Cohorte 45. Numero 04149579440. Mañana en sala egresados. Donde siempre.','04166561520','S','','2011-07-22 21:45:37','2011-07-22 19:37:11'),
 ('0000000088','2011-07-22 19:37:11','Saludos. Soy Pedro Luis. Cohorte 45. Numero 04149579440. Mañana en sala egresados. Donde siempre.','04124357950 ','S','','2011-07-22 21:45:44','2011-07-22 19:37:11'),
 ('0000000089','2011-07-22 19:37:11','Saludos. Soy Pedro Luis. Cohorte 45. Numero 04149579440. Mañana en sala egresados. Donde siempre.','04167064029','S','','2011-07-22 21:45:50','2011-07-22 19:37:11'),
 ('0000000090','2011-07-22 19:37:11','Saludos. Soy Pedro Luis. Cohorte 45. Numero 04149579440. Mañana en sala egresados. Donde siempre.','04264581842','S','','2011-07-22 21:45:56','2011-07-22 19:37:11'),
 ('0000000091','2011-07-22 19:37:11','Saludos. Soy Pedro Luis. Cohorte 45. Numero 04149579440. Mañana en sala egresados. Donde siempre.','04245456802','S','','2011-07-22 21:46:02','2011-07-22 19:37:11'),
 ('0000000092','2011-07-22 19:37:11','Saludos. Soy Pedro Luis. Cohorte 45. Numero 04149579440. Mañana en sala egresados. Donde siempre.','04127857529','S','','2011-07-22 21:46:09','2011-07-22 19:37:11'),
 ('0000000093','2011-07-22 19:37:11','Saludos. Soy Pedro Luis. Cohorte 45. Numero 04149579440. Mañana en sala egresados. Donde siempre.','04245516907','S','','2011-07-22 21:46:15','2011-07-22 19:37:11'),
 ('0000000094','2011-07-22 19:37:11','Saludos. Soy Pedro Luis. Cohorte 45. Numero 04149579440. Mañana en sala egresados. Donde siempre.','04264505411','S','','2011-07-22 21:46:21','2011-07-22 19:37:11'),
 ('0000000095','2011-07-22 19:37:11','Saludos. Soy Pedro Luis. Cohorte 45. Numero 04149579440. Mañana en sala egresados. Donde siempre.','04149520579','S','','2011-07-22 21:46:28','2011-07-22 19:37:11'),
 ('0000000096','2011-07-22 19:37:11','Saludos. Soy Pedro Luis. Cohorte 45. Numero 04149579440. Mañana en sala egresados. Donde siempre.','04245510456','S','','2011-07-22 21:46:34','2011-07-22 19:37:11'),
 ('0000000097','2011-08-24 00:46:50','prueba Franco martes','04123780581','S','1','2011-08-24 00:48:59','2011-08-24 00:46:50'),
 ('0000000098','2011-08-24 00:48:01','Otra Prueba','04123780581','S','','2011-08-24 00:48:46','2011-08-24 00:48:01'),
 ('0000000099','2011-08-24 00:48:01','Otra Prueba','04149579440','S','','2011-08-24 00:48:52','2011-08-24 00:48:01'),
 ('0000000100','2011-09-13 08:12:53','prueba caracas','04166502806','S','1','2011-09-13 08:15:33','2011-09-13 08:12:53'),
 ('0000000101','2011-09-13 10:55:55','Prueba de Caracas','04166410360','S','','2011-09-13 10:56:11','2011-09-13 10:55:55'),
 ('0000000102','2011-09-13 10:55:55','Prueba de Caracas','04146135044','S','','2011-09-13 10:56:17','2011-09-13 10:55:55'),
 ('0000000103','2011-09-13 10:55:55','Prueba de Caracas','04241730209','S','','2011-09-13 10:56:23','2011-09-13 10:55:55');


--
-- Definition of table `svcpanunciantes`
--

CREATE TABLE `svcpanunciantes` (
  `codanu` varchar(100) NOT NULL default '',
  `nomarc` varchar(50) default NULL,
  `tiparc` varchar(50) default NULL,
  `tamarc` int(11) default NULL,
  `datarc` longblob,
  `fecarc` datetime default NULL,
  PRIMARY KEY  (`codanu`(10))
) ENGINE=InnoDB DEFAULT CHARSET=latin1;

--
-- Dumping data for table `svcpanunciantes`
--



--
-- Definition of table `svcparticulos`
--

CREATE TABLE `svcparticulos` (
  `nompdf` varchar(50) default NULL,
  `tippdf` varchar(20) default NULL,
  `tampdf` int(11) default NULL,
  `datpdf` longblob,
  `codart` varchar(100) default NULL,
  `fecpdf` datetime NOT NULL
) ENGINE=InnoDB DEFAULT CHARSET=latin1;

--
-- Dumping data for table `svcparticulos`
--



--
-- Definition of table `svcpasociados`
--

CREATE TABLE `svcpasociados` (
  `nomfot` varchar(50) default NULL,
  `tipfot` varchar(20) default NULL,
  `tamfot` int(11) default NULL,
  `datfot` longblob,
  `codaso` varchar(100) default NULL,
  `fecfot` datetime NOT NULL
) ENGINE=InnoDB DEFAULT CHARSET=latin1;

--
-- Dumping data for table `svcpasociados`
--



--
-- Definition of table `svcpcapitulos`
--

CREATE TABLE `svcpcapitulos` (
  `codcap` varchar(100) NOT NULL default '',
  `nomfot` varchar(50) NOT NULL,
  `tipfot` varchar(20) NOT NULL,
  `tamfot` int(11) NOT NULL,
  `datfot` longblob NOT NULL,
  `fecfot` datetime NOT NULL,
  PRIMARY KEY  (`codcap`(10))
) ENGINE=InnoDB DEFAULT CHARSET=latin1;

--
-- Dumping data for table `svcpcapitulos`
--



--
-- Definition of table `svcpcapitulospub`
--

CREATE TABLE `svcpcapitulospub` (
  `nompdf` varchar(50) default NULL,
  `tippdf` varchar(20) default NULL,
  `tampdf` int(11) default NULL,
  `datpdf` longblob,
  `codpubcap` varchar(100) default NULL,
  `fecpdf` datetime NOT NULL
) ENGINE=InnoDB DEFAULT CHARSET=latin1;

--
-- Dumping data for table `svcpcapitulospub`
--



--
-- Definition of table `svcpdavancescardiologicos`
--

CREATE TABLE `svcpdavancescardiologicos` (
  `codava` varchar(10) default NULL,
  `nompdf` varchar(50) default NULL,
  `tippdf` varchar(20) default NULL,
  `tampdf` int(11) default NULL,
  `datpdf` longblob,
  `despdf` text,
  `numfil` int(11) NOT NULL,
  `codavatmp` varchar(100) NOT NULL,
  `fecpdf` date NOT NULL
) ENGINE=InnoDB DEFAULT CHARSET=latin1;

--
-- Dumping data for table `svcpdavancescardiologicos`
--

INSERT INTO `svcpdavancescardiologicos` (`codava`,`nompdf`,`tippdf`,`tampdf`,`datpdf`,`despdf`,`numfil`,`codavatmp`,`fecpdf`) VALUES 
 ('0000000018','sumario.pdf','application/pdf',30488,0x[encoded data, 83444 characters],NULL,0,'CFhDfHDFbgDEBhaBCchbAcBAbhbbBfcaFdACbGdAEeBBhcbfDabEbbcgBFaCFAFadBEAAegCBbbeBFfbHfHGfHhEdCDbEbcAFfDF','2008-04-30'),
 ('0000000018','editorial.pdf','application/pdf',11829,0x[encoded data, 32376 characters],NULL,1,'CFhDfHDFbgDEBhaBCchbAcBAbhbbBfcaFdACbGdAEeBBhcbfDabEbbcgBFaCFAFadBEAAegCBbbeBFfbHfHGfHhEdCDbEbcAFfDF','2008-04-30');
INSERT INTO `svcpdavancescardiologicos` (`codava`,`nompdf`,`tippdf`,`tampdf`,`datpdf`,`despdf`,`numfil`,`codavatmp`,`fecpdf`) VALUES 
 ('0000000018','flores.pdf','application/pdf',28409,0x[encoded data, 77756 characters],NULL,2,'CFhDfHDFbgDEBhaBCchbAcBAbhbbBfcaFdACbGdAEeBBhcbfDabEbbcgBFaCFAFadBEAAegCBbbeBFfbHfHGfHhEdCDbEbcAFfDF','2008-04-30'),
 ('0000000018','matheus.pdf','application/pdf',40804,0x[encoded data, 92534 characters]