# phpMyAdmin SQL Dump
# version 2.5.6
# http://www.phpmyadmin.net
#
# Servidor: localhost
# Tiempo de generación: 17-12-2007 a las 00:35:39
# Versión del servidor: 5.0.6
# Versión de PHP: 5.0.5
# 
# Base de datos : `seguridad`
# 

# --------------------------------------------------------

#
# Estructura de tabla para la tabla `segtcargosusuarios`
#

CREATE TABLE `segtcargosusuarios` (
  `codcar` varchar(3) NOT NULL,
  `nomcar` varchar(30) NOT NULL,
  PRIMARY KEY  (`codcar`)
) ENGINE=InnoDB DEFAULT CHARSET=latin1;

#
# Volcar la base de datos para la tabla `segtcargosusuarios`
#

INSERT INTO `segtcargosusuarios` VALUES ('001', 'Vendedor');
INSERT INTO `segtcargosusuarios` VALUES ('002', 'Gerente');

# --------------------------------------------------------

#
# Estructura de tabla para la tabla `segtcperfilesusuarios`
#

CREATE TABLE `segtcperfilesusuarios` (
  `codper` varchar(4) NOT NULL default '',
  `nomper` varchar(45) NOT NULL,
  `codsis` varchar(10) NOT NULL,
  PRIMARY KEY  (`codper`)
) ENGINE=InnoDB DEFAULT CHARSET=latin1;

#
# Volcar la base de datos para la tabla `segtcperfilesusuarios`
#

INSERT INTO `segtcperfilesusuarios` VALUES ('0002', 'Operador', '0001');
INSERT INTO `segtcperfilesusuarios` VALUES ('0003', 'Perfil Administrador', '0002');
INSERT INTO `segtcperfilesusuarios` VALUES ('0004', 'Perfil Operador', '0002');

# --------------------------------------------------------

#
# Estructura de tabla para la tabla `segtcsistemas`
#

CREATE TABLE `segtcsistemas` (
  `codsis` varchar(4) NOT NULL default '',
  `nomsis` varchar(50) NOT NULL,
  `pagini` varchar(50) NOT NULL,
  `nomcar` varchar(50) default NULL,
  PRIMARY KEY  (`codsis`)
) ENGINE=InnoDB DEFAULT CHARSET=latin1;

#
# Volcar la base de datos para la tabla `segtcsistemas`
#

INSERT INTO `segtcsistemas` VALUES ('0001', 'Seguridad', 'segaprincipal.php', 'seguridad');
INSERT INTO `segtcsistemas` VALUES ('0002', 'Contralo', 'conaprincipal.php', 'contralo');

# --------------------------------------------------------

#
# Estructura de tabla para la tabla `segtcusuarios`
#

CREATE TABLE `segtcusuarios` (
  `logusu` varchar(10) NOT NULL,
  `pasusu` varchar(100) NOT NULL,
  `nomusu` varchar(25) NOT NULL,
  `apeusu` varchar(25) NOT NULL,
  `codcar` varchar(3) NOT NULL,
  PRIMARY KEY  (`logusu`)
) ENGINE=InnoDB DEFAULT CHARSET=latin1;

#
# Volcar la base de datos para la tabla `segtcusuarios`
#

INSERT INTO `segtcusuarios` VALUES ('123', 'caf1a3dfb505ffed0d024130f58c5cfa', 'juan', 'perez', '002');

# --------------------------------------------------------

#
# Estructura de tabla para la tabla `segtdperfilesusuarios`
#

CREATE TABLE `segtdperfilesusuarios` (
  `codper` varchar(4) default NULL,
  `codopc` int(11) default NULL,
  `staopc` varchar(1) default NULL
) ENGINE=InnoDB DEFAULT CHARSET=latin1;

#
# Volcar la base de datos para la tabla `segtdperfilesusuarios`
#

INSERT INTO `segtdperfilesusuarios` VALUES ('0002', 2, 'S');
INSERT INTO `segtdperfilesusuarios` VALUES ('0002', 3, 'S');
INSERT INTO `segtdperfilesusuarios` VALUES ('0002', 4, 'S');
INSERT INTO `segtdperfilesusuarios` VALUES ('0002', 5, 'S');
INSERT INTO `segtdperfilesusuarios` VALUES ('0002', 6, 'N');
INSERT INTO `segtdperfilesusuarios` VALUES ('0004', 1, 'S');
INSERT INTO `segtdperfilesusuarios` VALUES ('0004', 2, 'S');
INSERT INTO `segtdperfilesusuarios` VALUES ('0004', 3, 'S');
INSERT INTO `segtdperfilesusuarios` VALUES ('0004', 4, 'S');
INSERT INTO `segtdperfilesusuarios` VALUES ('0004', 5, 'N');
INSERT INTO `segtdperfilesusuarios` VALUES ('0004', 6, 'N');
INSERT INTO `segtdperfilesusuarios` VALUES ('0004', 7, 'N');
INSERT INTO `segtdperfilesusuarios` VALUES ('0004', 8, 'N');
INSERT INTO `segtdperfilesusuarios` VALUES ('0004', 9, 'N');
INSERT INTO `segtdperfilesusuarios` VALUES ('0004', 10, 'S');
INSERT INTO `segtdperfilesusuarios` VALUES ('0004', 11, 'S');
INSERT INTO `segtdperfilesusuarios` VALUES ('0004', 12, 'S');
INSERT INTO `segtdperfilesusuarios` VALUES ('0004', 13, 'N');
INSERT INTO `segtdperfilesusuarios` VALUES ('0004', 14, 'N');
INSERT INTO `segtdperfilesusuarios` VALUES ('0004', 15, 'N');
INSERT INTO `segtdperfilesusuarios` VALUES ('0004', 16, 'N');
INSERT INTO `segtdperfilesusuarios` VALUES ('0004', 17, 'N');
INSERT INTO `segtdperfilesusuarios` VALUES ('0005', 1, 'S');
INSERT INTO `segtdperfilesusuarios` VALUES ('0005', 2, 'S');
INSERT INTO `segtdperfilesusuarios` VALUES ('0005', 3, 'S');
INSERT INTO `segtdperfilesusuarios` VALUES ('0005', 4, 'N');
INSERT INTO `segtdperfilesusuarios` VALUES ('0003', 1, 'S');
INSERT INTO `segtdperfilesusuarios` VALUES ('0003', 2, 'S');
INSERT INTO `segtdperfilesusuarios` VALUES ('0003', 3, 'S');
INSERT INTO `segtdperfilesusuarios` VALUES ('0003', 4, 'S');
INSERT INTO `segtdperfilesusuarios` VALUES ('0003', 5, 'S');
INSERT INTO `segtdperfilesusuarios` VALUES ('0003', 6, 'S');
INSERT INTO `segtdperfilesusuarios` VALUES ('0003', 7, 'S');
INSERT INTO `segtdperfilesusuarios` VALUES ('0003', 8, 'S');
INSERT INTO `segtdperfilesusuarios` VALUES ('0003', 9, 'S');
INSERT INTO `segtdperfilesusuarios` VALUES ('0003', 10, 'S');
INSERT INTO `segtdperfilesusuarios` VALUES ('0003', 11, 'S');
INSERT INTO `segtdperfilesusuarios` VALUES ('0003', 12, 'S');
INSERT INTO `segtdperfilesusuarios` VALUES ('0003', 13, 'S');
INSERT INTO `segtdperfilesusuarios` VALUES ('0003', 14, 'S');
INSERT INTO `segtdperfilesusuarios` VALUES ('0003', 15, 'S');
INSERT INTO `segtdperfilesusuarios` VALUES ('0003', 16, 'S');
INSERT INTO `segtdperfilesusuarios` VALUES ('0003', 17, 'S');
INSERT INTO `segtdperfilesusuarios` VALUES ('0003', 18, 'S');
INSERT INTO `segtdperfilesusuarios` VALUES ('0003', 19, 'S');
INSERT INTO `segtdperfilesusuarios` VALUES ('0003', 20, 'S');
INSERT INTO `segtdperfilesusuarios` VALUES ('0003', 21, 'S');
INSERT INTO `segtdperfilesusuarios` VALUES ('0003', 22, 'S');
INSERT INTO `segtdperfilesusuarios` VALUES ('0003', 23, 'S');
INSERT INTO `segtdperfilesusuarios` VALUES ('0003', 24, 'S');
INSERT INTO `segtdperfilesusuarios` VALUES ('0003', 25, 'S');
INSERT INTO `segtdperfilesusuarios` VALUES ('0003', 14, 'S');
INSERT INTO `segtdperfilesusuarios` VALUES ('0003', 15, 'S');
INSERT INTO `segtdperfilesusuarios` VALUES ('0003', 16, 'S');
INSERT INTO `segtdperfilesusuarios` VALUES ('0003', 17, 'S');

# --------------------------------------------------------

#
# Estructura de tabla para la tabla `segtdsistemas`
#

CREATE TABLE `segtdsistemas` (
  `desopc` varchar(45) NOT NULL,
  `codsis` varchar(4) default NULL,
  `nivopc` varchar(10) default NULL,
  `pagopc` varchar(30) default NULL,
  `tipopc` varchar(1) NOT NULL,
  `codopc` int(11) NOT NULL,
  `numfil` int(11) NOT NULL
) ENGINE=InnoDB DEFAULT CHARSET=latin1;

#
# Volcar la base de datos para la tabla `segtdsistemas`
#

INSERT INTO `segtdsistemas` VALUES ('Archivo', '0001', '0', '', 'M', 2, 0);
INSERT INTO `segtdsistemas` VALUES ('Alumnos', '0001', '1', 'alumnos.php', 'O', 3, 1);
INSERT INTO `segtdsistemas` VALUES ('Incluir', '0001', '2', '', 'B', 4, 2);
INSERT INTO `segtdsistemas` VALUES ('Modificar', '0001', '2', '', 'B', 5, 3);
INSERT INTO `segtdsistemas` VALUES ('Eliminar', '0001', '2', '', 'B', 6, 4);
INSERT INTO `segtdsistemas` VALUES ('Definiciones', '0002', '0', '', 'M', 1, 0);
INSERT INTO `segtdsistemas` VALUES ('Materiales', '0002', '1', 'conamateriales.php', 'O', 2, 1);
INSERT INTO `segtdsistemas` VALUES ('Incluir', '0002', '2', '', 'B', 3, 2);
INSERT INTO `segtdsistemas` VALUES ('Modificar', '0002', '2', '', 'B', 4, 3);
INSERT INTO `segtdsistemas` VALUES ('Eliminar', '0002', '2', '', 'B', 5, 4);
INSERT INTO `segtdsistemas` VALUES ('Mano de Obra', '0002', '1', 'conamanodeobra.php', 'O', 6, 5);
INSERT INTO `segtdsistemas` VALUES ('Incluir', '0002', '2', '', 'B', 7, 6);
INSERT INTO `segtdsistemas` VALUES ('Modificar', '0002', '2', '', 'B', 8, 7);
INSERT INTO `segtdsistemas` VALUES ('Eliminar', '0002', '2', '', 'B', 9, 8);
INSERT INTO `segtdsistemas` VALUES ('Equipos', '0002', '1', 'conaequipos.php', 'O', 10, 9);
INSERT INTO `segtdsistemas` VALUES ('Incluir', '0002', '2', '', 'B', 11, 10);
INSERT INTO `segtdsistemas` VALUES ('Modificar', '0002', '2', '', 'B', 12, 11);
INSERT INTO `segtdsistemas` VALUES ('Eliminar', '0002', '2', '', 'B', 13, 12);
INSERT INTO `segtdsistemas` VALUES ('Materiales Compuestos', '0002', '1', 'conamaterialescompuestos.php', 'O', 14, 13);
INSERT INTO `segtdsistemas` VALUES ('Incluir', '0002', '2', '', 'B', 15, 14);
INSERT INTO `segtdsistemas` VALUES ('Modificar', '0002', '2', '', 'B', 16, 15);
INSERT INTO `segtdsistemas` VALUES ('Eliminar', '0002', '2', '', 'B', 17, 16);
INSERT INTO `segtdsistemas` VALUES ('Equipos Compuestos', '0002', '1', 'conaequiposcompuestos.php', 'O', 18, 17);
INSERT INTO `segtdsistemas` VALUES ('Incluir', '0002', '2', '', 'B', 19, 18);
INSERT INTO `segtdsistemas` VALUES ('Modificar', '0002', '2', '', 'B', 20, 19);
INSERT INTO `segtdsistemas` VALUES ('Eliminar', '0002', '2', '', 'B', 21, 20);
INSERT INTO `segtdsistemas` VALUES ('Mano Obra Compuesta', '0002', '1', 'conamanodeobracompuestas.php', 'O', 22, 21);
INSERT INTO `segtdsistemas` VALUES ('Incluir', '0002', '2', '', 'B', 23, 22);
INSERT INTO `segtdsistemas` VALUES ('Modificar', '0002', '2', '', 'B', 24, 23);
INSERT INTO `segtdsistemas` VALUES ('Eliminar', '0002', '2', '', 'B', 25, 24);
INSERT INTO `segtdsistemas` VALUES ('Salir', '0002', '1', 'salir.php', 'O', 14, 25);
INSERT INTO `segtdsistemas` VALUES ('Procesos', '0002', '0', '', 'M', 15, 26);
INSERT INTO `segtdsistemas` VALUES ('Obras', '0002', '1', 'obras.php', 'O', 16, 27);
INSERT INTO `segtdsistemas` VALUES ('Reportes', '0002', '0', '', 'M', 17, 28);

# --------------------------------------------------------

#
# Estructura de tabla para la tabla `segtdusuarios`
#

CREATE TABLE `segtdusuarios` (
  `logusu` varchar(10) NOT NULL,
  `codper` varchar(4) NOT NULL default '',
  PRIMARY KEY  (`logusu`,`codper`)
) ENGINE=InnoDB DEFAULT CHARSET=latin1;

#
# Volcar la base de datos para la tabla `segtdusuarios`
#

INSERT INTO `segtdusuarios` VALUES ('123', '0002');
INSERT INTO `segtdusuarios` VALUES ('123', '0003');
